-- Table structure for table `wpt8_aio_login_login_attempts`
--

CREATE TABLE `wpt8_aio_login_login_attempts` (
  `id` bigint(20) NOT NULL AUTO_INCREMENT,
  `user_login` varchar(255) NOT NULL,
  `ip_address` varchar(255) NOT NULL,
  `country` varchar(255) NOT NULL,
  `city` varchar(255) NOT NULL,
  `time` varchar(255) NOT NULL,
  `user_agent` varchar(255) NOT NULL,
  `status` varchar(255) NOT NULL DEFAULT '',
  PRIMARY KEY (`id`)
) ENGINE=InnoDB DEFAULT CHARSET=utf8mb4 COLLATE=utf8mb4_unicode_520_ci;

--
-- Dumping data for table `wpt8_aio_login_login_attempts`
--


--
-- Table structure for table `wpt8_aio_login_login_lockouts`
--

CREATE TABLE `wpt8_aio_login_login_lockouts` (
  `id` bigint(20) NOT NULL AUTO_INCREMENT,
  `ip_address` varchar(255) NOT NULL,
  `country` varchar(255) NOT NULL,
  `city` varchar(255) NOT NULL,
  `time` bigint(20) NOT NULL,
  `user_agent` varchar(255) NOT NULL,
  PRIMARY KEY (`id`)
) ENGINE=InnoDB DEFAULT CHARSET=utf8mb4 COLLATE=utf8mb4_unicode_520_ci;

--
-- Dumping data for table `wpt8_aio_login_login_lockouts`
--


--
-- Table structure for table `wpt8_burst_browser_versions`
--

CREATE TABLE `wpt8_burst_browser_versions` (
  `ID` int(11) NOT NULL AUTO_INCREMENT,
  `name` varchar(255) NOT NULL,
  PRIMARY KEY (`ID`)
) ENGINE=InnoDB AUTO_INCREMENT=34 DEFAULT CHARSET=utf8mb4 COLLATE=utf8mb4_unicode_520_ci;

--
-- Dumping data for table `wpt8_burst_browser_versions`
--

INSERT INTO `wpt8_burst_browser_versions` (`ID`, `name`) VALUES (1,'126.0.0.0'),
(2,'93.0.4577.0'),
(3,'118.0.5993.0'),
(4,'94.0.4590.2'),
(5,'95.0.4638.50'),
(6,'127.0.0.0'),
(7,'122.0.0.0'),
(8,'68.0.3440.106'),
(9,'104.0.0.0'),
(10,'113.0.0.0'),
(11,'126.0.6478.153'),
(12,'23.0'),
(13,'127.0.6533.66'),
(14,'114.0.5735.60'),
(15,'105.0.0.0'),
(16,'90.0.4430.210'),
(17,'25.0'),
(18,'87.0.4280.141'),
(19,'83.0.4103.106'),
(20,'81.0.2254.72209'),
(21,'119.0.0.0'),
(22,'115.0.0.0'),
(23,'16.0'),
(24,'106.0.0.0'),
(25,'17.5'),
(26,'83.0.2254.73002'),
(27,'95.0.4638.74'),
(28,'100.0.4896.79'),
(29,'97.0.4692.98'),
(30,'109.0.0.0'),
(31,'114.0.0.0'),
(32,'128.0.0.0'),
(33,'83.1.2254.73239');

--
-- Table structure for table `wpt8_burst_browsers`
--

CREATE TABLE `wpt8_burst_browsers` (
  `ID` int(11) NOT NULL AUTO_INCREMENT,
  `name` varchar(255) NOT NULL,
  PRIMARY KEY (`ID`)
) ENGINE=InnoDB AUTO_INCREMENT=7 DEFAULT CHARSET=utf8mb4 COLLATE=utf8mb4_unicode_520_ci;

--
-- Dumping data for table `wpt8_burst_browsers`
--

INSERT INTO `wpt8_burst_browsers` (`ID`, `name`) VALUES (1,'Chrome'),
(2,'Edge'),
(3,'HeadlessChrome'),
(4,'SamsungBrowser'),
(5,'Opera'),
(6,'Safari');

--
-- Table structure for table `wpt8_burst_devices`
--

CREATE TABLE `wpt8_burst_devices` (
  `ID` int(11) NOT NULL AUTO_INCREMENT,
  `name` varchar(255) NOT NULL,
  PRIMARY KEY (`ID`)
) ENGINE=InnoDB AUTO_INCREMENT=3 DEFAULT CHARSET=utf8mb4 COLLATE=utf8mb4_unicode_520_ci;

--
-- Dumping data for table `wpt8_burst_devices`
--

INSERT INTO `wpt8_burst_devices` (`ID`, `name`) VALUES (1,'desktop'),
(2,'mobile');

--
-- Table structure for table `wpt8_burst_goal_statistics`
--

CREATE TABLE `wpt8_burst_goal_statistics` (
  `ID` int(11) NOT NULL AUTO_INCREMENT,
  `statistic_id` int(11) NOT NULL,
  `goal_id` int(11) NOT NULL,
  PRIMARY KEY (`ID`),
  KEY `statistic_id_index` (`statistic_id`),
  KEY `goal_id_index` (`goal_id`)
) ENGINE=InnoDB DEFAULT CHARSET=utf8mb4 COLLATE=utf8mb4_unicode_520_ci;

--
-- Dumping data for table `wpt8_burst_goal_statistics`
--


--
-- Table structure for table `wpt8_burst_goals`
--

CREATE TABLE `wpt8_burst_goals` (
  `ID` int(11) NOT NULL AUTO_INCREMENT,
  `title` varchar(255) NOT NULL,
  `type` varchar(30) NOT NULL,
  `status` varchar(30) NOT NULL,
  `server_side` tinyint(4) NOT NULL,
  `url` varchar(255) NOT NULL,
  `conversion_metric` varchar(255) NOT NULL,
  `date_created` int(11) NOT NULL,
  `date_start` int(11) NOT NULL,
  `date_end` int(11) NOT NULL,
  `attribute` varchar(255) NOT NULL,
  `attribute_value` varchar(255) NOT NULL,
  `hook` varchar(255) NOT NULL,
  PRIMARY KEY (`ID`)
) ENGINE=InnoDB DEFAULT CHARSET=utf8mb4 COLLATE=utf8mb4_unicode_520_ci;

--
-- Dumping data for table `wpt8_burst_goals`
--


--
-- Table structure for table `wpt8_burst_platforms`
--

CREATE TABLE `wpt8_burst_platforms` (
  `ID` int(11) NOT NULL AUTO_INCREMENT,
  `name` varchar(255) NOT NULL,
  PRIMARY KEY (`ID`)
) ENGINE=InnoDB AUTO_INCREMENT=6 DEFAULT CHARSET=utf8mb4 COLLATE=utf8mb4_unicode_520_ci;

--
-- Dumping data for table `wpt8_burst_platforms`
--

INSERT INTO `wpt8_burst_platforms` (`ID`, `name`) VALUES (1,'Windows'),
(2,'Macintosh'),
(3,'Android'),
(4,'Linux'),
(5,'iPhone');

--
-- Table structure for table `wpt8_burst_sessions`
--

CREATE TABLE `wpt8_burst_sessions` (
  `ID` int(11) NOT NULL AUTO_INCREMENT,
  `first_visited_url` varchar(255) NOT NULL,
  `last_visited_url` varchar(255) NOT NULL,
  `goal_id` int(11) DEFAULT NULL,
  `country_code` char(2) DEFAULT NULL,
  PRIMARY KEY (`ID`),
  KEY `goal_id_index` (`goal_id`)
) ENGINE=InnoDB AUTO_INCREMENT=348 DEFAULT CHARSET=utf8mb4 COLLATE=utf8mb4_unicode_520_ci;

--
-- Dumping data for table `wpt8_burst_sessions`
--

INSERT INTO `wpt8_burst_sessions` (`ID`, `first_visited_url`, `last_visited_url`, `goal_id`, `country_code`) VALUES (1,'/membership-account/','/membership-account/',0,NULL),
(2,'/','/',0,NULL),
(3,'/login/?redirect_to=https%3A%2F%2Fwww.takadun.ng%2Fwp-admin%2F','/login/?action=incorrect_password&username=takadunadmin',0,NULL),
(4,'/','/',0,NULL),
(5,'/','/',0,NULL),
(6,'/','/',0,NULL),
(7,'/','/',0,NULL),
(8,'/login/?redirect_to=https%3A%2F%2Fwww.takadun.ng%2Fwp-admin%2Foptions-general.php%3Fpage%3Dwhite-label','/login/?action=incorrect_password&username=admin@takadun.ng&redirect_to',0,NULL),
(9,'/','/',0,NULL),
(10,'/','/',0,NULL),
(11,'/','/',0,NULL),
(12,'/','/about/',0,NULL),
(13,'/','/',0,NULL),
(14,'/','/',0,NULL),
(15,'/','/',0,NULL),
(16,'/login/?redirect_to=https%3A%2F%2Fwww.takadun.ng%2Fwp-admin%2Fadmin.php%3Fpage%3Dwp-mail-smtp-tools%26tab%3Dtest','/login/?action=lostpassword',0,NULL),
(17,'/','/',0,NULL),
(18,'/','/',0,NULL),
(19,'/','/',0,NULL),
(20,'/','/',0,NULL),
(21,'/','/',0,NULL),
(22,'/','/',0,NULL),
(23,'/','/',0,NULL),
(24,'/','/pre-vocational-studies-6/',0,NULL),
(25,'/','/',0,NULL),
(26,'/','/',0,NULL),
(27,'/','/',0,NULL),
(28,'/','/',0,NULL),
(29,'/','/',0,NULL),
(30,'/login/?redirect_to=https%3A%2F%2Fwww.takadun.ng%2Fwp-admin%2Fupload.php','/login/?redirect_to=https%3A%2F%2Ftakadun.ng%2Fwp-admin%2F',0,NULL),
(31,'/basic-science-pry-5/','/membership-account/your-profile/',0,NULL),
(32,'/','/',0,NULL),
(33,'/','/',0,NULL),
(34,'/','/',0,NULL),
(35,'/','/',0,NULL),
(36,'/','/',0,NULL),
(37,'/wp-admin/post-new.php/','/wp-admin/post-new.php/',0,NULL),
(38,'/wp-admin/edit.php/?post_type=r3d','/wp-admin/edit.php/?post_type=r3d',0,NULL),
(39,'/','/',0,NULL),
(40,'/membership-account/membership-levels/','/membership-account/membership-levels/',0,NULL),
(41,'/','/agric-science-primary-6/',0,NULL),
(42,'/','/category/pry-3-books/',0,NULL),
(43,'/','/',0,NULL),
(44,'/mathematics-primary-1/','/flipbook/mathematics-pry-1/',0,NULL),
(45,'/','/',0,NULL),
(46,'/wp-admin/post.php/?post=2505&action=edit','/wp-admin/edit.php/',0,NULL),
(47,'/','/',0,NULL),
(48,'/','/about/',0,NULL),
(49,'/about/','/',0,NULL),
(50,'/','/about/',0,NULL),
(51,'/about/','/about/',0,NULL),
(52,'/','/',0,NULL),
(53,'/','/',0,NULL),
(54,'/about/','/about/',0,NULL),
(55,'/about/','/about/',0,NULL),
(56,'/','/',0,NULL),
(57,'/','/all-books/',0,NULL),
(58,'/','/',0,NULL),
(59,'/about/','/about/',0,NULL),
(60,'/','/',0,NULL),
(61,'/','/national-values-6/',0,NULL),
(62,'/','/',0,NULL),
(63,'/','/',0,NULL),
(64,'/','/membership-account/membership-levels/',0,NULL),
(65,'/','/',0,NULL),
(66,'/','/',0,NULL),
(67,'/','/',0,NULL),
(68,'/','/',0,NULL),
(69,'/all-books/','/',0,NULL),
(70,'/all-books/','/category/pry-3-books/',0,NULL),
(71,'/','/',0,NULL),
(72,'/flipbook/physical-health-education-primaryy-3/','/flipbook/physical-health-education-primary-2/',0,NULL),
(73,'/','/',0,NULL),
(74,'/login/?redirect_to=https%3A%2F%2Ftakadun.ng%2Fwp-admin%2F','/login/?redirect_to=https%3A%2F%2Ftakadun.ng%2Fwp-admin%2F',0,NULL),
(75,'/login/?redirect_to=https%3A%2F%2Ftakadun.ng%2Fwp-admin%2F','/membership-account/membership-cancel/?levelstocancel=5',0,NULL),
(76,'/','/',0,NULL),
(77,'/','/',0,NULL),
(78,'/','/',0,NULL),
(79,'/','/',0,NULL),
(80,'/','/',0,NULL),
(81,'/','/',0,NULL),
(82,'/','/',0,NULL),
(83,'/','/',0,NULL),
(84,'/','/',0,NULL),
(85,'/','/',0,NULL),
(86,'/','/about/',0,NULL),
(87,'/','/',0,NULL),
(88,'/','/',0,NULL),
(89,'/','/',0,NULL),
(90,'/about/','/about/',0,NULL),
(91,'/','/',0,NULL),
(92,'/about/','/about/',0,NULL),
(93,'/','/',0,NULL),
(94,'/','/',0,NULL),
(95,'/','/',0,NULL),
(96,'/','/',0,NULL),
(97,'/','/',0,NULL),
(98,'/','/',0,NULL),
(99,'/?complianz_scan_token=e4b0ac836e&complianz_id=home','/computer-science-pry-1/?complianz_scan_token=e4b0ac836e&complianz_id=2505',0,NULL),
(100,'/','/',0,NULL),
(101,'/about/','/about/',0,NULL),
(102,'/flipbook/national-values-6/','/flipbook/national-values-6/',0,NULL),
(103,'/login/?redirect_to=https%3A%2F%2Ftakadun.ng%2Fwp-admin%2F','/login/?redirect_to=https%3A%2F%2Ftakadun.ng%2Fwp-admin%2F',0,NULL),
(104,'/','/about/',0,NULL),
(105,'/','/',0,NULL),
(106,'/','/',0,NULL),
(107,'/','/library/',0,NULL),
(108,'/','/library/',0,NULL),
(109,'/','/',0,NULL),
(110,'/','/',0,NULL),
(111,'/','/',0,NULL),
(112,'/physical-health-education-pry-3/','/computer-science-pry-3/',0,NULL),
(113,'/all-books/','/social-studies-primary-6/',0,NULL),
(114,'/','/security-education-primary-6/',0,NULL),
(115,'/all-books/','/category/pry-6-books/',0,NULL),
(116,'/social-studies-primary-6/','/social-studies-primary-6/',0,NULL),
(117,'/','/',0,NULL),
(118,'/','/',0,NULL),
(119,'/flipbook/basic-science-technology-5/','/flipbook/basic-science-technology-5/',0,NULL),
(120,'/','/',0,NULL),
(121,'/','/',0,NULL),
(122,'/','/',0,NULL),
(123,'/','/',0,NULL),
(124,'/','/',0,NULL),
(125,'/','/',0,NULL),
(126,'/','/',0,NULL),
(127,'/','/',0,NULL),
(128,'/','/',0,NULL),
(129,'/category/pry-1-books/','/category/pry-1-books/',0,NULL),
(130,'/','/',0,NULL),
(131,'/','/',0,NULL),
(132,'/','/',0,NULL),
(133,'/','/',0,NULL),
(134,'/','/',0,NULL),
(135,'/','/',0,NULL),
(136,'/','/',0,NULL),
(137,'/','/',0,NULL),
(138,'/','/',0,NULL),
(139,'/about/','/about/',0,NULL),
(140,'/library/','/library/',0,NULL),
(141,'/contact/','/contact/',0,NULL),
(142,'/membership-account/membership-levels/','/membership-account/membership-levels/',0,NULL),
(143,'/','/',0,NULL),
(144,'/category/pry-4-books/','/category/pry-4-books/',0,NULL),
(145,'/','/',0,NULL),
(146,'/all-books/','/all-books/',0,NULL),
(147,'/contact/','/contact/',0,NULL),
(148,'/membership-account/membership-levels/','/membership-account/membership-levels/',0,NULL),
(149,'/library/','/library/',0,NULL),
(150,'/category/pry-1-books/','/category/pry-1-books/',0,NULL),
(151,'/library/','/library/',0,NULL),
(152,'/','/',0,NULL),
(153,'/','/',0,NULL),
(154,'/social-studies-primary-6/','/',0,NULL),
(155,'/','/',0,NULL),
(156,'/','/',0,NULL),
(157,'/','/',0,NULL),
(158,'/','/',0,NULL),
(159,'/','/',0,NULL),
(160,'/','/',0,NULL),
(161,'/','/',0,NULL),
(162,'/','/',0,NULL),
(163,'/','/',0,NULL),
(164,'/','/',0,NULL),
(165,'/','/',0,NULL),
(166,'/membership-account/membership-levels/','/membership-account/membership-levels/',0,NULL),
(167,'/membership-account/membership-checkout/?pmpro_level=11','/membership-account/membership-checkout/?pmpro_level=11',0,NULL),
(168,'/login/','/login/',0,NULL),
(169,'/contact/','/contact/',0,NULL),
(170,'/contact/','/contact/',0,NULL),
(171,'/','/',0,NULL),
(172,'/','/',0,NULL),
(173,'/','/',0,NULL),
(174,'/','/',0,NULL),
(175,'/membership-account/membership-levels/','/membership-account/membership-levels/',0,NULL),
(176,'/about/','/about/',0,NULL),
(177,'/','/',0,NULL),
(178,'/contact/','/contact/',0,NULL),
(179,'/','/contact/',0,NULL),
(180,'/','/',0,NULL),
(181,'/','/',0,NULL),
(182,'/','/',0,NULL),
(183,'/','/',0,NULL),
(184,'/','/',0,NULL),
(185,'/','/',0,NULL),
(186,'/','/',0,NULL),
(187,'/library/','/library/',0,NULL),
(188,'/','/',0,NULL),
(189,'/login/?redirect_to=https%3A%2F%2Ftakadun.ng%2Fwp-admin%2F','/login/?redirect_to=https%3A%2F%2Ftakadun.ng%2Fwp-admin%2F',0,NULL),
(190,'/','/',0,NULL),
(191,'/','/',0,NULL),
(192,'/','/',0,NULL),
(193,'/','/',0,NULL),
(194,'/library/','/library/',0,NULL),
(195,'/','/',0,NULL),
(196,'/','/',0,NULL),
(197,'/','/',0,NULL),
(198,'/','/',0,NULL),
(199,'/all-books/','/all-books/',0,NULL),
(200,'/contact/','/contact/',0,NULL),
(201,'/login/','/login/',0,NULL),
(202,'/about/','/about/',0,NULL),
(203,'/library/','/library/',0,NULL),
(204,'/','/',0,NULL),
(205,'/','/',0,NULL),
(206,'/','/',0,NULL),
(207,'/','/',0,NULL),
(208,'/category/pry-5-books/','/category/pry-5-books/',0,NULL),
(209,'/all-books/','/all-books/',0,NULL),
(210,'/','/',0,NULL),
(211,'/','/',0,NULL),
(212,'/all-books/','/all-books/',0,NULL),
(213,'/','/',0,NULL),
(214,'/login/?redirect_to=https%3A%2F%2Ftakadun.ng%2Fwp-admin%2F','/login/?action=incorrect_password&username=admin@takadun.ng&redirect_to',0,NULL),
(215,'/','/membership-account/membership-checkout/?pmpro_level=24',0,NULL),
(216,'/','/',0,NULL),
(217,'/','/',0,NULL),
(218,'/','/membership-account/membership-levels/',0,NULL),
(219,'/','/',0,NULL),
(220,'/','/',0,NULL),
(221,'/','/',0,NULL),
(222,'/','/',0,NULL),
(223,'/','/',0,NULL),
(224,'/','/about/',0,NULL),
(225,'/','/',0,NULL),
(226,'/','/',0,NULL),
(227,'/','/',0,NULL),
(228,'/','/',0,NULL),
(229,'/','/',0,NULL),
(230,'/','/civic-education-pry-3/',0,NULL),
(231,'/','/',0,NULL),
(232,'/','/',0,NULL),
(233,'/','/membership-account/membership-levels/',0,NULL),
(234,'/','/contact/',0,NULL),
(235,'/contact/','/contact/',0,NULL),
(236,'/library/','/library/',0,NULL),
(237,'/','/',0,NULL),
(238,'/contact/','/contact/',0,NULL),
(239,'/contact/','/contact/',0,NULL),
(240,'/contact/','/contact/',0,NULL),
(241,'/contact/','/about/',0,NULL),
(242,'/contact/','/contact/',0,NULL),
(243,'/contact/','/contact/',0,NULL),
(244,'/contact/','/contact/',0,NULL),
(245,'/contact/','/contact/',0,NULL),
(246,'/contact/','/contact/',0,NULL),
(247,'/contact/','/contact/',0,NULL),
(248,'/contact/','/',0,NULL),
(249,'/contact/','/contact/',0,NULL),
(250,'/contact/','/contact/',0,NULL),
(251,'/contact/','/membership-account/membership-levels/',0,NULL),
(252,'/contact/','/contact/',0,NULL),
(253,'/contact/','/contact/',0,NULL),
(254,'/contact/','/contact/',0,NULL),
(255,'/contact/','/contact/',0,NULL),
(256,'/contact/','/contact/',0,NULL),
(257,'/contact/','/contact/',0,NULL),
(258,'/contact/','/contact/',0,NULL),
(259,'/contact/','/contact/',0,NULL),
(260,'/contact/','/contact/',0,NULL),
(261,'/contact/','/contact/',0,NULL),
(262,'/contact/','/contact/',0,NULL),
(263,'/','/physical-health-education-6/',0,NULL),
(264,'/contact/','/contact/',0,NULL),
(265,'/contact/','/takadun-registration-page/',0,NULL),
(266,'/','/contact/',0,NULL),
(267,'/contact/','/contact/',0,NULL),
(268,'/contact/','/contact/',0,NULL),
(269,'/contact/','/contact/',0,NULL),
(270,'/','/contact/',0,NULL),
(271,'/contact/','/contact/',0,NULL),
(272,'/contact/','/contact/',0,NULL),
(273,'/contact/','/',0,NULL),
(274,'/contact/','/contact/',0,NULL),
(275,'/contact/','/contact/',0,NULL),
(276,'/contact/','/contact/',0,NULL),
(277,'/membership-account/membership-levels/','/membership-account/membership-checkout/?pmpro_level=25',0,NULL),
(278,'/','/',0,NULL),
(279,'/contact/','/contact/',0,NULL),
(280,'/contact/','/',0,NULL),
(281,'/contact/','/contact/',0,NULL),
(282,'/contact/','/contact/',0,NULL),
(283,'/contact/','/contact/',0,NULL),
(284,'/contact/','/',0,NULL),
(285,'/contact/','/contact/',0,NULL),
(286,'/contact/','/contact/',0,NULL),
(287,'/contact/','/contact/',0,NULL),
(288,'/contact/','/contact/',0,NULL),
(289,'/contact/','/contact/',0,NULL),
(290,'/contact/','/contact/',0,NULL),
(291,'/contact/','/contact/',0,NULL),
(292,'/contact/','/contact/',0,NULL),
(293,'/contact/','/contact/',0,NULL),
(294,'/contact/','/contact/',0,NULL),
(295,'/contact/','/contact/',0,NULL),
(296,'/contact/','/contact/',0,NULL),
(297,'/contact/','/contact/',0,NULL),
(298,'/contact/','/contact/',0,NULL),
(299,'/contact/','/contact/',0,NULL),
(300,'/contact/','/contact/',0,NULL),
(301,'/contact/','/contact/',0,NULL),
(302,'/','/',0,NULL),
(303,'/','/',0,NULL),
(304,'/contact/','/contact/',0,NULL),
(305,'/contact/','/contact/',0,NULL),
(306,'/contact/','/contact/',0,NULL),
(307,'/contact/','/contact/',0,NULL),
(308,'/contact/','/contact/',0,NULL),
(309,'/','/contact/',0,NULL),
(310,'/','/',0,NULL),
(311,'/','/',0,NULL),
(312,'/','/membership-account/membership-checkout/?pmpro_level=11',0,NULL),
(313,'/','/membership-account/membership-levels/',0,NULL),
(314,'/contact/','/contact/',0,NULL),
(315,'/','/',0,NULL),
(316,'/contact/','/',0,NULL),
(317,'/','/',0,NULL),
(318,'/contact/','/contact/',0,NULL),
(319,'/','/',0,NULL),
(320,'/contact/','/contact/',0,NULL),
(321,'/','/',0,NULL),
(322,'/login/?redirect_to=https%3A%2F%2Fwww.takadun.ng%2Fwp-admin%2Fupload.php','/login/?redirect_to=https%3A%2F%2Fwww.takadun.ng%2Fwp-admin%2Fadmin.php%3Fpage%3Dwapppresssettings',0,NULL),
(323,'/contact/','/contact/',0,NULL),
(324,'/','/contact/',0,NULL),
(325,'/contact/','/contact/',0,NULL),
(326,'/contact/','/contact/',0,NULL),
(327,'/','/',0,NULL),
(328,'/','/',0,NULL),
(329,'/','/',0,NULL),
(330,'/contact/','/membership-account/membership-levels/',0,NULL),
(331,'/contact/','/login/',0,NULL),
(332,'/contact/','/contact/',0,NULL),
(333,'/contact/','/contact/',0,NULL),
(334,'/','/membership-account/membership-checkout/?pmpro_level=11',0,NULL),
(335,'/login/?redirect_to=https%3A%2F%2Fwww.takadun.ng%2Fwp-admin%2Fadmin.php%3Fpage%3Dpmpro-discountcodes%26edit%3D-1%26copy%3D5','/login/?action=incorrect_password&username=takadunadmin',0,NULL),
(336,'/','/membership-account/membership-checkout/?pmpro_level=9',0,NULL),
(337,'/','/',0,NULL),
(338,'/','/',0,NULL),
(339,'/','/',0,NULL),
(340,'/contact/','/contact/',0,NULL),
(341,'/login/?redirect_to=https%3A%2F%2Fwww.takadun.ng%2Fwp-admin%2Fadmin.php%3Fpage%3Dpmpro-discountcodes%26edit%3D-1','/login/?redirect_to=https%3A%2F%2Fwww.takadun.ng%2Fwp-admin%2Fadmin.php%3Fpage%3Dpmpro-discountcodes%26edit%3D-1',0,NULL),
(342,'/contact/','/contact/',0,NULL),
(343,'/','/membership-account/membership-checkout/?pmpro_level=18',0,NULL),
(344,'/membership-account/membership-levels/','/membership-account/membership-levels/',0,NULL),
(345,'/contact/','/contact/',0,NULL),
(346,'/contact/','/contact/',0,NULL),
(347,'/contact/','/contact/',0,NULL);

--
-- Table structure for table `wpt8_burst_statistics`
--

CREATE TABLE `wpt8_burst_statistics` (
  `ID` int(11) NOT NULL AUTO_INCREMENT,
  `page_url` varchar(191) NOT NULL,
  `time` int(11) NOT NULL,
  `uid` varchar(255) NOT NULL,
  `time_on_page` int(11) DEFAULT NULL,
  `entire_page_url` varchar(255) NOT NULL,
  `parameters` varchar(255) NOT NULL,
  `fragment` varchar(255) NOT NULL,
  `referrer` varchar(255) DEFAULT NULL,
  `session_id` int(11) DEFAULT NULL,
  `first_time_visit` tinyint(4) DEFAULT NULL,
  `bounce` tinyint(4) DEFAULT 1,
  `browser_id` int(11) NOT NULL,
  `browser_version_id` int(11) NOT NULL,
  `platform_id` int(11) NOT NULL,
  `device_id` int(11) NOT NULL,
  PRIMARY KEY (`ID`),
  KEY `time_index` (`time`),
  KEY `bounce_index` (`bounce`),
  KEY `page_url_index` (`page_url`),
  KEY `session_id_index` (`session_id`),
  KEY `time_page_url_index` (`time`,`page_url`)
) ENGINE=InnoDB AUTO_INCREMENT=851 DEFAULT CHARSET=utf8mb4 COLLATE=utf8mb4_unicode_520_ci;

--
-- Dumping data for table `wpt8_burst_statistics`
--

INSERT INTO `wpt8_burst_statistics` (`ID`, `page_url`, `time`, `uid`, `time_on_page`, `entire_page_url`, `parameters`, `fragment`, `referrer`, `session_id`, `first_time_visit`, `bounce`, `browser_id`, `browser_version_id`, `platform_id`, `device_id`) VALUES (1,'/membership-account/',1721620137,'6e200ec4367cbf8cc0d7b25124d4871b',18061,'/membership-account/','','',NULL,1,1,0,1,1,1,1),
(2,'/',1721626656,'e33e4d4fa56e61b1247ba570c50b29c5',5,'/','','',NULL,2,1,1,1,2,2,1),
(3,'/login/',1721637611,'c79d878f45cadb4830a497b2ca75c17a',20919,'/login/?redirect_to=https%3A%2F%2Fwww.takadun.ng%2Fwp-admin%2F','?redirect_to=https%3A%2F%2Fwww.takadun.ng%2Fwp-admin%2F','',NULL,3,1,0,1,1,1,1),
(4,'/login/',1721637633,'c79d878f45cadb4830a497b2ca75c17a',4257,'/login/?action=incorrect_password&username=takadunadmin','?action=incorrect_password&username=takadunadmin','',NULL,3,0,0,1,1,1,1),
(5,'/',1721679026,'d3a83756976c8a746477dfc99c5ebcda',0,'/','','',NULL,4,1,1,1,3,1,1),
(6,'/',1721697040,'798b85a6b597943a3a45760edbe7473e',3,'/','','',NULL,5,1,1,1,2,2,1),
(7,'/',1721697049,'7092438e031072775aae56a4da43e120',72,'/','','',NULL,6,1,1,1,2,2,1),
(8,'/',1721697058,'589b24ea73ad8c3660c4850a17eed14b',18175,'/','','',NULL,7,1,0,1,4,3,2),
(9,'/',1721697081,'589b24ea73ad8c3660c4850a17eed14b',3,'/','','',NULL,7,0,0,1,4,3,2),
(10,'/',1721697086,'589b24ea73ad8c3660c4850a17eed14b',2,'/','','',NULL,7,0,0,1,4,3,2),
(11,'/login/',1721725232,'098bbed89223dfde775e872e44d3c00f',5858,'/login/?redirect_to=https%3A%2F%2Fwww.takadun.ng%2Fwp-admin%2Foptions-general.php%3Fpage%3Dwhite-label','?redirect_to=https%3A%2F%2Fwww.takadun.ng%2Fwp-admin%2Foptions-general.php%3Fpage%3Dwhite-label','',NULL,8,1,0,1,1,3,2),
(12,'/login/',1721725245,'098bbed89223dfde775e872e44d3c00f',23576,'/login/?action=incorrect_password&username=admin@takadun.ng','?action=incorrect_password&username=admin@takadun.ng','',NULL,8,0,0,1,1,3,2),
(13,'/login/',1721725275,'098bbed89223dfde775e872e44d3c00f',14150,'/login/?action=incorrect_password&username=admin@takadun.ng&redirect_to','?action=incorrect_password&username=admin@takadun.ng&redirect_to','',NULL,8,0,0,1,1,3,2),
(14,'/login/',1721725309,'098bbed89223dfde775e872e44d3c00f',5982,'/login/?action=incorrect_password&username=admin@takadun.ng&redirect_to','?action=incorrect_password&username=admin@takadun.ng&redirect_to','',NULL,8,0,0,1,1,3,2),
(15,'/',1721750132,'4fc46a480bc1ef8c98f15d78f2a58db4',17987,'/','','','/',9,1,0,1,5,3,2),
(16,'/',1721750151,'4fc46a480bc1ef8c98f15d78f2a58db4',13881,'/','','','/',9,0,0,1,5,3,2),
(17,'/about/',1721750174,'4fc46a480bc1ef8c98f15d78f2a58db4',22808,'/about/','','',NULL,9,0,0,1,5,3,2),
(18,'/',1721750191,'4fc46a480bc1ef8c98f15d78f2a58db4',9,'/','','','/',9,0,0,1,5,3,2),
(19,'/',1721765328,'9d7aa0c06a67c351cb0b17addbd06a8d',4,'/','','',NULL,10,1,1,1,3,1,1),
(20,'/',1721799582,'f6d2d9cdef7a7dbe8b7999974eacafd3',0,'/','','',NULL,11,1,1,1,2,2,1),
(21,'/',1721846743,'4516d3d938ed4df0d9e65eeb610f490e',36589,'/','','',NULL,12,1,0,1,1,3,2),
(22,'/',1721846884,'4516d3d938ed4df0d9e65eeb610f490e',56797,'/','','',NULL,12,0,0,1,1,3,2),
(23,'/library/',1721846941,'4516d3d938ed4df0d9e65eeb610f490e',57384,'/library/','','',NULL,12,0,0,1,1,3,2),
(24,'/membership-account/membership-levels/',1721847000,'4516d3d938ed4df0d9e65eeb610f490e',48204,'/membership-account/membership-levels/','','',NULL,12,0,0,1,1,3,2),
(25,'/membership-account/',1721847048,'4516d3d938ed4df0d9e65eeb610f490e',20444,'/membership-account/','','',NULL,12,0,0,1,1,3,2),
(26,'/about/',1721847069,'4516d3d938ed4df0d9e65eeb610f490e',86381,'/about/','','',NULL,12,0,0,1,1,3,2),
(27,'/contact/',1721847166,'4516d3d938ed4df0d9e65eeb610f490e',14342,'/contact/','','',NULL,12,0,0,1,1,3,2),
(28,'/about/',1721847182,'4516d3d938ed4df0d9e65eeb610f490e',4850,'/about/','','',NULL,12,0,0,1,1,3,2),
(29,'/',1721851603,'824de42ff7580d52d6f1d9907bc371b7',41,'/','','',NULL,13,1,1,1,3,1,1),
(30,'/',1721895461,'d35cc21ad1a51f10275f0ef39bd21e85',14270,'/','','',NULL,14,1,0,1,1,3,2),
(31,'/',1721897149,'c79d878f45cadb4830a497b2ca75c17a',7274,'/','','',NULL,15,0,0,1,1,1,1),
(32,'/login/',1721912469,'c79d878f45cadb4830a497b2ca75c17a',13683,'/login/?redirect_to=https%3A%2F%2Fwww.takadun.ng%2Fwp-admin%2Fadmin.php%3Fpage%3Dwp-mail-smtp-tools%26tab%3Dtest','?redirect_to=https%3A%2F%2Fwww.takadun.ng%2Fwp-admin%2Fadmin.php%3Fpage%3Dwp-mail-smtp-tools%26tab%3Dtest','',NULL,16,0,0,1,1,1,1),
(33,'/login/',1721912480,'c79d878f45cadb4830a497b2ca75c17a',7965,'/login/?action=incorrect_password&username=takadunadmin','?action=incorrect_password&username=takadunadmin','',NULL,16,0,0,1,1,1,1),
(34,'/login/',1721912644,'c79d878f45cadb4830a497b2ca75c17a',33120,'/login/?action=lostpassword','?action=lostpassword','','https://imunify-alert.com/',16,0,0,1,1,1,1),
(35,'/',1721937906,'47b5eb5fb571a515efb60922dc2c6776',544,'/','','',NULL,17,1,1,1,3,1,1),
(36,'/',1721972506,'21ca5894798480dffd3ea6a2822f6d58',0,'/','','',NULL,18,1,1,1,2,2,1),
(37,'/',1722024139,'b0354330a3552c8ff7f5e35b0f8918b1',3,'/','','',NULL,19,1,1,1,3,1,1),
(38,'/',1722059307,'8281f9cc8c3beb52d35356c48bc33d47',3,'/','','',NULL,20,1,1,1,2,2,1),
(39,'/',1722059325,'6ff2674fcf53db4fdf1044307c82f773',2376,'/','','',NULL,21,1,1,1,2,2,1),
(40,'/',1722064660,'004d8fe8e43f5ec00616328d1a4f3c5c',20998,'/','','',NULL,22,1,0,1,1,1,1),
(41,'/',1722116682,'d18c75c122958f52dec49ca09b2e7869',3,'/','','',NULL,23,1,1,1,3,1,1),
(42,'/',1722156124,'7e3a47bdd505d76c4f36bfa5f3fcde0b',60757,'/','','',NULL,24,1,0,2,1,1,1),
(43,'/about/',1722156229,'7e3a47bdd505d76c4f36bfa5f3fcde0b',104328,'/about/','','',NULL,24,0,0,2,1,1,1),
(44,'/all-books/',1722156333,'7e3a47bdd505d76c4f36bfa5f3fcde0b',51476,'/all-books/','','',NULL,24,0,0,2,1,1,1),
(45,'/national-values-6/',1722156400,'7e3a47bdd505d76c4f36bfa5f3fcde0b',1,'/national-values-6/','','',NULL,24,0,0,2,1,1,1),
(46,'/login/',1722156439,'7e3a47bdd505d76c4f36bfa5f3fcde0b',12472,'/login/?redirect_to=https%3A%2F%2Fwww.takadun.ng%2Fnational-values-6%2F','?redirect_to=https%3A%2F%2Fwww.takadun.ng%2Fnational-values-6%2F','',NULL,24,0,0,2,1,1,1),
(47,'/login/',1722156574,'7e3a47bdd505d76c4f36bfa5f3fcde0b',8855,'/login/?action=lostpassword','?action=lostpassword','','https://imunify-alert.com/',24,0,0,2,1,1,1),
(48,'/all-books/',1722156584,'7e3a47bdd505d76c4f36bfa5f3fcde0b',11656,'/all-books/','','',NULL,24,0,0,2,1,1,1),
(49,'/national-values-3/',1722156594,'7e3a47bdd505d76c4f36bfa5f3fcde0b',136809,'/national-values-3/','','',NULL,24,0,0,2,1,1,1),
(50,'/library/',1722156748,'7e3a47bdd505d76c4f36bfa5f3fcde0b',20380,'/library/','','',NULL,24,0,0,2,1,1,1),
(51,'/category/pry-6-books/',1722156769,'7e3a47bdd505d76c4f36bfa5f3fcde0b',3855,'/category/pry-6-books/','','',NULL,24,0,0,2,1,1,1),
(52,'/national-values-6/',1722156774,'7e3a47bdd505d76c4f36bfa5f3fcde0b',3457,'/national-values-6/','','',NULL,24,0,0,2,1,1,1),
(53,'/all-books/',1722156776,'7e3a47bdd505d76c4f36bfa5f3fcde0b',4534,'/all-books/','','',NULL,24,0,0,2,1,1,1),
(54,'/physical-health-education-6/',1722156781,'7e3a47bdd505d76c4f36bfa5f3fcde0b',101866,'/physical-health-education-6/','','',NULL,24,0,0,2,1,1,1),
(55,'/national-values-6/',1722156886,'7e3a47bdd505d76c4f36bfa5f3fcde0b',25263,'/national-values-6/','','',NULL,24,0,0,2,1,1,1),
(56,'/basic-science-technology-6/',1722156913,'7e3a47bdd505d76c4f36bfa5f3fcde0b',104739,'/basic-science-technology-6/','','',NULL,24,0,0,2,1,1,1),
(57,'/national-values-6/',1722157019,'7e3a47bdd505d76c4f36bfa5f3fcde0b',1,'/national-values-6/','','',NULL,24,0,0,2,1,1,1),
(58,'/computer-science-6/',1722157803,'7e3a47bdd505d76c4f36bfa5f3fcde0b',0,'/computer-science-6/','','',NULL,24,0,0,2,1,1,1),
(59,'/pre-vocational-studies-6/',1722158364,'7e3a47bdd505d76c4f36bfa5f3fcde0b',8,'/pre-vocational-studies-6/','','',NULL,24,0,0,2,1,1,1),
(60,'/',1722203087,'7bcfc6a661a926b2634d58249b9ce374',24,'/','','',NULL,25,1,1,1,3,1,1),
(61,'/',1722283274,'15227bce5ae8b2bd32dde28633286963',142,'/','','',NULL,26,1,1,1,3,1,1),
(62,'/',1722299120,'1cb6dee1a628855a2638e1503d1933cd',0,'/','','',NULL,27,1,1,1,2,2,1),
(63,'/',1722299131,'8774e64fc828880ca7af829fcef5f640',89,'/','','',NULL,28,1,1,1,2,2,1),
(64,'/',1722299141,'c8012afc3334431972d639565545ade6',17748,'/','','',NULL,29,1,0,1,4,3,2),
(65,'/',1722299163,'c8012afc3334431972d639565545ade6',363,'/','','',NULL,29,0,0,1,4,3,2),
(66,'/',1722299165,'c8012afc3334431972d639565545ade6',2,'/','','',NULL,29,0,0,1,4,3,2),
(67,'/login/',1722329700,'004d8fe8e43f5ec00616328d1a4f3c5c',41602,'/login/?redirect_to=https%3A%2F%2Fwww.takadun.ng%2Fwp-admin%2Fupload.php','?redirect_to=https%3A%2F%2Fwww.takadun.ng%2Fwp-admin%2Fupload.php','',NULL,30,0,0,1,1,1,1),
(68,'/login/',1722329701,'004d8fe8e43f5ec00616328d1a4f3c5c',326014,'/login/?redirect_to=https%3A%2F%2Fwww.takadun.ng%2Fwp-admin%2Fpost.php%3Fpost%3D2198%26action%3Dedit','?redirect_to=https%3A%2F%2Fwww.takadun.ng%2Fwp-admin%2Fpost.php%3Fpost%3D2198%26action%3Dedit','',NULL,30,0,0,1,1,1,1),
(69,'/login/',1722329789,'004d8fe8e43f5ec00616328d1a4f3c5c',21298,'/login/?redirect_to=https%3A%2F%2Ftakadun.ng%2Fwp-admin%2F','?redirect_to=https%3A%2F%2Ftakadun.ng%2Fwp-admin%2F','',NULL,30,0,0,1,1,1,1),
(70,'/login/',1722329810,'004d8fe8e43f5ec00616328d1a4f3c5c',15005,'/login/?action=incorrect_password&username=maitakadun@gmail.com','?action=incorrect_password&username=maitakadun@gmail.com','',NULL,30,0,0,1,1,1,1),
(71,'/login/',1722329826,'004d8fe8e43f5ec00616328d1a4f3c5c',21793,'/login/?action=incorrect_password&username=maitakadun@gmail.com&redirect_to','?action=incorrect_password&username=maitakadun@gmail.com&redirect_to','',NULL,30,0,0,1,1,1,1),
(72,'/login/',1722329868,'004d8fe8e43f5ec00616328d1a4f3c5c',17752,'/login/?action=lostpassword','?action=lostpassword','','https://imunify-alert.com/',30,0,0,1,1,1,1),
(73,'/login/',1722330081,'004d8fe8e43f5ec00616328d1a4f3c5c',14900,'/login/?redirect_to=https%3A%2F%2Ftakadun.ng%2Fwp-admin%2F','?redirect_to=https%3A%2F%2Ftakadun.ng%2Fwp-admin%2F','',NULL,30,0,0,1,1,1,1),
(74,'/basic-science-pry-5/',1722333023,'004d8fe8e43f5ec00616328d1a4f3c5c',57229,'/basic-science-pry-5/','','',NULL,31,0,0,1,6,1,1),
(75,'/wp-admin/post.php/',1722333131,'004d8fe8e43f5ec00616328d1a4f3c5c',28002,'/wp-admin/post.php/?post=2216&action=edit','?post=2216&action=edit','',NULL,31,0,0,1,6,1,1),
(76,'/wp-admin/post.php/',1722333131,'004d8fe8e43f5ec00616328d1a4f3c5c',13133,'/wp-admin/post.php/','','',NULL,31,0,0,1,6,1,1),
(77,'/membership-account/your-profile/',1722333152,'004d8fe8e43f5ec00616328d1a4f3c5c',24463,'/membership-account/your-profile/','','',NULL,31,0,0,1,6,1,1),
(78,'/',1722357136,'2d9ec84d2fbd9c8e8577f7c7d50976b8',2465,'/','','',NULL,32,1,1,1,7,1,1),
(79,'/',1722369309,'7aa2be011ab4f7209b0ecb8d4f2010c7',2,'/','','',NULL,33,1,1,3,8,4,1),
(80,'/',1722375566,'504c344a689140ded2812e1b9036cbbe',138,'/','','',NULL,34,1,1,1,3,1,1),
(81,'/',1722404390,'8de6704d84150efc49bce173fe436436',269,'/','','',NULL,35,1,1,1,2,2,1),
(82,'/',1722459967,'7e3a47bdd505d76c4f36bfa5f3fcde0b',16133,'/','','',NULL,36,0,0,2,6,1,1),
(83,'/wp-admin/post-new.php/',1722461326,'004d8fe8e43f5ec00616328d1a4f3c5c',9264,'/wp-admin/post-new.php/','','',NULL,37,0,0,1,6,1,1),
(84,'/wp-admin/edit.php/',1722461831,'f06a47149c59b3e987e5d64d97b40fad',63211,'/wp-admin/edit.php/?post_type=r3d','?post_type=r3d','',NULL,38,1,0,1,6,1,1),
(85,'/',1722462005,'5b1932411c4499631a31f19d39e78e05',100,'/','','',NULL,39,1,1,1,3,1,1),
(86,'/membership-account/membership-levels/',1722464780,'7e3a47bdd505d76c4f36bfa5f3fcde0b',42,'/membership-account/membership-levels/','','',NULL,40,0,1,2,6,1,1),
(87,'/',1722471146,'004d8fe8e43f5ec00616328d1a4f3c5c',13644,'/','','',NULL,41,0,0,1,6,1,1),
(88,'/library/',1722471159,'004d8fe8e43f5ec00616328d1a4f3c5c',16796,'/library/','','',NULL,41,0,0,1,6,1,1),
(89,'/category/pry-2-books/',1722471177,'004d8fe8e43f5ec00616328d1a4f3c5c',69550,'/category/pry-2-books/','','',NULL,41,0,0,1,6,1,1),
(90,'/all-books/',1722471416,'004d8fe8e43f5ec00616328d1a4f3c5c',114143,'/all-books/','','',NULL,41,0,0,1,6,1,1),
(91,'/agric-science-primary-6/',1722472128,'004d8fe8e43f5ec00616328d1a4f3c5c',53223,'/agric-science-primary-6/','','',NULL,41,0,0,1,6,1,1),
(92,'/',1722483449,'4516d3d938ed4df0d9e65eeb610f490e',82454,'/','','','/',42,0,0,1,1,3,2),
(93,'/library/',1722483603,'4516d3d938ed4df0d9e65eeb610f490e',4,'/library/','','',NULL,42,0,0,1,1,3,2),
(94,'/library/',1722483623,'4516d3d938ed4df0d9e65eeb610f490e',98500,'/library/','','',NULL,42,0,0,1,1,3,2),
(95,'/category/pry-3-books/',1722483630,'4516d3d938ed4df0d9e65eeb610f490e',20354,'/category/pry-3-books/','','',NULL,42,0,0,1,1,3,2),
(96,'/mathematics-primary-3/',1722483649,'4516d3d938ed4df0d9e65eeb610f490e',68971,'/mathematics-primary-3/','','',NULL,42,0,0,1,1,3,2),
(97,'/',1722483722,'4516d3d938ed4df0d9e65eeb610f490e',10029,'/','','',NULL,42,0,0,1,1,3,2),
(98,'/all-books/',1722483741,'4516d3d938ed4df0d9e65eeb610f490e',18932,'/all-books/','','',NULL,42,0,0,1,1,3,2),
(99,'/mathematics-primary-6/',1722483747,'4516d3d938ed4df0d9e65eeb610f490e',38502,'/mathematics-primary-6/','','',NULL,42,0,0,1,1,3,2),
(100,'/login/',1722483793,'4516d3d938ed4df0d9e65eeb610f490e',33029,'/login/?redirect_to=https%3A%2F%2Fwww.takadun.ng%2Fmathematics-primary-6%2F','?redirect_to=https%3A%2F%2Fwww.takadun.ng%2Fmathematics-primary-6%2F','',NULL,42,0,0,1,1,3,2),
(101,'/',1722483830,'4516d3d938ed4df0d9e65eeb610f490e',22421,'/','','',NULL,42,0,0,1,1,3,2),
(102,'/category/pry-2-books/',1722483867,'4516d3d938ed4df0d9e65eeb610f490e',205388,'/category/pry-2-books/','','',NULL,42,0,0,1,1,3,2),
(103,'/library/',1722484071,'4516d3d938ed4df0d9e65eeb610f490e',43091,'/library/','','',NULL,42,0,0,1,1,3,2),
(104,'/category/pry-3-books/',1722484286,'4516d3d938ed4df0d9e65eeb610f490e',59,'/category/pry-3-books/','','',NULL,42,0,0,1,1,3,2),
(105,'/civic-education-pry-3/',1722484353,'4516d3d938ed4df0d9e65eeb610f490e',173254,'/civic-education-pry-3/','','',NULL,42,0,0,1,1,3,2),
(106,'/basic-science-pry-3/',1722484533,'4516d3d938ed4df0d9e65eeb610f490e',15490,'/basic-science-pry-3/','','',NULL,42,0,0,1,1,3,2),
(107,'/basic-technology-pry-3/',1722484550,'4516d3d938ed4df0d9e65eeb610f490e',29615,'/basic-technology-pry-3/','','',NULL,42,0,0,1,1,3,2),
(108,'/basic-science-pry-3/',1722484583,'4516d3d938ed4df0d9e65eeb610f490e',9514,'/basic-science-pry-3/','','',NULL,42,0,0,1,1,3,2),
(109,'/basic-technology-pry-3/',1722484590,'4516d3d938ed4df0d9e65eeb610f490e',20757,'/basic-technology-pry-3/','','',NULL,42,0,0,1,1,3,2),
(110,'/about/',1722484725,'4516d3d938ed4df0d9e65eeb610f490e',85384,'/about/','','',NULL,42,0,0,1,1,3,2),
(111,'/login/',1722484851,'4516d3d938ed4df0d9e65eeb610f490e',1,'/login/?redirect_to=https%3A%2F%2Fwww.takadun.ng%2Fmathematics-primary-6%2F','?redirect_to=https%3A%2F%2Fwww.takadun.ng%2Fmathematics-primary-6%2F','',NULL,42,0,0,1,1,3,2),
(112,'/library/',1722484853,'4516d3d938ed4df0d9e65eeb610f490e',2,'/library/','','',NULL,42,0,0,1,1,3,2),
(113,'/civic-education-pry-3/',1722484853,'4516d3d938ed4df0d9e65eeb610f490e',701,'/civic-education-pry-3/','','',NULL,42,0,0,1,1,3,2),
(114,'/all-books/',1722484854,'4516d3d938ed4df0d9e65eeb610f490e',77407,'/all-books/','','',NULL,42,0,0,1,1,3,2),
(115,'/category/pry-6-books/',1722484888,'4516d3d938ed4df0d9e65eeb610f490e',72,'/category/pry-6-books/','','',NULL,42,0,0,1,1,3,2),
(116,'/category/pry-6-books/',1722484897,'4516d3d938ed4df0d9e65eeb610f490e',3607,'/category/pry-6-books/','','',NULL,42,0,0,1,1,3,2),
(117,'/category/pry-6-books/',1722484906,'4516d3d938ed4df0d9e65eeb610f490e',372029,'/category/pry-6-books/','','',NULL,42,0,0,1,1,3,2),
(118,'/all-books/',1722484920,'4516d3d938ed4df0d9e65eeb610f490e',354245,'/all-books/','','',NULL,42,0,0,1,1,3,2),
(119,'/social-studies-primary-6/',1722484976,'4516d3d938ed4df0d9e65eeb610f490e',276796,'/social-studies-primary-6/','','',NULL,42,0,0,1,1,3,2),
(120,'/mathematics-primary-3/',1722485282,'4516d3d938ed4df0d9e65eeb610f490e',2502,'/mathematics-primary-3/','','',NULL,42,0,0,1,1,3,2),
(121,'/category/pry-3-books/',1722485283,'4516d3d938ed4df0d9e65eeb610f490e',1823,'/category/pry-3-books/','','',NULL,42,0,0,1,1,3,2),
(122,'/',1722548370,'a88f06766041a2263e60968bd795f91e',137,'/','','',NULL,43,1,1,1,3,1,1),
(123,'/mathematics-primary-1/',1722632824,'004d8fe8e43f5ec00616328d1a4f3c5c',77624,'/mathematics-primary-1/','','',NULL,44,0,0,1,6,1,1),
(124,'/flipbook/mathematics-pry-1/',1722632880,'004d8fe8e43f5ec00616328d1a4f3c5c',37996,'/flipbook/mathematics-pry-1/','','',NULL,44,0,0,1,6,1,1),
(125,'/flipbook/mathematics-pry-1/',1722632953,'004d8fe8e43f5ec00616328d1a4f3c5c',47849,'/flipbook/mathematics-pry-1/','','',NULL,44,0,0,1,6,1,1),
(126,'/flipbook/mathematics-pry-1/',1722633383,'004d8fe8e43f5ec00616328d1a4f3c5c',66790,'/flipbook/mathematics-pry-1/','','',NULL,44,0,0,1,6,1,1),
(127,'/',1722634708,'bf573b904f7ad0d2d56f9da9058a5413',0,'/','','',NULL,45,1,1,1,3,1,1),
(128,'/wp-admin/post.php/',1722635473,'004d8fe8e43f5ec00616328d1a4f3c5c',1767,'/wp-admin/post.php/?post=2505&action=edit','?post=2505&action=edit','',NULL,46,0,0,1,6,1,1),
(129,'/wp-admin/edit.php/',1722635841,'004d8fe8e43f5ec00616328d1a4f3c5c',57263,'/wp-admin/edit.php/','','',NULL,46,0,0,1,6,1,1),
(130,'/',1722638501,'004d8fe8e43f5ec00616328d1a4f3c5c',19666,'/','','',NULL,47,0,0,0,0,0,0),
(131,'/category/pry-6-books/',1722638968,'004d8fe8e43f5ec00616328d1a4f3c5c',3637,'/category/pry-6-books/','','',NULL,47,0,0,0,0,0,0),
(132,'/security-education-primary-6/',1722638969,'004d8fe8e43f5ec00616328d1a4f3c5c',30000,'/security-education-primary-6/','','',NULL,47,0,0,0,0,0,0),
(133,'/',1722640305,'004d8fe8e43f5ec00616328d1a4f3c5c',201522,'/','','',NULL,47,0,0,0,0,0,0),
(134,'/',1722640705,'08eaa9a36916962d1e028fe870412bda',1039,'/','','',NULL,48,1,0,1,6,1,1),
(135,'/about/',1722640736,'08eaa9a36916962d1e028fe870412bda',97447,'/about/','','',NULL,48,0,0,0,0,0,0),
(136,'/about/',1722643184,'08eaa9a36916962d1e028fe870412bda',87641,'/about/','','',NULL,49,0,0,0,0,0,0),
(137,'/',1722643269,'08eaa9a36916962d1e028fe870412bda',65286,'/','','',NULL,49,0,0,0,0,0,0),
(138,'/',1722643335,'08eaa9a36916962d1e028fe870412bda',23695,'/','','',NULL,49,0,0,0,0,0,0),
(139,'/',1722644961,'4516d3d938ed4df0d9e65eeb610f490e',88063,'/','','','/',50,0,0,0,0,0,0),
(140,'/',1722645079,'4516d3d938ed4df0d9e65eeb610f490e',92553,'/','','','/',50,0,0,0,0,0,0),
(141,'/library/',1722645223,'4516d3d938ed4df0d9e65eeb610f490e',10810,'/library/','','',NULL,50,0,0,0,0,0,0),
(142,'/about/',1722645352,'4516d3d938ed4df0d9e65eeb610f490e',105870,'/about/','','',NULL,50,0,0,0,0,0,0),
(143,'/about/',1722645462,'4516d3d938ed4df0d9e65eeb610f490e',127145,'/about/','','',NULL,50,0,0,0,0,0,0),
(144,'/about/',1722645988,'08eaa9a36916962d1e028fe870412bda',6825,'/about/','','',NULL,51,0,0,0,0,0,0),
(145,'/',1722651978,'604dba93f0636ba10b3158e350441014',0,'/','','',NULL,52,1,1,1,2,2,1),
(146,'/',1722651991,'94b79f89cf262849601d9dfe82f2c0db',10,'/','','',NULL,53,1,1,1,2,2,1),
(147,'/about/',1722653718,'098bbed89223dfde775e872e44d3c00f',0,'/about/','','',NULL,54,0,1,1,1,3,2),
(148,'/about/',1722655400,'08eaa9a36916962d1e028fe870412bda',22528,'/about/','','',NULL,55,0,0,0,0,0,0),
(149,'/about/',1722655423,'098bbed89223dfde775e872e44d3c00f',56238,'/about/','','',NULL,54,0,0,0,0,0,0),
(150,'/about/',1722655718,'098bbed89223dfde775e872e44d3c00f',33250,'/about/','','',NULL,54,0,0,0,0,0,0),
(151,'/about/',1722655888,'08eaa9a36916962d1e028fe870412bda',178652,'/about/','','',NULL,55,0,0,0,0,0,0),
(152,'/about/',1722656179,'098bbed89223dfde775e872e44d3c00f',113460,'/about/','','',NULL,54,0,0,0,0,0,0),
(153,'/',1722663678,'5407f412c8bbe3aeb70115f65df0f9ec',60,'/','','',NULL,56,1,1,1,2,2,1),
(154,'/',1722693905,'9af772f2db3c2e723d4c770075b8475e',61190,'/','','',NULL,57,1,0,0,0,0,0),
(155,'/',1722694158,'9af772f2db3c2e723d4c770075b8475e',8126,'/','','',NULL,57,0,0,0,0,0,0),
(156,'/all-books/',1722694167,'9af772f2db3c2e723d4c770075b8475e',27457,'/all-books/','','',NULL,57,0,0,0,0,0,0),
(157,'/',1722694167,'4516d3d938ed4df0d9e65eeb610f490e',108815,'/','','',NULL,58,0,0,0,0,0,0),
(158,'/about/',1722698595,'098bbed89223dfde775e872e44d3c00f',10460,'/about/','','',NULL,59,0,0,0,0,0,0),
(159,'/',1722721045,'8eef2177547fcb974e13d0a90f5473f7',0,'/','','',NULL,60,1,1,1,3,1,1),
(160,'/',1722732233,'4516d3d938ed4df0d9e65eeb610f490e',93778,'/','','',NULL,61,0,0,0,0,0,0),
(161,'/about/',1722732331,'4516d3d938ed4df0d9e65eeb610f490e',57697,'/about/','','',NULL,61,0,0,0,0,0,0),
(162,'/',1722732404,'4516d3d938ed4df0d9e65eeb610f490e',8324,'/','','',NULL,61,0,0,0,0,0,0),
(163,'/all-books/',1722732409,'4516d3d938ed4df0d9e65eeb610f490e',14439,'/all-books/','','',NULL,61,0,0,0,0,0,0),
(164,'/physical-health-education-pry-3/',1722732423,'4516d3d938ed4df0d9e65eeb610f490e',24866,'/physical-health-education-pry-3/','','',NULL,61,0,0,0,0,0,0),
(165,'/basic-science-technology-3/',1722732449,'4516d3d938ed4df0d9e65eeb610f490e',13096,'/basic-science-technology-3/','','',NULL,61,0,0,0,0,0,0),
(166,'/login/',1722732463,'4516d3d938ed4df0d9e65eeb610f490e',15702,'/login/?redirect_to=https%3A%2F%2Fwww.takadun.ng%2Fbasic-science-technology-3%2F','?redirect_to=https%3A%2F%2Fwww.takadun.ng%2Fbasic-science-technology-3%2F','',NULL,61,0,0,0,0,0,0),
(167,'/login/',1722732479,'4516d3d938ed4df0d9e65eeb610f490e',14392,'/login/?action=empty_username&username','?action=empty_username&username','',NULL,61,0,0,0,0,0,0),
(168,'/login/',1722732519,'4516d3d938ed4df0d9e65eeb610f490e',20581,'/login/?action=lostpassword','?action=lostpassword','','https://imunify-alert.com/',61,0,0,0,0,0,0),
(169,'/membership-account/',1722732539,'4516d3d938ed4df0d9e65eeb610f490e',22710,'/membership-account/','','',NULL,61,0,0,0,0,0,0),
(170,'/membership-account/membership-checkout/',1722732563,'4516d3d938ed4df0d9e65eeb610f490e',15988,'/membership-account/membership-checkout/?pmpro_level=10','?pmpro_level=10','',NULL,61,0,0,0,0,0,0),
(171,'/membership-account/membership-checkout/',1722732579,'4516d3d938ed4df0d9e65eeb610f490e',10245,'/membership-account/membership-checkout/?pmpro_level=10','?pmpro_level=10','',NULL,61,0,0,0,0,0,0),
(172,'/library/',1722732590,'4516d3d938ed4df0d9e65eeb610f490e',1,'/library/','','',NULL,61,0,0,1,1,3,2),
(173,'/category/pry-3-books/',1722732611,'4516d3d938ed4df0d9e65eeb610f490e',4270,'/category/pry-3-books/','','',NULL,61,0,0,0,0,0,0),
(174,'/physical-health-education-pry-3/',1722732616,'4516d3d938ed4df0d9e65eeb610f490e',40306,'/physical-health-education-pry-3/','','',NULL,61,0,0,0,0,0,0),
(175,'/basic-science-technology-3/',1722732656,'4516d3d938ed4df0d9e65eeb610f490e',14782,'/basic-science-technology-3/','','',NULL,61,0,0,0,0,0,0),
(176,'/login/',1722732677,'4516d3d938ed4df0d9e65eeb610f490e',9166,'/login/?redirect_to=https%3A%2F%2Fwww.takadun.ng%2Fbasic-science-technology-3%2F','?redirect_to=https%3A%2F%2Fwww.takadun.ng%2Fbasic-science-technology-3%2F','',NULL,61,0,0,0,0,0,0),
(177,'/login/',1722732680,'4516d3d938ed4df0d9e65eeb610f490e',13290,'/login/?action=reset_pass','?action=reset_pass','',NULL,61,0,0,0,0,0,0),
(178,'/login/',1722732693,'4516d3d938ed4df0d9e65eeb610f490e',4539,'/login/','','',NULL,61,0,0,0,0,0,0),
(179,'/login/',1722732702,'4516d3d938ed4df0d9e65eeb610f490e',16663,'/login/?action=reset_pass','?action=reset_pass','',NULL,61,0,0,0,0,0,0),
(180,'/login/',1722732721,'4516d3d938ed4df0d9e65eeb610f490e',7759,'/login/','','',NULL,61,0,0,0,0,0,0),
(181,'/login/',1722732785,'4516d3d938ed4df0d9e65eeb610f490e',11386,'/login/?action=lostpassword','?action=lostpassword','','https://imunify-alert.com/',61,0,0,0,0,0,0),
(182,'/',1722732802,'4516d3d938ed4df0d9e65eeb610f490e',27038,'/','','',NULL,61,0,0,0,0,0,0),
(183,'/all-books/',1722732829,'4516d3d938ed4df0d9e65eeb610f490e',31628,'/all-books/','','',NULL,61,0,0,0,0,0,0),
(184,'/mathematics-primary-6/',1722732869,'4516d3d938ed4df0d9e65eeb610f490e',10356,'/mathematics-primary-6/','','',NULL,61,0,0,0,0,0,0),
(185,'/basic-science-technology-6/',1722732873,'4516d3d938ed4df0d9e65eeb610f490e',11274,'/basic-science-technology-6/','','',NULL,61,0,0,0,0,0,0),
(186,'/pre-vocational-studies-6/',1722732885,'4516d3d938ed4df0d9e65eeb610f490e',15583,'/pre-vocational-studies-6/','','',NULL,61,0,0,0,0,0,0),
(187,'/physical-health-education-6/',1722732904,'4516d3d938ed4df0d9e65eeb610f490e',16144,'/physical-health-education-6/','','',NULL,61,0,0,0,0,0,0),
(188,'/national-values-6/',1722732924,'4516d3d938ed4df0d9e65eeb610f490e',14338,'/national-values-6/','','',NULL,61,0,0,0,0,0,0),
(189,'/',1722749902,'e01dc112557ba33cba1b74e44b6ebb03',55,'/','','',NULL,62,1,1,1,2,2,1),
(190,'/',1722755331,'4516d3d938ed4df0d9e65eeb610f490e',90215,'/','','',NULL,63,0,0,0,0,0,0),
(191,'/all-books/',1722755478,'4516d3d938ed4df0d9e65eeb610f490e',6878,'/all-books/','','',NULL,63,0,0,0,0,0,0),
(192,'/physical-health-education-pry-3/',1722755485,'4516d3d938ed4df0d9e65eeb610f490e',8112,'/physical-health-education-pry-3/','','',NULL,63,0,0,0,0,0,0),
(193,'/login/',1722755494,'4516d3d938ed4df0d9e65eeb610f490e',41017,'/login/?redirect_to=https%3A%2F%2Fwww.takadun.ng%2Fphysical-health-education-pry-3%2F','?redirect_to=https%3A%2F%2Fwww.takadun.ng%2Fphysical-health-education-pry-3%2F','',NULL,63,0,0,0,0,0,0),
(194,'/login/',1722755524,'4516d3d938ed4df0d9e65eeb610f490e',12245,'/login/?action=lostpassword','?action=lostpassword','','https://imunify-alert.com/',63,0,0,0,0,0,0),
(195,'/physical-health-education-pry-3/',1722755562,'4516d3d938ed4df0d9e65eeb610f490e',137059,'/physical-health-education-pry-3/','','',NULL,63,0,0,0,0,0,0),
(196,'/basic-science-pry-3/',1722755709,'4516d3d938ed4df0d9e65eeb610f490e',171297,'/basic-science-pry-3/','','',NULL,63,0,0,0,0,0,0),
(197,'/physical-health-education-pry-3/',1722755922,'4516d3d938ed4df0d9e65eeb610f490e',31215,'/physical-health-education-pry-3/','','',NULL,63,0,0,0,0,0,0),
(198,'/physical-health-education-pry-3/',1722755962,'4516d3d938ed4df0d9e65eeb610f490e',25989,'/physical-health-education-pry-3/','','',NULL,63,0,0,0,0,0,0),
(199,'/category/pry-3-books/',1722756008,'4516d3d938ed4df0d9e65eeb610f490e',13202,'/category/pry-3-books/','','',NULL,63,0,0,0,0,0,0),
(200,'/social-studies-primary-3/',1722756021,'4516d3d938ed4df0d9e65eeb610f490e',302010,'/social-studies-primary-3/','','',NULL,63,0,0,0,0,0,0),
(201,'/category/pry-3-books/',1722757038,'4516d3d938ed4df0d9e65eeb610f490e',14752,'/category/pry-3-books/','','',NULL,63,0,0,0,0,0,0),
(202,'/computer-science-pry-3/',1722757054,'4516d3d938ed4df0d9e65eeb610f490e',116855,'/computer-science-pry-3/','','',NULL,63,0,0,0,0,0,0),
(203,'/category/pry-3-books/',1722757183,'4516d3d938ed4df0d9e65eeb610f490e',12844,'/category/pry-3-books/','','',NULL,63,0,0,0,0,0,0),
(204,'/mathematics-primary-3/',1722757195,'4516d3d938ed4df0d9e65eeb610f490e',19427,'/mathematics-primary-3/','','',NULL,63,0,0,0,0,0,0),
(205,'/category/pry-3-books/',1722757215,'4516d3d938ed4df0d9e65eeb610f490e',22221,'/category/pry-3-books/','','',NULL,63,0,0,0,0,0,0),
(206,'/civic-education-pry-3/',1722757238,'4516d3d938ed4df0d9e65eeb610f490e',320626,'/civic-education-pry-3/','','',NULL,63,0,0,0,0,0,0),
(207,'/category/pry-3-books/',1722757918,'4516d3d938ed4df0d9e65eeb610f490e',24539,'/category/pry-3-books/','','',NULL,63,0,0,0,0,0,0),
(208,'/agric-science-primary-3/',1722757943,'4516d3d938ed4df0d9e65eeb610f490e',210455,'/agric-science-primary-3/','','',NULL,63,0,0,0,0,0,0),
(209,'/category/pry-3-books/',1722758172,'4516d3d938ed4df0d9e65eeb610f490e',55722,'/category/pry-3-books/','','',NULL,63,0,0,0,0,0,0),
(210,'/home-economics-pry-3/',1722758227,'4516d3d938ed4df0d9e65eeb610f490e',175144,'/home-economics-pry-3/','','',NULL,63,0,0,0,0,0,0),
(211,'/category/pry-3-books/',1722758414,'4516d3d938ed4df0d9e65eeb610f490e',45119,'/category/pry-3-books/','','',NULL,63,0,0,0,0,0,0),
(212,'/category/pry-3-books/page/2/',1722758460,'4516d3d938ed4df0d9e65eeb610f490e',9611,'/category/pry-3-books/page/2/','','',NULL,63,0,0,0,0,0,0),
(213,'/',1722758926,'4516d3d938ed4df0d9e65eeb610f490e',82551,'/','','',NULL,63,0,0,0,0,0,0),
(214,'/',1722759368,'4516d3d938ed4df0d9e65eeb610f490e',9103,'/','','',NULL,63,0,0,0,0,0,0),
(215,'/',1722786809,'4516d3d938ed4df0d9e65eeb610f490e',53810,'/','','',NULL,64,0,0,0,0,0,0),
(216,'/library/',1722786881,'4516d3d938ed4df0d9e65eeb610f490e',57379,'/library/','','',NULL,64,0,0,0,0,0,0),
(217,'/membership-account/membership-levels/',1722786973,'4516d3d938ed4df0d9e65eeb610f490e',103174,'/membership-account/membership-levels/','','',NULL,64,0,0,0,0,0,0),
(218,'/membership-account/',1722787077,'4516d3d938ed4df0d9e65eeb610f490e',33362,'/membership-account/','','',NULL,64,0,0,0,0,0,0),
(219,'/membership-account/membership-levels/',1722787111,'4516d3d938ed4df0d9e65eeb610f490e',25234,'/membership-account/membership-levels/','','',NULL,64,0,0,0,0,0,0),
(220,'/membership-account/membership-levels/',1722787162,'4516d3d938ed4df0d9e65eeb610f490e',23537,'/membership-account/membership-levels/','','',NULL,64,0,0,0,0,0,0),
(221,'/about/',1722787174,'4516d3d938ed4df0d9e65eeb610f490e',92943,'/about/','','',NULL,64,0,0,0,0,0,0),
(222,'/about/',1722787278,'4516d3d938ed4df0d9e65eeb610f490e',41,'/about/','','',NULL,64,0,0,1,1,3,2),
(223,'/about/',1722787311,'4516d3d938ed4df0d9e65eeb610f490e',33718,'/about/','','',NULL,64,0,0,0,0,0,0),
(224,'/',1722801420,'14178b34278d5ac29ac50a0761536532',30899,'/','','',NULL,65,1,0,0,0,0,0),
(225,'/membership-account/membership-levels/',1722801438,'14178b34278d5ac29ac50a0761536532',50534,'/membership-account/membership-levels/','','',NULL,65,0,0,0,0,0,0),
(226,'/membership-account/membership-checkout/',1722801454,'14178b34278d5ac29ac50a0761536532',27455,'/membership-account/membership-checkout/?pmpro_level=8','?pmpro_level=8','',NULL,65,0,0,0,0,0,0),
(227,'/library/',1722801533,'14178b34278d5ac29ac50a0761536532',7600,'/library/','','',NULL,65,0,0,0,0,0,0),
(228,'/',1722806754,'076805a0a09e5535aec15b6b530ed358',3,'/','','',NULL,66,1,1,1,3,1,1),
(229,'/',1722815456,'79afde98070ba6fe9a954a6dd0831adc',84,'/','','',NULL,67,1,1,1,1,3,2),
(230,'/',1722835908,'5480bd67bbeab6154485efb3fc99822b',3,'/','','',NULL,68,1,1,1,2,2,1),
(231,'/all-books/',1722851227,'9af772f2db3c2e723d4c770075b8475e',1657,'/all-books/','','',NULL,69,0,0,0,0,0,0),
(232,'/',1722851228,'9af772f2db3c2e723d4c770075b8475e',3,'/','','',NULL,69,0,0,1,6,3,2),
(233,'/all-books/',1722875231,'5dd02ac4e2a25a4106ae31feb436360c',26425,'/all-books/','','',NULL,70,1,0,0,0,0,0),
(234,'/category/pry-3-books/',1722875267,'5dd02ac4e2a25a4106ae31feb436360c',2,'/category/pry-3-books/','','',NULL,70,0,0,1,10,3,2),
(235,'/',1722893743,'f25d586c9f4d47cf2ff602c9e34ecdc9',19,'/','','',NULL,71,1,1,1,3,1,1),
(236,'/flipbook/physical-health-education-primaryy-3/',1722895170,'004d8fe8e43f5ec00616328d1a4f3c5c',62696,'/flipbook/physical-health-education-primaryy-3/','','',NULL,72,0,0,0,0,0,0),
(237,'/flipbook/physical-health-education-primaryy-3/',1722895421,'004d8fe8e43f5ec00616328d1a4f3c5c',120118,'/flipbook/physical-health-education-primaryy-3/','','',NULL,72,0,0,0,0,0,0),
(238,'/flipbook/physical-health-education-primaryy-3/',1722895603,'004d8fe8e43f5ec00616328d1a4f3c5c',14921,'/flipbook/physical-health-education-primaryy-3/','','',NULL,72,0,0,0,0,0,0),
(239,'/flipbook/physical-health-education-primary-2/',1722895700,'004d8fe8e43f5ec00616328d1a4f3c5c',15925,'/flipbook/physical-health-education-primary-2/','','',NULL,72,0,0,0,0,0,0),
(240,'/',1722923061,'9272383d367cb0ae2725fe1be53225fc',0,'/','','',NULL,73,1,1,1,2,2,1),
(241,'/login/',1722936387,'5031b1548fef332455e32f38ab9367a9',27638,'/login/?redirect_to=https%3A%2F%2Ftakadun.ng%2Fwp-admin%2F','?redirect_to=https%3A%2F%2Ftakadun.ng%2Fwp-admin%2F','',NULL,74,1,0,0,0,0,0),
(242,'/login/',1722948524,'613f018abdd49d8000497e0e49fb6e0f',68036,'/login/?redirect_to=https%3A%2F%2Ftakadun.ng%2Fwp-admin%2F','?redirect_to=https%3A%2F%2Ftakadun.ng%2Fwp-admin%2F','',NULL,75,1,0,0,0,0,0),
(243,'/membership-account/your-profile/',1722950274,'613f018abdd49d8000497e0e49fb6e0f',14730,'/membership-account/your-profile/','','',NULL,75,0,0,0,0,0,0),
(244,'/membership-account/',1722950281,'613f018abdd49d8000497e0e49fb6e0f',2,'/membership-account/','','',NULL,75,0,0,1,6,1,1),
(245,'/membership-account/',1722950290,'613f018abdd49d8000497e0e49fb6e0f',10953,'/membership-account/','','',NULL,75,0,0,0,0,0,0),
(246,'/membership-account/your-profile/',1722950300,'613f018abdd49d8000497e0e49fb6e0f',13815,'/membership-account/your-profile/','','',NULL,75,0,0,0,0,0,0),
(247,'/membership-account/your-profile/',1722950314,'613f018abdd49d8000497e0e49fb6e0f',9438,'/membership-account/your-profile/','','',NULL,75,0,0,0,0,0,0),
(248,'/membership-account/membership-cancel/',1722950324,'613f018abdd49d8000497e0e49fb6e0f',7227,'/membership-account/membership-cancel/','','',NULL,75,0,0,0,0,0,0),
(249,'/membership-account/',1722950331,'613f018abdd49d8000497e0e49fb6e0f',94928,'/membership-account/','','',NULL,75,0,0,0,0,0,0),
(250,'/membership-account/your-profile/',1722950349,'613f018abdd49d8000497e0e49fb6e0f',12993,'/membership-account/your-profile/?view=change-password','?view=change-password','',NULL,75,0,0,0,0,0,0),
(251,'/membership-account/membership-cancel/',1722950437,'613f018abdd49d8000497e0e49fb6e0f',4086,'/membership-account/membership-cancel/','','',NULL,75,0,0,0,0,0,0),
(252,'/membership-account/membership-cancel/',1722950441,'613f018abdd49d8000497e0e49fb6e0f',41509,'/membership-account/membership-cancel/?levelstocancel=5','?levelstocancel=5','',NULL,75,0,0,0,0,0,0),
(253,'/',1722962727,'a6768b9d51b044c093b601cdc8628dfd',37,'/','','',NULL,76,1,1,1,1,3,2),
(254,'/',1722980055,'88a199b1db4c5bfc27e2a49b1be8103b',40,'/','','',NULL,77,1,1,1,3,1,1),
(255,'/',1723009667,'dbe21dd80f00b20277269715efd6db14',181,'/','','',NULL,78,1,1,1,2,2,1),
(256,'/',1723056698,'098bbed89223dfde775e872e44d3c00f',47648,'/','','',NULL,79,0,0,0,0,0,0),
(257,'/about/',1723056762,'098bbed89223dfde775e872e44d3c00f',130502,'/about/','','',NULL,79,0,0,0,0,0,0),
(258,'/',1723056933,'098bbed89223dfde775e872e44d3c00f',42575,'/','','',NULL,79,0,0,0,0,0,0),
(259,'/',1723066382,'8a3d46f0f82e8a6fd79754477855fa0f',0,'/','','',NULL,80,1,1,1,3,1,1),
(260,'/',1723080475,'4516d3d938ed4df0d9e65eeb610f490e',47248,'/','','','/',81,0,0,0,0,0,0),
(261,'/library/',1723080530,'4516d3d938ed4df0d9e65eeb610f490e',97465,'/library/','','',NULL,81,0,0,0,0,0,0),
(262,'/',1723080834,'4516d3d938ed4df0d9e65eeb610f490e',83638,'/','','',NULL,81,0,0,0,0,0,0),
(263,'/',1723081199,'4516d3d938ed4df0d9e65eeb610f490e',55867,'/','','','/',81,0,0,0,0,0,0),
(264,'/',1723081319,'4516d3d938ed4df0d9e65eeb610f490e',177520,'/','','','/',81,0,0,0,0,0,0),
(265,'/category/pry-4-books/',1723081955,'4516d3d938ed4df0d9e65eeb610f490e',15650,'/category/pry-4-books/','','',NULL,81,0,0,0,0,0,0),
(266,'/',1723081971,'4516d3d938ed4df0d9e65eeb610f490e',398058,'/','','',NULL,81,0,0,0,0,0,0),
(267,'/category/pry-3-books/',1723082066,'4516d3d938ed4df0d9e65eeb610f490e',4033,'/category/pry-3-books/','','',NULL,81,0,0,0,0,0,0),
(268,'/category/pry-1-books/',1723082083,'4516d3d938ed4df0d9e65eeb610f490e',2336,'/category/pry-1-books/','','',NULL,81,0,0,0,0,0,0),
(269,'/category/pry-2-books/',1723082092,'4516d3d938ed4df0d9e65eeb610f490e',1887,'/category/pry-2-books/','','',NULL,81,0,0,0,0,0,0),
(270,'/category/pry-6-books/',1723082273,'4516d3d938ed4df0d9e65eeb610f490e',2410,'/category/pry-6-books/','','',NULL,81,0,0,0,0,0,0),
(271,'/category/pry-4-books/',1723082287,'4516d3d938ed4df0d9e65eeb610f490e',2744,'/category/pry-4-books/','','',NULL,81,0,0,0,0,0,0),
(272,'/category/pry-4-books/',1723082295,'4516d3d938ed4df0d9e65eeb610f490e',1964,'/category/pry-4-books/','','',NULL,81,0,0,0,0,0,0),
(273,'/category/pry-4-books/',1723082571,'4516d3d938ed4df0d9e65eeb610f490e',25752,'/category/pry-4-books/','','',NULL,81,0,0,0,0,0,0),
(274,'/library/',1723082595,'4516d3d938ed4df0d9e65eeb610f490e',35314,'/library/','','',NULL,81,0,0,0,0,0,0),
(275,'/',1723082678,'4516d3d938ed4df0d9e65eeb610f490e',3372,'/','','','/',81,0,0,0,0,0,0),
(276,'/',1723095898,'5133748ec7385aa657e76f42cb9830db',1520,'/','','',NULL,82,1,1,1,2,2,1),
(277,'/',1723131421,'4516d3d938ed4df0d9e65eeb610f490e',45092,'/','','',NULL,83,0,0,0,0,0,0),
(278,'/about/',1723131725,'4516d3d938ed4df0d9e65eeb610f490e',778498,'/about/','','',NULL,83,0,0,0,0,0,0),
(279,'/',1723132309,'4516d3d938ed4df0d9e65eeb610f490e',32291,'/','','',NULL,83,0,0,0,0,0,0),
(280,'/about/',1723132324,'4516d3d938ed4df0d9e65eeb610f490e',298669,'/about/','','',NULL,83,0,0,0,0,0,0),
(281,'/membership-account/membership-levels/',1723132688,'4516d3d938ed4df0d9e65eeb610f490e',155088,'/membership-account/membership-levels/','','',NULL,83,0,0,0,0,0,0),
(282,'/',1723149717,'9764fa0b4888b7201b166e76590fc907',1019,'/','','',NULL,84,1,1,1,3,1,1),
(283,'/',1723160271,'098bbed89223dfde775e872e44d3c00f',3103,'/','','',NULL,85,0,1,0,0,0,0),
(284,'/',1723173757,'4516d3d938ed4df0d9e65eeb610f490e',44382,'/','','','/',86,0,0,0,0,0,0),
(285,'/membership-account/membership-levels/',1723173790,'4516d3d938ed4df0d9e65eeb610f490e',122180,'/membership-account/membership-levels/','','',NULL,86,0,0,0,0,0,0),
(286,'/',1723174372,'f9898088a357c48d6abbd1b5cbb4586a',102238,'/','','',NULL,87,1,0,0,0,0,0),
(287,'/',1723174645,'4516d3d938ed4df0d9e65eeb610f490e',18333,'/','','','/',86,0,0,0,0,0,0),
(288,'/about/',1723174660,'4516d3d938ed4df0d9e65eeb610f490e',182935,'/about/','','',NULL,86,0,0,0,0,0,0),
(289,'/',1723174937,'4516d3d938ed4df0d9e65eeb610f490e',15149,'/','','','/',86,0,0,0,0,0,0),
(290,'/about/',1723174939,'4516d3d938ed4df0d9e65eeb610f490e',91312,'/about/','','',NULL,86,0,0,0,0,0,0),
(291,'/about/',1723175293,'4516d3d938ed4df0d9e65eeb610f490e',24489,'/about/','','',NULL,86,0,0,0,0,0,0),
(292,'/about/',1723175324,'4516d3d938ed4df0d9e65eeb610f490e',120670,'/about/','','',NULL,86,0,0,0,0,0,0),
(293,'/about/',1723175463,'4516d3d938ed4df0d9e65eeb610f490e',355183,'/about/','','',NULL,86,0,0,0,0,0,0),
(294,'/',1723182444,'0ea7b410e6e14e86ecf778560ee7086b',777,'/','','',NULL,88,1,1,1,2,2,1),
(295,'/',1723182466,'d85bfcb9a93cadcb0c0bca3086cad366',1480,'/','','',NULL,89,1,1,1,2,2,1),
(296,'/about/',1723202378,'4516d3d938ed4df0d9e65eeb610f490e',7,'/about/','','',NULL,90,0,1,1,1,3,2),
(297,'/',1723234247,'f9898088a357c48d6abbd1b5cbb4586a',1,'/','','',NULL,91,0,1,1,11,5,2),
(298,'/about/',1723238845,'4516d3d938ed4df0d9e65eeb610f490e',18,'/about/','','',NULL,92,0,1,1,1,3,2),
(299,'/',1723239017,'b0e99fab2f1c85397e2ccbc68551cea0',179,'/','','',NULL,93,1,1,1,3,1,1),
(300,'/',1723258137,'4d753f094e824414a8dc6153a063c0fc',808,'/','','',NULL,94,1,1,1,2,2,1),
(301,'/',1723258154,'5f6ae0bdfa1ffcf41c76b7a3b2fb5ef1',609,'/','','',NULL,95,1,1,1,2,2,1),
(302,'/',1723258191,'c84fc516ee0152b2fd94af1e68410987',291,'/','','',NULL,96,1,1,1,2,2,1),
(303,'/',1723284740,'9af772f2db3c2e723d4c770075b8475e',126096,'/','','',NULL,97,0,0,0,0,0,0),
(304,'/',1723308523,'9af772f2db3c2e723d4c770075b8475e',43132,'/','','',NULL,98,0,0,0,0,0,0),
(305,'/',1723311351,'004d8fe8e43f5ec00616328d1a4f3c5c',14235,'/?complianz_scan_token=e4b0ac836e&complianz_id=home','?complianz_scan_token=e4b0ac836e&complianz_id=home','',NULL,99,0,0,0,0,0,0),
(306,'/wp-admin/remote/',1723311375,'004d8fe8e43f5ec00616328d1a4f3c5c',52027,'/wp-admin/remote/','','',NULL,99,0,0,0,0,0,0),
(307,'/physical-health-education-pry-3/',1723311427,'004d8fe8e43f5ec00616328d1a4f3c5c',26083,'/physical-health-education-pry-3/?complianz_scan_token=e4b0ac836e&complianz_id=2530','?complianz_scan_token=e4b0ac836e&complianz_id=2530','',NULL,99,0,0,0,0,0,0),
(308,'/computer-science-pry-1/',1723311495,'004d8fe8e43f5ec00616328d1a4f3c5c',82326,'/computer-science-pry-1/?complianz_scan_token=e4b0ac836e&complianz_id=2505','?complianz_scan_token=e4b0ac836e&complianz_id=2505','',NULL,99,0,0,0,0,0,0),
(309,'/computer-science-pry-2/',1723311495,'004d8fe8e43f5ec00616328d1a4f3c5c',1,'/computer-science-pry-2/?complianz_scan_token=e4b0ac836e&complianz_id=2508','?complianz_scan_token=e4b0ac836e&complianz_id=2508','',NULL,99,0,0,1,6,1,1),
(310,'/login/',1723311520,'004d8fe8e43f5ec00616328d1a4f3c5c',1832,'/login/?complianz_scan_token=e4b0ac836e&complianz_id=loginpage','?complianz_scan_token=e4b0ac836e&complianz_id=loginpage','',NULL,99,0,0,0,0,0,0),
(311,'/',1723325378,'047494fdf50418026986e1c88904e343',0,'/','','',NULL,100,1,1,1,3,1,1),
(312,'/about/',1723363658,'4516d3d938ed4df0d9e65eeb610f490e',6,'/about/','','',NULL,101,0,1,1,1,3,2),
(313,'/flipbook/national-values-6/',1723364449,'004d8fe8e43f5ec00616328d1a4f3c5c',89325,'/flipbook/national-values-6/','','',NULL,102,0,0,0,0,0,0),
(314,'/login/',1723368604,'d46958e14cc547f9c401af76c203782c',24780,'/login/?redirect_to=https%3A%2F%2Ftakadun.ng%2Fwp-admin%2F','?redirect_to=https%3A%2F%2Ftakadun.ng%2Fwp-admin%2F','',NULL,103,1,0,0,0,0,0),
(315,'/',1723369661,'004d8fe8e43f5ec00616328d1a4f3c5c',3571,'/','','',NULL,104,0,0,0,0,0,0),
(316,'/about/',1723369662,'004d8fe8e43f5ec00616328d1a4f3c5c',87906,'/about/','','',NULL,104,0,0,0,0,0,0),
(317,'/contact/',1723369677,'004d8fe8e43f5ec00616328d1a4f3c5c',65454,'/contact/','','',NULL,104,0,0,0,0,0,0),
(318,'/',1723370054,'4516d3d938ed4df0d9e65eeb610f490e',7597,'/','','','/',105,0,0,0,0,0,0),
(319,'/about/',1723370062,'4516d3d938ed4df0d9e65eeb610f490e',31690,'/about/','','',NULL,105,0,0,0,0,0,0),
(320,'/contact/',1723370094,'4516d3d938ed4df0d9e65eeb610f490e',44495,'/contact/','','',NULL,105,0,0,0,0,0,0),
(321,'/contact/',1723370148,'4516d3d938ed4df0d9e65eeb610f490e',40593,'/contact/','','',NULL,105,0,0,0,0,0,0),
(322,'/about/',1723370330,'4516d3d938ed4df0d9e65eeb610f490e',71183,'/about/','','',NULL,105,0,0,0,0,0,0),
(323,'/about/',1723370607,'4516d3d938ed4df0d9e65eeb610f490e',44983,'/about/','','',NULL,105,0,0,0,0,0,0),
(324,'/about/',1723370672,'4516d3d938ed4df0d9e65eeb610f490e',49174,'/about/','','',NULL,105,0,0,0,0,0,0),
(325,'/about/',1723370798,'4516d3d938ed4df0d9e65eeb610f490e',46083,'/about/','','',NULL,105,0,0,0,0,0,0),
(326,'/about/',1723370851,'4516d3d938ed4df0d9e65eeb610f490e',177922,'/about/','','',NULL,105,0,0,0,0,0,0),
(327,'/',1723370851,'4516d3d938ed4df0d9e65eeb610f490e',108,'/','','','/',105,0,0,1,1,3,2),
(328,'/',1723371039,'4516d3d938ed4df0d9e65eeb610f490e',13987,'/','','',NULL,105,0,0,0,0,0,0),
(329,'/about/',1723371050,'4516d3d938ed4df0d9e65eeb610f490e',9064,'/about/','','',NULL,105,0,0,0,0,0,0),
(330,'/about/',1723371060,'4516d3d938ed4df0d9e65eeb610f490e',87624,'/about/','','',NULL,105,0,0,0,0,0,0),
(331,'/',1723371585,'d46958e14cc547f9c401af76c203782c',29106,'/','','',NULL,106,0,0,0,0,0,0),
(332,'/',1723372450,'5daaf3f0d1861bd67d25eeb02873a690',128441,'/','','',NULL,107,1,0,0,0,0,0),
(333,'/library/',1723372676,'5daaf3f0d1861bd67d25eeb02873a690',58576,'/library/','','',NULL,107,0,0,0,0,0,0),
(334,'/',1723379335,'4516d3d938ed4df0d9e65eeb610f490e',89832,'/','','',NULL,108,0,0,0,0,0,0),
(335,'/library/',1723379448,'4516d3d938ed4df0d9e65eeb610f490e',18249,'/library/','','',NULL,108,0,0,0,0,0,0),
(336,'/library/',1723379455,'4516d3d938ed4df0d9e65eeb610f490e',18249,'/library/','','',NULL,108,0,0,0,0,0,0),
(337,'/',1723404983,'4516d3d938ed4df0d9e65eeb610f490e',66031,'/','','',NULL,109,0,0,0,0,0,0),
(338,'/',1723411789,'be7f9f139ad7cbeffa2743ae663884d8',3,'/','','',NULL,110,1,1,1,3,1,1),
(339,'/',1723441121,'4516d3d938ed4df0d9e65eeb610f490e',9,'/','','',NULL,111,0,1,1,1,3,2),
(340,'/physical-health-education-pry-3/',1723446445,'7e3a47bdd505d76c4f36bfa5f3fcde0b',70625,'/physical-health-education-pry-3/','','',NULL,112,0,0,0,0,0,0),
(341,'/national-values-3/',1723446516,'7e3a47bdd505d76c4f36bfa5f3fcde0b',21221,'/national-values-3/','','',NULL,112,0,0,0,0,0,0),
(342,'/login/',1723446527,'7e3a47bdd505d76c4f36bfa5f3fcde0b',9889,'/login/?redirect_to=https%3A%2F%2Fwww.takadun.ng%2Fnational-values-3%2F','?redirect_to=https%3A%2F%2Fwww.takadun.ng%2Fnational-values-3%2F','',NULL,112,0,0,0,0,0,0),
(343,'/all-books/',1723446571,'7e3a47bdd505d76c4f36bfa5f3fcde0b',13870,'/all-books/','','',NULL,112,0,0,0,0,0,0),
(344,'/computer-science-pry-3/',1723446584,'7e3a47bdd505d76c4f36bfa5f3fcde0b',1131292,'/computer-science-pry-3/','','',NULL,112,0,0,0,0,0,0),
(345,'/all-books/',1723448153,'4516d3d938ed4df0d9e65eeb610f490e',18806,'/all-books/','','',NULL,113,0,0,0,0,0,0),
(346,'/mathematics-primary-6/',1723448172,'4516d3d938ed4df0d9e65eeb610f490e',16974,'/mathematics-primary-6/','','',NULL,113,0,0,0,0,0,0),
(347,'/national-values-6/',1723448190,'4516d3d938ed4df0d9e65eeb610f490e',33123,'/national-values-6/','','',NULL,113,0,0,0,0,0,0),
(348,'/login/',1723448197,'4516d3d938ed4df0d9e65eeb610f490e',39536,'/login/?redirect_to=https%3A%2F%2Fwww.takadun.ng%2Fnational-values-6%2F','?redirect_to=https%3A%2F%2Fwww.takadun.ng%2Fnational-values-6%2F','',NULL,113,0,0,0,0,0,0),
(349,'/basic-science-technology-6/',1723448342,'4516d3d938ed4df0d9e65eeb610f490e',12213,'/basic-science-technology-6/','','',NULL,113,0,0,0,0,0,0),
(350,'/national-values-6/',1723448355,'4516d3d938ed4df0d9e65eeb610f490e',15784,'/national-values-6/','','',NULL,113,0,0,0,0,0,0),
(351,'/login/',1723448370,'4516d3d938ed4df0d9e65eeb610f490e',7814,'/login/?redirect_to=https%3A%2F%2Fwww.takadun.ng%2Fnational-values-6%2F','?redirect_to=https%3A%2F%2Fwww.takadun.ng%2Fnational-values-6%2F','',NULL,113,0,0,0,0,0,0),
(352,'/national-values-6/',1723448380,'4516d3d938ed4df0d9e65eeb610f490e',28343,'/national-values-6/','','',NULL,113,0,0,0,0,0,0),
(353,'/basic-science-technology-6/',1723448408,'4516d3d938ed4df0d9e65eeb610f490e',9841,'/basic-science-technology-6/','','',NULL,113,0,0,0,0,0,0),
(354,'/category/pry-6-books/',1723448418,'4516d3d938ed4df0d9e65eeb610f490e',9232,'/category/pry-6-books/','','',NULL,113,0,0,0,0,0,0),
(355,'/social-studies-primary-6/',1723448428,'4516d3d938ed4df0d9e65eeb610f490e',47616,'/social-studies-primary-6/','','',NULL,113,0,0,0,0,0,0),
(356,'/',1723449171,'7e3a47bdd505d76c4f36bfa5f3fcde0b',13444,'/','','',NULL,114,0,0,0,0,0,0),
(357,'/library/',1723449176,'7e3a47bdd505d76c4f36bfa5f3fcde0b',10216,'/library/','','',NULL,114,0,0,0,0,0,0),
(358,'/category/pry-6-books/',1723449189,'7e3a47bdd505d76c4f36bfa5f3fcde0b',32895,'/category/pry-6-books/','','',NULL,114,0,0,0,0,0,0),
(359,'/category/pry-6-books/page/2/',1723449221,'7e3a47bdd505d76c4f36bfa5f3fcde0b',7750,'/category/pry-6-books/page/2/','','',NULL,114,0,0,0,0,0,0),
(360,'/category/pry-6-books/',1723449229,'7e3a47bdd505d76c4f36bfa5f3fcde0b',12130,'/category/pry-6-books/','','',NULL,114,0,0,0,0,0,0),
(361,'/physical-health-education-6/',1723449241,'7e3a47bdd505d76c4f36bfa5f3fcde0b',44341,'/physical-health-education-6/','','',NULL,114,0,0,0,0,0,0),
(362,'/national-values-6/',1723449286,'7e3a47bdd505d76c4f36bfa5f3fcde0b',27418,'/national-values-6/','','',NULL,114,0,0,0,0,0,0),
(363,'/category/pry-6-books/',1723449338,'7e3a47bdd505d76c4f36bfa5f3fcde0b',8034,'/category/pry-6-books/','','',NULL,114,0,0,0,0,0,0),
(364,'/social-studies-primary-6/',1723449347,'7e3a47bdd505d76c4f36bfa5f3fcde0b',1060772,'/social-studies-primary-6/','','',NULL,114,0,0,0,0,0,0),
(365,'/library/',1723451112,'7e3a47bdd505d76c4f36bfa5f3fcde0b',8223,'/library/','','',NULL,114,0,0,0,0,0,0),
(366,'/category/pry-3-books/',1723451121,'7e3a47bdd505d76c4f36bfa5f3fcde0b',19025,'/category/pry-3-books/','','',NULL,114,0,0,0,0,0,0),
(367,'/social-studies-primary-3/',1723451140,'7e3a47bdd505d76c4f36bfa5f3fcde0b',555917,'/social-studies-primary-3/','','',NULL,114,0,0,0,0,0,0),
(368,'/category/pry-3-books/',1723452312,'7e3a47bdd505d76c4f36bfa5f3fcde0b',9959,'/category/pry-3-books/','','',NULL,114,0,0,0,0,0,0),
(369,'/security-education-primary-3/',1723452324,'7e3a47bdd505d76c4f36bfa5f3fcde0b',592384,'/security-education-primary-3/','','',NULL,114,0,0,0,0,0,0),
(370,'/library/',1723453350,'7e3a47bdd505d76c4f36bfa5f3fcde0b',12898,'/library/','','',NULL,114,0,0,0,0,0,0),
(371,'/category/pry-6-books/',1723453363,'7e3a47bdd505d76c4f36bfa5f3fcde0b',12865,'/category/pry-6-books/','','',NULL,114,0,0,0,0,0,0),
(372,'/civic-education-pry-6/',1723453377,'7e3a47bdd505d76c4f36bfa5f3fcde0b',9594,'/civic-education-pry-6/','','',NULL,114,0,0,0,0,0,0),
(373,'/category/pry-6-books/',1723453387,'7e3a47bdd505d76c4f36bfa5f3fcde0b',10331,'/category/pry-6-books/','','',NULL,114,0,0,0,0,0,0),
(374,'/civic-education-pry-6/',1723453398,'7e3a47bdd505d76c4f36bfa5f3fcde0b',25876,'/civic-education-pry-6/','','',NULL,114,0,0,0,0,0,0),
(375,'/category/pry-6-books/',1723453424,'7e3a47bdd505d76c4f36bfa5f3fcde0b',33364,'/category/pry-6-books/','','',NULL,114,0,0,0,0,0,0),
(376,'/agric-science-primary-6/',1723453458,'7e3a47bdd505d76c4f36bfa5f3fcde0b',17031,'/agric-science-primary-6/','','',NULL,114,0,0,0,0,0,0),
(377,'/all-books/',1723453475,'7e3a47bdd505d76c4f36bfa5f3fcde0b',12538,'/all-books/','','',NULL,114,0,0,0,0,0,0),
(378,'/mathematics-primary-6/',1723453489,'7e3a47bdd505d76c4f36bfa5f3fcde0b',3813,'/mathematics-primary-6/','','',NULL,114,0,0,0,0,0,0),
(379,'/category/pry-6-books/',1723453493,'7e3a47bdd505d76c4f36bfa5f3fcde0b',5418,'/category/pry-6-books/','','',NULL,114,0,0,0,0,0,0),
(380,'/security-education-primary-6/',1723453499,'7e3a47bdd505d76c4f36bfa5f3fcde0b',1,'/security-education-primary-6/','','',NULL,114,0,0,2,6,1,1),
(381,'/all-books/',1723455840,'7e3a47bdd505d76c4f36bfa5f3fcde0b',14122,'/all-books/','','',NULL,115,0,0,0,0,0,0),
(382,'/mathematics-primary-6/',1723455857,'7e3a47bdd505d76c4f36bfa5f3fcde0b',19529,'/mathematics-primary-6/','','',NULL,115,0,0,0,0,0,0),
(383,'/all-books/',1723455877,'7e3a47bdd505d76c4f36bfa5f3fcde0b',115398,'/all-books/','','',NULL,115,0,0,0,0,0,0),
(384,'/category/pry-6-books/',1723456023,'7e3a47bdd505d76c4f36bfa5f3fcde0b',15,'/category/pry-6-books/','','',NULL,115,0,0,2,6,1,1),
(385,'/social-studies-primary-6/',1723467342,'4516d3d938ed4df0d9e65eeb610f490e',9,'/social-studies-primary-6/','','',NULL,116,0,1,1,1,3,2),
(386,'/',1723472675,'69a8c9da053155ba9acd029a5328ccf3',77353,'/','','',NULL,117,1,0,0,0,0,0),
(387,'/all-books/',1723472762,'69a8c9da053155ba9acd029a5328ccf3',91361,'/all-books/','','',NULL,117,0,0,0,0,0,0),
(388,'/',1723472854,'69a8c9da053155ba9acd029a5328ccf3',3386,'/','','',NULL,117,0,0,0,0,0,0),
(389,'/',1723498149,'b597cdca7826d691219fc01a0ab979cc',0,'/','','',NULL,118,1,1,1,3,1,1),
(390,'/flipbook/basic-science-technology-5/',1723500151,'004d8fe8e43f5ec00616328d1a4f3c5c',32358,'/flipbook/basic-science-technology-5/','','',NULL,119,0,0,0,0,0,0),
(391,'/flipbook/basic-science-technology-5/',1723500200,'004d8fe8e43f5ec00616328d1a4f3c5c',25611,'/flipbook/basic-science-technology-5/','','',NULL,119,0,0,0,0,0,0),
(392,'/',1723515143,'79921b47c8e989a8320ed4695800e992',2,'/','','',NULL,120,1,1,1,2,2,1),
(393,'/',1723515151,'893a8dc61ceed28d8798470fd28a3aa3',38,'/','','',NULL,121,1,1,1,2,2,1),
(394,'/',1723515162,'149ebac2e059347805e4acaf7c4d2641',19351,'/','','',NULL,122,1,0,0,0,0,0),
(395,'/',1723515198,'149ebac2e059347805e4acaf7c4d2641',355,'/','','',NULL,122,0,0,0,0,0,0),
(396,'/',1723515201,'149ebac2e059347805e4acaf7c4d2641',2,'/','','',NULL,122,0,0,1,4,3,2),
(397,'/',1723528107,'7c70bde62dc9a1078ff4b32d1c9220d7',1420,'/','','',NULL,123,1,1,1,2,2,1),
(398,'/',1723528126,'b8217a534bd9b52f40759206f1dccdc1',1511,'/','','',NULL,124,1,1,1,2,2,1),
(399,'/',1723540833,'8d65c374fa7c11100557330721972f50',161,'/','','','https://techsini.com/',125,1,1,1,6,3,2),
(400,'/',1723540833,'fe83902b5c2c3e6736ebc499b3669a11',30,'/','','','https://techsini.com/',126,1,1,1,6,3,2),
(401,'/',1723540833,'f0298a14c6fb94a1e57bcc3d8fddd7a0',10,'/','','','https://techsini.com/',127,1,1,1,6,3,2),
(402,'/',1723540833,'bf6f16ea7306486396fa5c3b7908483f',43,'/','','','https://techsini.com/',128,1,1,1,6,3,2),
(403,'/category/pry-1-books/',1723540898,'e98f4659fc38ee5c1428b6584c7961a9',0,'/category/pry-1-books/','','',NULL,129,1,1,1,6,3,2),
(404,'/',1723540900,'909528d0e268fe7f1b94ebdd829fb5d7',3,'/','','','https://techsini.com/',130,1,1,1,6,3,2),
(405,'/',1723540900,'8be85916f8120bb82183de1b06c155ec',4,'/','','','https://techsini.com/',131,1,1,1,6,3,2),
(406,'/',1723540900,'1410fb1e10264c5ecaeed380951d3b61',3,'/','','','https://techsini.com/',132,1,1,1,6,3,2),
(407,'/',1723540900,'48eadee9626cbb40ae06140d1b8d13fa',3,'/','','','https://techsini.com/',133,1,1,1,6,3,2),
(408,'/',1723540929,'a84c7f3cd40b81c2d67c45c8fdc3603b',3,'/','','','https://techsini.com/',134,1,1,1,6,3,2),
(409,'/',1723540929,'ac8dfa3687851c138842a618b5e5d0cc',3,'/','','','https://techsini.com/',135,1,1,1,6,3,2),
(410,'/',1723540929,'9555f79a08ced1fb4394edebb635a277',11,'/','','','https://techsini.com/',136,1,1,1,6,3,2),
(411,'/',1723540930,'e5bc6690873a601794302474f8e66da3',0,'/','','','https://techsini.com/',137,1,1,1,6,3,2),
(412,'/',1723540982,'8754d942db021c08f42cafd8854cbd0a',328,'/','','',NULL,138,1,1,1,6,3,2),
(413,'/about/',1723541100,'115c2aad24f96b56ac3a2a461993ca9e',15024,'/about/','','',NULL,139,1,1,1,6,3,2),
(414,'/library/',1723541178,'45cb2ca4f7c3683d65f8ff2086a89b36',4,'/library/','','',NULL,140,1,1,1,6,3,2),
(415,'/contact/',1723541386,'d5af555f126e5e265667005a82bea00c',5160,'/contact/','','',NULL,141,1,1,1,6,3,2),
(416,'/membership-account/membership-levels/',1723541679,'79b9b6c96eac5c9b7715e6fe38ea0064',10,'/membership-account/membership-levels/','','',NULL,142,1,1,1,6,3,2),
(417,'/',1723542303,'8dc429c25a8fc74d2211efb1a6982f51',118,'/','','',NULL,143,1,1,1,6,3,2),
(418,'/category/pry-4-books/',1723542915,'addac315b4aaab27a8d80afc3798a6b1',9,'/category/pry-4-books/','','',NULL,144,1,1,1,6,3,2),
(419,'/',1723542936,'c4d935fa102f4e186b5a9c0e4b731184',3,'/','','',NULL,145,1,1,1,6,3,2),
(420,'/all-books/',1723543165,'523d901e79fc215f716cec0c1247af93',2,'/all-books/','','',NULL,146,1,1,1,6,3,2),
(421,'/contact/',1723543184,'4b4f2cc8f98faac002714fa8268a9acb',24,'/contact/','','',NULL,147,1,1,1,6,3,2),
(422,'/membership-account/membership-levels/',1723543276,'248e904da8d947dc924e84173b72dcbc',67,'/membership-account/membership-levels/','','',NULL,148,1,1,1,6,3,2),
(423,'/library/',1723543343,'1cde3065fde7a77166330b8a4f4a6439',31,'/library/','','',NULL,149,1,1,1,6,3,2),
(424,'/category/pry-1-books/',1723543362,'b5248988397984405bac9e3cb244a13b',100,'/category/pry-1-books/','','',NULL,150,1,1,1,6,3,2),
(425,'/library/',1723543370,'1828f34c58c7bad8df721f15c6f09e65',2,'/library/','','',NULL,151,1,1,1,6,3,2),
(426,'/',1723584569,'daaff814994e5e1e2e2ffaefe1569fd6',20,'/','','',NULL,152,1,1,1,3,1,1),
(427,'/',1723639259,'4516d3d938ed4df0d9e65eeb610f490e',68766,'/','','','/',153,0,0,0,0,0,0),
(428,'/social-studies-primary-6/',1723655082,'4516d3d938ed4df0d9e65eeb610f490e',184135,'/social-studies-primary-6/','','',NULL,154,0,0,0,0,0,0),
(429,'/',1723655274,'4516d3d938ed4df0d9e65eeb610f490e',199626,'/','','',NULL,154,0,0,0,0,0,0),
(430,'/social-studies-primary-6/',1723656815,'4516d3d938ed4df0d9e65eeb610f490e',15504,'/social-studies-primary-6/','','',NULL,154,0,0,0,0,0,0),
(431,'/',1723656831,'4516d3d938ed4df0d9e65eeb610f490e',0,'/','','',NULL,154,0,0,1,6,3,2),
(432,'/',1723657770,'d15553d7b088dff9246dd0a067b423a5',14,'/','','','https://techsini.com/',155,1,1,1,6,3,2),
(433,'/',1723657770,'e4196f91e39e03c9cc321b9c2c874f0f',10,'/','','','https://techsini.com/',156,1,1,1,6,3,2),
(434,'/',1723670814,'d3ce470de2b2c19241cae0fcec8b455e',199,'/','','',NULL,157,1,1,1,3,1,1),
(435,'/',1723711679,'23184820bfc8863d7ea419b17ed0cf3d',1,'/','','','https://techsini.com/',158,1,1,1,6,1,1),
(436,'/',1723711680,'758e841a5fd555995eb1e6899e45166b',2,'/','','','https://techsini.com/',159,1,1,1,6,1,1),
(437,'/',1723711680,'2c7d0f5ed8eae7a2005df4f987ee28e9',2,'/','','','https://techsini.com/',160,1,1,1,6,1,1),
(438,'/',1723711680,'f7e634321587778c7e9c7ad4935a56b2',0,'/','','','https://techsini.com/',161,1,1,1,6,1,1),
(439,'/',1723711684,'10555db8c2244452c1d5481e7c3edefd',2,'/','','','https://techsini.com/',162,1,1,1,6,1,1),
(440,'/',1723711684,'fe08a9c4e1ce21ab4ccf12d2e4205dce',1,'/','','','https://techsini.com/',163,1,1,1,6,1,1),
(441,'/',1723711684,'a66dcbedef1e3a9e41ca9ecd1141acc3',1,'/','','','https://techsini.com/',164,1,1,1,6,1,1),
(442,'/',1723711684,'e4b836be82ceecad01bc7f8a0062b297',1,'/','','','https://techsini.com/',165,1,1,1,6,1,1),
(443,'/membership-account/membership-levels/',1723711962,'32340da966add5a00bd9158913cfc848',2,'/membership-account/membership-levels/','','',NULL,166,1,1,1,6,1,1),
(444,'/membership-account/membership-checkout/',1723712014,'147147c2956b083d6022c51045eb2513',0,'/membership-account/membership-checkout/?pmpro_level=11','?pmpro_level=11','',NULL,167,1,1,1,6,1,1),
(445,'/login/',1723712031,'5ff56f0667d595bd38277b6680544063',1,'/login/','','',NULL,168,1,1,1,6,1,1),
(446,'/contact/',1723712049,'fdbcba20d970d35a5ad782fd35bb5c6b',1,'/contact/','','',NULL,169,1,1,1,6,1,1),
(447,'/contact/',1723712062,'95556e0f4edb5a444f467711705afdee',2,'/contact/','','',NULL,170,1,1,1,6,1,1),
(448,'/',1723713044,'640946c0e03613b75152f9927d2bcb59',2,'/','','','https://techsini.com/',171,1,1,1,6,1,1),
(449,'/',1723713044,'642e1bec0b1649b8bd210a9f3a55c01e',1,'/','','','https://techsini.com/',172,1,1,1,6,1,1),
(450,'/',1723713044,'7fd403105f5809a9de8a267e351dbdb6',2,'/','','','https://techsini.com/',173,1,1,1,6,1,1),
(451,'/',1723713044,'6c1e4c89b5cd6f23cca859662bb81f82',1,'/','','','https://techsini.com/',174,1,1,1,6,1,1),
(452,'/membership-account/membership-levels/',1723714094,'bf342d52cbfb745e9241ea07ee4d814d',20,'/membership-account/membership-levels/','','',NULL,175,1,1,1,6,1,1),
(453,'/about/',1723714764,'fbce6ac0912000d1be62ab87919a1ee5',28,'/about/','','',NULL,176,1,1,1,6,1,1),
(454,'/',1723715128,'a4ee10d1c03b1c9b94812f75b9371ef2',1,'/','','',NULL,177,1,1,1,6,1,1),
(455,'/contact/',1723715410,'80161fec4f3607f5c20bda833efa5a84',2,'/contact/','','',NULL,178,1,1,1,6,1,1),
(456,'/',1723715540,'d9da6d9fae3f92b31e7cc9e0e50f0109',386441,'/','','',NULL,179,1,0,0,0,0,0),
(457,'/contact/',1723716572,'d9da6d9fae3f92b31e7cc9e0e50f0109',12757,'/contact/','','',NULL,179,0,0,0,0,0,0),
(458,'/',1723757131,'d7a32e082cc56e08615e9231c9070ddf',499,'/','','',NULL,180,1,1,1,3,1,1),
(459,'/',1723826015,'4516d3d938ed4df0d9e65eeb610f490e',7,'/','','',NULL,181,0,1,1,6,3,2),
(460,'/',1723843460,'15ecf731ca03c3fe670ea967c4848480',0,'/','','',NULL,182,1,1,1,3,1,1),
(461,'/',1723863321,'543b673515dabbd625462d3e4e5893fe',203,'/','','',NULL,183,1,1,1,2,2,1),
(462,'/',1723863336,'53b8b905f0b17b7f4ad752fe7516d070',1001,'/','','',NULL,184,1,1,1,2,2,1),
(463,'/',1723863360,'2950c22875bf227af9a423e81d41a13c',217,'/','','',NULL,185,1,1,1,2,2,1),
(464,'/',1723873948,'b9c7928c70daff6e496152b4bdae7e79',31,'/','','',NULL,186,1,1,1,2,2,1),
(465,'/library/',1723894618,'5daaf3f0d1861bd67d25eeb02873a690',61565,'/library/','','',NULL,187,0,0,0,0,0,0),
(466,'/',1723900297,'4516d3d938ed4df0d9e65eeb610f490e',12,'/','','',NULL,188,0,1,1,6,3,2),
(467,'/login/',1723905077,'004d8fe8e43f5ec00616328d1a4f3c5c',45184,'/login/?redirect_to=https%3A%2F%2Ftakadun.ng%2Fwp-admin%2F','?redirect_to=https%3A%2F%2Ftakadun.ng%2Fwp-admin%2F','',NULL,189,0,0,0,0,0,0),
(468,'/',1723909174,'a112dac84b6af86c55852f2897c382f4',91,'/','','','https://techsini.com/',190,1,1,1,6,1,1),
(469,'/',1723909174,'48cad62df138da60f09f016a27d8f97b',84,'/','','','https://techsini.com/',191,1,1,1,6,1,1),
(470,'/',1723909175,'1df1c0437f9727385a2aba1d44a2c313',90,'/','','','https://techsini.com/',192,1,1,1,6,1,1),
(471,'/',1723909175,'12299c297262b0b2d86f6dbd3fe78642',99,'/','','','https://techsini.com/',193,1,1,1,6,1,1),
(472,'/library/',1723910014,'fc42ba23035f95217ac55c98d1bf2848',2,'/library/','','',NULL,194,1,1,1,6,1,1),
(473,'/',1723910719,'b3e395aed0a334c04f2086ff33c31b6b',0,'/','','','https://techsini.com/',195,1,1,1,6,1,1),
(474,'/',1723910720,'9d326d64c91e9f687abdedfc20695d99',4,'/','','','https://techsini.com/',196,1,1,1,6,1,1),
(475,'/',1723910721,'1ead8049bfdd63a958f4b81dc8c0a509',0,'/','','','https://techsini.com/',197,1,1,1,6,1,1),
(476,'/',1723910721,'4e3289ee316d95416cac8a8a3f4f4e48',5,'/','','','https://techsini.com/',198,1,1,1,6,1,1),
(477,'/all-books/',1723910746,'d8c8579d6caed71ab6d225d9cd2e77e0',1,'/all-books/','','',NULL,199,1,1,1,6,1,1),
(478,'/contact/',1723910909,'303b76e48a846403240ce2917c3610dc',0,'/contact/','','',NULL,200,1,1,1,6,1,1),
(479,'/login/',1723910921,'7c6417c77892197fd339600ac95109d7',1,'/login/','','',NULL,201,1,1,1,6,1,1),
(480,'/about/',1723911104,'8a4b5609e52e88af5635e53610fd24de',1,'/about/','','',NULL,202,1,1,1,6,1,1),
(481,'/library/',1723911668,'8fcfc359976b2e8960272e60390f8d36',3,'/library/','','',NULL,203,1,1,1,6,1,1),
(482,'/library/',1723911751,'8fcfc359976b2e8960272e60390f8d36',3,'/library/','','',NULL,203,0,1,1,6,1,1),
(483,'/',1723912245,'9b241e2412bd2e2bead068f698443b60',0,'/','','','https://techsini.com/',204,1,1,1,6,1,1),
(484,'/',1723912264,'b99d675a7969cc74ac2fa5b14d7bc21f',4,'/','','','https://techsini.com/',205,1,1,1,6,1,1),
(485,'/',1723912265,'1db29c597d7de74412ac1216e66ca315',0,'/','','','https://techsini.com/',206,1,1,1,6,1,1),
(486,'/',1723912265,'8f0acfa66bafc9f823e6493df43088f1',34,'/','','','https://techsini.com/',207,1,1,1,6,1,1),
(487,'/category/pry-5-books/',1723912391,'be74bdd6886c15ea32eee0ce7c29a034',1,'/category/pry-5-books/','','',NULL,208,1,1,1,6,1,1),
(488,'/all-books/',1723913042,'0463c42f5de127d9a31c35184356b9c7',1,'/all-books/','','',NULL,209,1,1,1,6,1,1),
(489,'/',1723914515,'fddd73eb7347dd6e40e1e60907c27112',180,'/','','','https://techsini.com/',210,1,1,1,6,1,1),
(490,'/',1723914515,'c98cfb5bdbdf497da0b108e2c38c33a3',159,'/','','','https://techsini.com/',211,1,1,1,6,1,1),
(491,'/all-books/',1723914516,'683874051786c7011e0a83f233e538b2',65,'/all-books/','','',NULL,212,1,1,1,6,1,1),
(492,'/',1723914516,'3eae30d68ab61d504e23e56cd598e99d',185,'/','','','https://techsini.com/',213,1,1,1,6,1,1),
(493,'/login/',1723919490,'700eff82ac0c564bc7f897b461b6150c',48618,'/login/?redirect_to=https%3A%2F%2Ftakadun.ng%2Fwp-admin%2F','?redirect_to=https%3A%2F%2Ftakadun.ng%2Fwp-admin%2F','',NULL,214,1,0,0,0,0,0),
(494,'/login/',1723919539,'700eff82ac0c564bc7f897b461b6150c',15407,'/login/?action=incorrect_password&username=admin','?action=incorrect_password&username=admin','',NULL,214,0,0,0,0,0,0),
(495,'/login/',1723919554,'700eff82ac0c564bc7f897b461b6150c',3425,'/login/?action=incorrect_password&username=admin@takadun.ng&redirect_to','?action=incorrect_password&username=admin@takadun.ng&redirect_to','',NULL,214,0,0,0,0,0,0),
(496,'/',1723921935,'004d8fe8e43f5ec00616328d1a4f3c5c',32735,'/','','',NULL,215,0,0,0,0,0,0),
(497,'/membership-account/membership-levels/',1723921997,'004d8fe8e43f5ec00616328d1a4f3c5c',16047,'/membership-account/membership-levels/','','',NULL,215,0,0,0,0,0,0),
(498,'/membership-account/membership-checkout/',1723922006,'004d8fe8e43f5ec00616328d1a4f3c5c',13304,'/membership-account/membership-checkout/?pmpro_level=24','?pmpro_level=24','',NULL,215,0,0,0,0,0,0),
(499,'/',1723925749,'4516d3d938ed4df0d9e65eeb610f490e',6,'/','','',NULL,216,0,1,1,6,3,2),
(500,'/',1723925754,'4516d3d938ed4df0d9e65eeb610f490e',11,'/','','',NULL,216,0,1,1,6,3,2),
(501,'/',1723929796,'3c1710bcdc96f572a7e3f2a4875d9778',58,'/','','',NULL,217,1,1,1,3,1,1),
(502,'/',1723956868,'79afde98070ba6fe9a954a6dd0831adc',20579,'/','','',NULL,218,0,0,0,0,0,0),
(503,'/membership-account/membership-levels/',1723956890,'79afde98070ba6fe9a954a6dd0831adc',20380,'/membership-account/membership-levels/','','',NULL,218,0,0,0,0,0,0),
(504,'/membership-account/',1723956921,'79afde98070ba6fe9a954a6dd0831adc',32409,'/membership-account/','','',NULL,218,0,0,0,0,0,0),
(505,'/membership-account/membership-checkout/',1723956960,'79afde98070ba6fe9a954a6dd0831adc',77962,'/membership-account/membership-checkout/?pmpro_level=12','?pmpro_level=12','',NULL,218,0,0,0,0,0,0),
(506,'/membership-account/membership-levels/',1723957116,'79afde98070ba6fe9a954a6dd0831adc',75906,'/membership-account/membership-levels/','','',NULL,218,0,0,0,0,0,0),
(507,'/',1723978462,'4516d3d938ed4df0d9e65eeb610f490e',93581,'/','','',NULL,219,0,0,0,0,0,0),
(508,'/category/pry-1-books/',1723978591,'4516d3d938ed4df0d9e65eeb610f490e',33455,'/category/pry-1-books/','','',NULL,219,0,0,0,0,0,0),
(509,'/category/pry-1-books/page/2/',1723978624,'4516d3d938ed4df0d9e65eeb610f490e',15968,'/category/pry-1-books/page/2/','','',NULL,219,0,0,0,0,0,0),
(510,'/',1723978640,'4516d3d938ed4df0d9e65eeb610f490e',29336,'/','','',NULL,219,0,0,0,0,0,0),
(511,'/',1724009813,'4fc46a480bc1ef8c98f15d78f2a58db4',41981,'/','','','/',220,0,0,0,0,0,0),
(512,'/about/',1724009861,'4fc46a480bc1ef8c98f15d78f2a58db4',84605,'/about/','','',NULL,220,0,0,0,0,0,0),
(513,'/',1724009945,'4fc46a480bc1ef8c98f15d78f2a58db4',390,'/','','','/',220,0,0,1,5,3,2),
(514,'/',1724015873,'9384168acd474d279f3719a2ff20bf1a',19,'/','','',NULL,221,1,1,1,3,1,1),
(515,'/',1724047207,'5dd189a6e12c9233755b77a8369daef9',90,'/','','',NULL,222,1,1,1,2,2,1),
(516,'/',1724056304,'098bbed89223dfde775e872e44d3c00f',65881,'/','','',NULL,223,0,0,0,0,0,0),
(517,'/',1724067144,'4516d3d938ed4df0d9e65eeb610f490e',35064,'/','','',NULL,224,0,0,0,0,0,0),
(518,'/',1724067598,'4516d3d938ed4df0d9e65eeb610f490e',2,'/','','',NULL,224,0,0,1,6,3,2),
(519,'/',1724067600,'4516d3d938ed4df0d9e65eeb610f490e',8751,'/','','',NULL,224,0,0,0,0,0,0),
(520,'/about/',1724067608,'4516d3d938ed4df0d9e65eeb610f490e',1,'/about/','','',NULL,224,0,0,1,6,3,2),
(521,'/',1724094730,'098bbed89223dfde775e872e44d3c00f',13,'/','','',NULL,225,0,1,1,6,3,2),
(522,'/',1724102434,'aff2b8117293a5cdb2f116b752c33e2d',23,'/','','',NULL,226,1,1,1,3,1,1),
(523,'/',1724125154,'3c7dd89e45517f497dc39a895a9479e5',61,'/','','',NULL,227,1,1,1,2,2,1),
(524,'/',1724125167,'bf533e8f7d9fc9f8fcdb40da38d1da9d',19377,'/','','',NULL,228,1,0,0,0,0,0),
(525,'/',1724125200,'bf533e8f7d9fc9f8fcdb40da38d1da9d',350,'/','','',NULL,228,0,0,0,0,0,0),
(526,'/',1724125202,'bf533e8f7d9fc9f8fcdb40da38d1da9d',1,'/','','',NULL,228,0,0,1,4,3,2),
(527,'/',1724133530,'9032b601bfe204b4a6eae7a2ac1b098c',6430,'/','','',NULL,229,1,1,1,2,2,1),
(528,'/',1724140685,'7e3a47bdd505d76c4f36bfa5f3fcde0b',25189,'/','','',NULL,230,0,0,0,0,0,0),
(529,'/library/',1724140717,'7e3a47bdd505d76c4f36bfa5f3fcde0b',11648,'/library/','','',NULL,230,0,0,0,0,0,0),
(530,'/category/pry-3-books/',1724140723,'7e3a47bdd505d76c4f36bfa5f3fcde0b',20470,'/category/pry-3-books/','','',NULL,230,0,0,0,0,0,0),
(531,'/civic-education-pry-3/',1724140746,'7e3a47bdd505d76c4f36bfa5f3fcde0b',0,'/civic-education-pry-3/','','',NULL,230,0,0,2,6,1,1),
(532,'/',1724150219,'72726dfda05b563491ecc1840d0203b0',25646,'/','','',NULL,231,1,0,0,0,0,0),
(533,'/',1724188835,'3340f5e786052e99c5052f02c599cc90',0,'/','','',NULL,232,1,1,1,3,1,1),
(534,'/',1724234107,'e6b3366b77a71a4d3eba094202c6210c',7513,'/','','',NULL,233,1,0,0,0,0,0),
(535,'/contact/',1724234120,'e6b3366b77a71a4d3eba094202c6210c',109495,'/contact/','','',NULL,233,0,0,0,0,0,0),
(536,'/membership-account/membership-levels/',1724234718,'e6b3366b77a71a4d3eba094202c6210c',64321,'/membership-account/membership-levels/','','',NULL,233,0,0,0,0,0,0),
(537,'/',1724239482,'098bbed89223dfde775e872e44d3c00f',213708,'/','','',NULL,234,0,0,0,0,0,0),
(538,'/contact/',1724240234,'098bbed89223dfde775e872e44d3c00f',87416,'/contact/','','',NULL,234,0,0,0,0,0,0),
(539,'/contact/',1724247001,'4516d3d938ed4df0d9e65eeb610f490e',46590,'/contact/','','',NULL,235,0,0,0,0,0,0),
(540,'/library/',1724265987,'506a71345c48b409da1b7a15a3b7246f',41,'/library/','','',NULL,236,1,1,4,12,3,2),
(541,'/',1724273590,'d55f0f82c084fa50aee01964bfa1c894',2,'/','','',NULL,237,1,1,1,3,1,1),
(542,'/contact/',1724300325,'0646c940ab4ef97cfe81160dd27efdf7',92365,'/contact/','','',NULL,238,1,0,0,0,0,0),
(543,'/contact/',1724300944,'d235e6c83f4000cd06969f3355d70f47',115831,'/contact/','','',NULL,239,1,0,0,0,0,0),
(544,'/contact/',1724301153,'d235e6c83f4000cd06969f3355d70f47',52554,'/contact/','','',NULL,239,0,0,0,0,0,0),
(545,'/contact/',1724301508,'0d6891175b5a7fa239591d80096020d7',115459,'/contact/','','',NULL,240,1,0,0,0,0,0),
(546,'/contact/',1724301651,'0d6891175b5a7fa239591d80096020d7',25167,'/contact/','','',NULL,240,0,0,0,0,0,0),
(547,'/contact/',1724301956,'4516d3d938ed4df0d9e65eeb610f490e',74063,'/contact/','','',NULL,241,0,0,0,0,0,0),
(548,'/contact/',1724302155,'e2bb1e60deb7712b9a53eb4f27a9f09f',48317,'/contact/','','',NULL,242,1,0,0,0,0,0),
(549,'/',1724302209,'4516d3d938ed4df0d9e65eeb610f490e',4,'/','','',NULL,241,0,0,1,6,3,2),
(550,'/contact/',1724302261,'4516d3d938ed4df0d9e65eeb610f490e',26,'/contact/','','',NULL,241,0,0,0,0,0,0),
(551,'/',1724302481,'4516d3d938ed4df0d9e65eeb610f490e',17554,'/','','',NULL,241,0,0,0,0,0,0),
(552,'/contact/',1724302497,'4516d3d938ed4df0d9e65eeb610f490e',275382,'/contact/','','',NULL,241,0,0,0,0,0,0),
(553,'/',1724302863,'4516d3d938ed4df0d9e65eeb610f490e',0,'/','','',NULL,241,0,0,1,6,3,2),
(554,'/',1724303019,'4516d3d938ed4df0d9e65eeb610f490e',14447,'/','','',NULL,241,0,0,0,0,0,0),
(555,'/about/',1724303029,'4516d3d938ed4df0d9e65eeb610f490e',87562,'/about/','','',NULL,241,0,0,0,0,0,0),
(556,'/about/',1724303141,'4516d3d938ed4df0d9e65eeb610f490e',20422,'/about/','','',NULL,241,0,0,0,0,0,0),
(557,'/contact/',1724303251,'655019ad505e473c398efefdcde3d71b',176833,'/contact/','','',NULL,243,1,0,0,0,0,0),
(558,'/contact/',1724303869,'9af772f2db3c2e723d4c770075b8475e',55034,'/contact/','','',NULL,244,0,0,0,0,0,0),
(559,'/membership-account/membership-levels/',1724303908,'9af772f2db3c2e723d4c770075b8475e',6627,'/membership-account/membership-levels/','','',NULL,244,0,0,0,0,0,0),
(560,'/contact/',1724304131,'007e0f67425ffa84049e97f9c5b37501',12805,'/contact/','','',NULL,245,1,0,0,0,0,0),
(561,'/contact/',1724304408,'16abadb4db9dd133ab888f7002a09d9c',17088,'/contact/','','',NULL,246,1,0,0,0,0,0),
(562,'/contact/',1724304554,'8f576094ec99cdcb2313e6bc8ddf37ee',292377,'/contact/','','',NULL,247,1,0,0,0,0,0),
(563,'/contact/',1724305148,'c3a1306c8c2410955476846e2573ae22',42307,'/contact/','','',NULL,248,1,0,0,0,0,0),
(564,'/login/',1724305193,'c3a1306c8c2410955476846e2573ae22',23426,'/login/?redirect_to=https%3A%2F%2Fwww.takadun.ng%2Fmembership-account%2F','?redirect_to=https%3A%2F%2Fwww.takadun.ng%2Fmembership-account%2F','',NULL,248,0,0,0,0,0,0),
(565,'/',1724305227,'c3a1306c8c2410955476846e2573ae22',16085,'/','','',NULL,248,0,0,0,0,0,0),
(566,'/contact/',1724305326,'61249070cbc45d3018b974c353cefb44',17157,'/contact/','','',NULL,249,1,0,0,0,0,0),
(567,'/contact/',1724306919,'a6768b9d51b044c093b601cdc8628dfd',152,'/contact/','','',NULL,250,0,1,1,1,3,2),
(568,'/contact/',1724308709,'98511add5ab5dba224a8e601a49da482',97777,'/contact/','','',NULL,251,1,0,0,0,0,0),
(569,'/membership-account/membership-levels/',1724308827,'98511add5ab5dba224a8e601a49da482',57535,'/membership-account/membership-levels/','','',NULL,251,0,0,0,0,0,0),
(570,'/takadun-registration-page/',1724308885,'98511add5ab5dba224a8e601a49da482',24048,'/takadun-registration-page/','','',NULL,251,0,0,0,0,0,0),
(571,'/membership-account/membership-levels/',1724308909,'98511add5ab5dba224a8e601a49da482',10441,'/membership-account/membership-levels/','','',NULL,251,0,0,0,0,0,0),
(572,'/contact/',1724309334,'96aa34358b56bc0fe4d937017c3ea7e9',6149,'/contact/','','',NULL,252,1,0,0,0,0,0),
(573,'/contact/',1724309353,'6d5bf3168c91bdaa9b857e9d25a6b19c',35,'/contact/','','',NULL,253,1,1,1,6,3,2),
(574,'/contact/',1724310776,'ce64931a71b874ee6ca90bb4fb72ce97',37,'/contact/','','',NULL,254,1,1,1,21,3,2),
(575,'/contact/',1724313562,'a2086554d5d4a132cedd53bf80ddcdaf',23330,'/contact/','','',NULL,255,1,0,0,0,0,0),
(576,'/contact/',1724314693,'b335b83184c9c6667e1443ce4e2e0ab4',40,'/contact/','','',NULL,256,1,1,1,22,3,2),
(577,'/contact/',1724314694,'b335b83184c9c6667e1443ce4e2e0ab4',143620,'/contact/','','',NULL,256,0,0,0,0,0,0),
(578,'/contact/',1724314917,'b335b83184c9c6667e1443ce4e2e0ab4',43131,'/contact/','','',NULL,256,0,0,0,0,0,0),
(579,'/contact/',1724316882,'a3a858651247b2f42b09f5f93aa45190',27630,'/contact/','','',NULL,257,1,0,0,0,0,0),
(580,'/contact/',1724317008,'4516d3d938ed4df0d9e65eeb610f490e',67450,'/contact/','','',NULL,258,0,0,0,0,0,0),
(581,'/',1724317076,'4516d3d938ed4df0d9e65eeb610f490e',48040,'/','','',NULL,258,0,0,0,0,0,0),
(582,'/contact/',1724317419,'f21ab85bb8794e085174030a5d1e0241',78302,'/contact/','','',NULL,259,1,0,0,0,0,0),
(583,'/membership-account/membership-levels/',1724317586,'f21ab85bb8794e085174030a5d1e0241',20357,'/membership-account/membership-levels/','','',NULL,259,0,0,0,0,0,0),
(584,'/membership-account/membership-levels/',1724317676,'f21ab85bb8794e085174030a5d1e0241',26601,'/membership-account/membership-levels/','','',NULL,259,0,0,0,0,0,0),
(585,'/takadun-registration-page/',1724317720,'f21ab85bb8794e085174030a5d1e0241',15257,'/takadun-registration-page/','','',NULL,259,0,0,0,0,0,0),
(586,'/contact/',1724319328,'4516d3d938ed4df0d9e65eeb610f490e',0,'/contact/','','',NULL,260,0,1,1,6,3,2),
(587,'/contact/',1724319489,'24c61617554245dc10636da6a6903ac7',49315,'/contact/','','',NULL,261,1,0,0,0,0,0),
(588,'/contact/',1724319858,'f97c785d99e5e838f23ba55352ea2e49',14,'/contact/','','',NULL,262,1,1,1,24,3,2),
(589,'/',1724321163,'7e3a47bdd505d76c4f36bfa5f3fcde0b',36478,'/','','',NULL,263,0,0,0,0,0,0),
(590,'/contact/',1724321208,'7e3a47bdd505d76c4f36bfa5f3fcde0b',103138,'/contact/','','',NULL,263,0,0,0,0,0,0),
(591,'/about/',1724321321,'7e3a47bdd505d76c4f36bfa5f3fcde0b',122002,'/about/','','',NULL,263,0,0,0,0,0,0),
(592,'/library/',1724321443,'7e3a47bdd505d76c4f36bfa5f3fcde0b',152317,'/library/','','',NULL,263,0,0,0,0,0,0),
(593,'/',1724321609,'7e3a47bdd505d76c4f36bfa5f3fcde0b',34127,'/','','',NULL,263,0,0,0,0,0,0),
(594,'/library/',1724321649,'7e3a47bdd505d76c4f36bfa5f3fcde0b',17536,'/library/','','',NULL,263,0,0,0,0,0,0),
(595,'/category/pry-6-books/',1724321670,'7e3a47bdd505d76c4f36bfa5f3fcde0b',28085,'/category/pry-6-books/','','',NULL,263,0,0,0,0,0,0),
(596,'/physical-health-education-6/',1724321701,'7e3a47bdd505d76c4f36bfa5f3fcde0b',4122,'/physical-health-education-6/','','',NULL,263,0,0,0,0,0,0),
(597,'/category/pry-6-books/',1724321706,'7e3a47bdd505d76c4f36bfa5f3fcde0b',9679,'/category/pry-6-books/','','',NULL,263,0,0,0,0,0,0),
(598,'/category/pry-6-books/',1724321724,'7e3a47bdd505d76c4f36bfa5f3fcde0b',6791,'/category/pry-6-books/','','',NULL,263,0,0,0,0,0,0),
(599,'/physical-health-education-6/',1724321724,'7e3a47bdd505d76c4f36bfa5f3fcde0b',14238,'/physical-health-education-6/','','',NULL,263,0,0,0,0,0,0),
(600,'/login/',1724321740,'7e3a47bdd505d76c4f36bfa5f3fcde0b',25293,'/login/?redirect_to=https%3A%2F%2Fwww.takadun.ng%2Fphysical-health-education-6%2F','?redirect_to=https%3A%2F%2Fwww.takadun.ng%2Fphysical-health-education-6%2F','',NULL,263,0,0,0,0,0,0),
(601,'/basic-science-technology-6/',1724321923,'7e3a47bdd505d76c4f36bfa5f3fcde0b',12177,'/basic-science-technology-6/','','',NULL,263,0,0,0,0,0,0),
(602,'/category/pry-6-books/',1724321939,'7e3a47bdd505d76c4f36bfa5f3fcde0b',5675,'/category/pry-6-books/','','',NULL,263,0,0,0,0,0,0),
(603,'/physical-health-education-6/',1724321946,'7e3a47bdd505d76c4f36bfa5f3fcde0b',58652,'/physical-health-education-6/','','',NULL,263,0,0,0,0,0,0),
(604,'/login/',1724321966,'7e3a47bdd505d76c4f36bfa5f3fcde0b',2,'/login/?redirect_to=https%3A%2F%2Fwww.takadun.ng%2Fphysical-health-education-6%2F','?redirect_to=https%3A%2F%2Fwww.takadun.ng%2Fphysical-health-education-6%2F','',NULL,263,0,0,2,6,1,1),
(605,'/pre-vocational-studies-6/',1724322009,'7e3a47bdd505d76c4f36bfa5f3fcde0b',4238,'/pre-vocational-studies-6/','','',NULL,263,0,0,0,0,0,0),
(606,'/physical-health-education-6/',1724322014,'7e3a47bdd505d76c4f36bfa5f3fcde0b',56721,'/physical-health-education-6/','','',NULL,263,0,0,0,0,0,0),
(607,'/membership-account/membership-levels/',1724322073,'7e3a47bdd505d76c4f36bfa5f3fcde0b',20887,'/membership-account/membership-levels/','','',NULL,263,0,0,0,0,0,0),
(608,'/membership-account/membership-checkout/',1724322094,'7e3a47bdd505d76c4f36bfa5f3fcde0b',30334,'/membership-account/membership-checkout/?pmpro_level=7','?pmpro_level=7','',NULL,263,0,0,0,0,0,0),
(609,'/library/',1724322127,'7e3a47bdd505d76c4f36bfa5f3fcde0b',9679,'/library/','','',NULL,263,0,0,0,0,0,0),
(610,'/category/pry-6-books/',1724322141,'7e3a47bdd505d76c4f36bfa5f3fcde0b',17851,'/category/pry-6-books/','','',NULL,263,0,0,0,0,0,0),
(611,'/home-economics-pry-6/',1724322155,'7e3a47bdd505d76c4f36bfa5f3fcde0b',23723,'/home-economics-pry-6/','','',NULL,263,0,0,0,0,0,0),
(612,'/pre-vocational-studies-6/',1724322180,'7e3a47bdd505d76c4f36bfa5f3fcde0b',7684,'/pre-vocational-studies-6/','','',NULL,263,0,0,0,0,0,0),
(613,'/physical-health-education-6/',1724322193,'7e3a47bdd505d76c4f36bfa5f3fcde0b',34707,'/physical-health-education-6/','','',NULL,263,0,0,0,0,0,0),
(614,'/login/',1724322226,'7e3a47bdd505d76c4f36bfa5f3fcde0b',16340,'/login/?redirect_to=https%3A%2F%2Fwww.takadun.ng%2Fphysical-health-education-6%2F','?redirect_to=https%3A%2F%2Fwww.takadun.ng%2Fphysical-health-education-6%2F','',NULL,263,0,0,0,0,0,0),
(615,'/physical-health-education-6/',1724322241,'7e3a47bdd505d76c4f36bfa5f3fcde0b',7069,'/physical-health-education-6/','','',NULL,263,0,0,0,0,0,0),
(616,'/category/pry-6-books/',1724322250,'7e3a47bdd505d76c4f36bfa5f3fcde0b',24967,'/category/pry-6-books/','','',NULL,263,0,0,0,0,0,0),
(617,'/agric-science-primary-6/',1724322274,'7e3a47bdd505d76c4f36bfa5f3fcde0b',16944,'/agric-science-primary-6/','','',NULL,263,0,0,0,0,0,0),
(618,'/category/pry-6-books/',1724322290,'7e3a47bdd505d76c4f36bfa5f3fcde0b',7005,'/category/pry-6-books/','','',NULL,263,0,0,0,0,0,0),
(619,'/mathematics-primary-6/',1724322300,'7e3a47bdd505d76c4f36bfa5f3fcde0b',18003,'/mathematics-primary-6/','','',NULL,263,0,0,0,0,0,0),
(620,'/',1724322320,'7e3a47bdd505d76c4f36bfa5f3fcde0b',19585,'/','','',NULL,263,0,0,0,0,0,0),
(621,'/all-books/',1724322340,'7e3a47bdd505d76c4f36bfa5f3fcde0b',20726,'/all-books/','','',NULL,263,0,0,0,0,0,0),
(622,'/all-books/page/2/',1724322361,'7e3a47bdd505d76c4f36bfa5f3fcde0b',33836,'/all-books/page/2/','','',NULL,263,0,0,0,0,0,0),
(623,'/all-books/page/3/',1724322401,'7e3a47bdd505d76c4f36bfa5f3fcde0b',25604,'/all-books/page/3/','','',NULL,263,0,0,0,0,0,0),
(624,'/all-books/page/4/',1724322421,'7e3a47bdd505d76c4f36bfa5f3fcde0b',31203,'/all-books/page/4/','','',NULL,263,0,0,0,0,0,0),
(625,'/all-books/page/5/',1724322455,'7e3a47bdd505d76c4f36bfa5f3fcde0b',19375,'/all-books/page/5/','','',NULL,263,0,0,0,0,0,0),
(626,'/physical-health-education-6/',1724322473,'7e3a47bdd505d76c4f36bfa5f3fcde0b',11183,'/physical-health-education-6/','','',NULL,263,0,0,0,0,0,0),
(627,'/category/pry-6-books/',1724322483,'7e3a47bdd505d76c4f36bfa5f3fcde0b',9991,'/category/pry-6-books/','','',NULL,263,0,0,0,0,0,0),
(628,'/physical-health-education-6/',1724322493,'7e3a47bdd505d76c4f36bfa5f3fcde0b',21982,'/physical-health-education-6/','','',NULL,263,0,0,0,0,0,0),
(629,'/basic-science-technology-6/',1724322518,'7e3a47bdd505d76c4f36bfa5f3fcde0b',11070,'/basic-science-technology-6/','','',NULL,263,0,0,0,0,0,0),
(630,'/all-books/',1724322526,'7e3a47bdd505d76c4f36bfa5f3fcde0b',24573,'/all-books/','','',NULL,263,0,0,0,0,0,0),
(631,'/all-books/page/2/',1724322551,'7e3a47bdd505d76c4f36bfa5f3fcde0b',11050,'/all-books/page/2/','','',NULL,263,0,0,0,0,0,0),
(632,'/all-books/page/3/',1724322562,'7e3a47bdd505d76c4f36bfa5f3fcde0b',21579,'/all-books/page/3/','','',NULL,263,0,0,0,0,0,0),
(633,'/all-books/page/4/',1724322585,'7e3a47bdd505d76c4f36bfa5f3fcde0b',12042,'/all-books/page/4/','','',NULL,263,0,0,0,0,0,0),
(634,'/all-books/page/5/',1724322596,'7e3a47bdd505d76c4f36bfa5f3fcde0b',11930,'/all-books/page/5/','','',NULL,263,0,0,0,0,0,0),
(635,'/physical-health-education-6/',1724322608,'7e3a47bdd505d76c4f36bfa5f3fcde0b',3835,'/physical-health-education-6/','','',NULL,263,0,0,0,0,0,0),
(636,'/all-books/',1724322612,'7e3a47bdd505d76c4f36bfa5f3fcde0b',19025,'/all-books/','','',NULL,263,0,0,0,0,0,0),
(637,'/mathematics-primary-6/',1724322632,'7e3a47bdd505d76c4f36bfa5f3fcde0b',3117,'/mathematics-primary-6/','','',NULL,263,0,0,0,0,0,0),
(638,'/all-books/',1724322635,'7e3a47bdd505d76c4f36bfa5f3fcde0b',6550,'/all-books/','','',NULL,263,0,0,0,0,0,0),
(639,'/physical-health-education-pry-3/',1724322643,'7e3a47bdd505d76c4f36bfa5f3fcde0b',125022,'/physical-health-education-pry-3/','','',NULL,263,0,0,0,0,0,0),
(640,'/library/',1724322810,'7e3a47bdd505d76c4f36bfa5f3fcde0b',9611,'/library/','','',NULL,263,0,0,0,0,0,0),
(641,'/category/pry-6-books/',1724322820,'7e3a47bdd505d76c4f36bfa5f3fcde0b',12198,'/category/pry-6-books/','','',NULL,263,0,0,0,0,0,0),
(642,'/security-education-primary-6/',1724322833,'7e3a47bdd505d76c4f36bfa5f3fcde0b',181207,'/security-education-primary-6/','','',NULL,263,0,0,0,0,0,0),
(643,'/contact/',1724322878,'e87fec91942171f969105efa095b1a4d',17,'/contact/','','',NULL,264,1,1,1,6,3,2),
(644,'/contact/',1724322893,'e87fec91942171f969105efa095b1a4d',11133,'/contact/','','',NULL,264,0,0,0,0,0,0),
(645,'/basic-science-technology-6/',1724323422,'7e3a47bdd505d76c4f36bfa5f3fcde0b',17082,'/basic-science-technology-6/','','',NULL,263,0,0,0,0,0,0),
(646,'/physical-health-education-6/',1724323454,'7e3a47bdd505d76c4f36bfa5f3fcde0b',18505,'/physical-health-education-6/','','',NULL,263,0,0,0,0,0,0),
(647,'/all-books/',1724323463,'7e3a47bdd505d76c4f36bfa5f3fcde0b',4,'/all-books/','','',NULL,263,0,0,2,6,1,1),
(648,'/contact/',1724323921,'29d189bb431650c7b8084239ad5ada89',194163,'/contact/','','',NULL,265,1,0,0,0,0,0),
(649,'/membership-account/membership-levels/',1724324219,'29d189bb431650c7b8084239ad5ada89',83936,'/membership-account/membership-levels/','','',NULL,265,0,0,0,0,0,0),
(650,'/takadun-registration-page/',1724324304,'29d189bb431650c7b8084239ad5ada89',5,'/takadun-registration-page/','','',NULL,265,0,0,1,6,3,2),
(651,'/',1724325510,'b218dda8cb032230a13a3d4a9940f04f',5800,'/','','',NULL,266,1,0,0,0,0,0),
(652,'/contact/',1724325519,'b218dda8cb032230a13a3d4a9940f04f',63222,'/contact/','','',NULL,266,0,0,0,0,0,0),
(653,'/contact/',1724326274,'96aa34358b56bc0fe4d937017c3ea7e9',21,'/contact/','','',NULL,267,0,1,1,6,3,2),
(654,'/contact/',1724329108,'650164d64e6b06bc8c42e905df82f298',4,'/contact/','','',NULL,268,1,1,6,25,5,2),
(655,'/contact/',1724331026,'a8e1cf7c8cdc40d6afe9596f1bbc05f9',39642,'/contact/','','',NULL,269,1,0,0,0,0,0),
(656,'/',1724332330,'5f44331b186ddc2f2c47e6e167d7cf23',31344,'/','','',NULL,270,1,0,0,0,0,0),
(657,'/contact/',1724332364,'5f44331b186ddc2f2c47e6e167d7cf23',103041,'/contact/','','',NULL,270,0,0,0,0,0,0),
(658,'/contact/',1724332502,'5f44331b186ddc2f2c47e6e167d7cf23',3,'/contact/','','',NULL,270,0,0,1,6,3,2),
(659,'/contact/',1724332516,'5f44331b186ddc2f2c47e6e167d7cf23',57944,'/contact/','','',NULL,270,0,0,0,0,0,0),
(660,'/',1724334059,'5f44331b186ddc2f2c47e6e167d7cf23',13784,'/','','',NULL,270,0,0,0,0,0,0),
(661,'/contact/',1724334074,'5f44331b186ddc2f2c47e6e167d7cf23',87642,'/contact/','','',NULL,270,0,0,0,0,0,0),
(662,'/contact/',1724336020,'ce97ad88882be037668c87af424ab01e',103067,'/contact/','','',NULL,271,1,0,0,0,0,0),
(663,'/contact/',1724340060,'7f61c8f40ac86b2ba58345bc602241fb',5,'/contact/','','',NULL,272,1,1,1,6,3,2),
(664,'/contact/',1724344173,'4516d3d938ed4df0d9e65eeb610f490e',87621,'/contact/','','',NULL,273,0,0,0,0,0,0),
(665,'/',1724344261,'4516d3d938ed4df0d9e65eeb610f490e',24,'/','','',NULL,273,0,0,1,6,3,2),
(666,'/contact/',1724347954,'f9dc42f367208681050678e23583f593',105503,'/contact/','','',NULL,274,1,0,0,0,0,0),
(667,'/contact/',1724350472,'87440e3bacfdda40353ff4e95c795e04',84522,'/contact/','','',NULL,275,1,0,0,0,0,0),
(668,'/contact/',1724350593,'87440e3bacfdda40353ff4e95c795e04',164226,'/contact/','','',NULL,275,0,0,0,0,0,0),
(669,'/login/',1724350612,'87440e3bacfdda40353ff4e95c795e04',31001,'/login/?redirect_to=https%3A%2F%2Fwww.takadun.ng%2Fmembership-account%2F','?redirect_to=https%3A%2F%2Fwww.takadun.ng%2Fmembership-account%2F','',NULL,275,0,0,0,0,0,0),
(670,'/login/',1724350660,'87440e3bacfdda40353ff4e95c795e04',6112,'/login/','','',NULL,275,0,0,0,0,0,0),
(671,'/contact/',1724351014,'96aa34358b56bc0fe4d937017c3ea7e9',8,'/contact/','','',NULL,276,0,1,1,6,3,2),
(672,'/membership-account/membership-levels/',1724352144,'d1d9f297a8ee1eb1b7fe28aae9eed71a',18614,'/membership-account/membership-levels/','','',NULL,277,1,0,0,0,0,0),
(673,'/takadun-registration-page/',1724352161,'d1d9f297a8ee1eb1b7fe28aae9eed71a',49750,'/takadun-registration-page/','','',NULL,277,0,0,0,0,0,0),
(674,'/membership-account/membership-levels/',1724352229,'d1d9f297a8ee1eb1b7fe28aae9eed71a',48349,'/membership-account/membership-levels/','','',NULL,277,0,0,0,0,0,0),
(675,'/membership-account/',1724352278,'d1d9f297a8ee1eb1b7fe28aae9eed71a',30429,'/membership-account/','','',NULL,277,0,0,0,0,0,0),
(676,'/membership-account/membership-checkout/',1724352310,'d1d9f297a8ee1eb1b7fe28aae9eed71a',20193,'/membership-account/membership-checkout/?pmpro_level=25','?pmpro_level=25','',NULL,277,0,0,0,0,0,0),
(677,'/',1724360613,'2f5603b763c610e70d24ddf2f87589fc',124,'/','','',NULL,278,1,1,1,3,1,1),
(678,'/contact/',1724361368,'f21ab85bb8794e085174030a5d1e0241',47,'/contact/','','',NULL,279,0,1,1,6,3,2),
(679,'/contact/',1724366452,'4516d3d938ed4df0d9e65eeb610f490e',92186,'/contact/','','',NULL,280,0,0,0,0,0,0),
(680,'/',1724366542,'4516d3d938ed4df0d9e65eeb610f490e',85241,'/','','',NULL,280,0,0,0,0,0,0),
(681,'/about/',1724366635,'4516d3d938ed4df0d9e65eeb610f490e',127552,'/about/','','',NULL,280,0,0,0,0,0,0),
(682,'/contact/',1724386895,'dc6a2e2c04e9f2962c191b3dd22c4f4f',33,'/contact/','','',NULL,281,1,1,1,27,3,2),
(683,'/contact/',1724386911,'5d17f93d7035d67a26c640d91be023bb',116211,'/contact/','','',NULL,282,1,0,0,0,0,0),
(684,'/membership-account/membership-levels/',1724387087,'5d17f93d7035d67a26c640d91be023bb',773989,'/membership-account/membership-levels/','','',NULL,282,0,0,0,0,0,0),
(685,'/contact/',1724388615,'5d17f93d7035d67a26c640d91be023bb',15237,'/contact/','','',NULL,282,0,0,0,0,0,0),
(686,'/',1724388642,'5d17f93d7035d67a26c640d91be023bb',73521,'/','','',NULL,282,0,0,0,0,0,0),
(687,'/',1724388734,'5d17f93d7035d67a26c640d91be023bb',51994,'/','','',NULL,282,0,0,0,0,0,0),
(688,'/about/',1724388834,'5d17f93d7035d67a26c640d91be023bb',183630,'/about/','','',NULL,282,0,0,0,0,0,0),
(689,'/',1724389130,'5d17f93d7035d67a26c640d91be023bb',3354,'/','','',NULL,282,0,0,0,0,0,0),
(690,'/contact/',1724389204,'5d17f93d7035d67a26c640d91be023bb',218950,'/contact/','','',NULL,282,0,0,0,0,0,0),
(691,'/contact/',1724391088,'98d8d15c1fdda157c987c03421081758',186048,'/contact/','','',NULL,283,1,0,0,0,0,0),
(692,'/contact/',1724391539,'4516d3d938ed4df0d9e65eeb610f490e',81892,'/contact/','','',NULL,284,0,0,0,0,0,0),
(693,'/',1724391639,'4516d3d938ed4df0d9e65eeb610f490e',101710,'/','','',NULL,284,0,0,0,0,0,0),
(694,'/contact/',1724393753,'4516d3d938ed4df0d9e65eeb610f490e',6,'/contact/','','',NULL,285,0,1,1,6,3,2),
(695,'/contact/',1724394786,'4516d3d938ed4df0d9e65eeb610f490e',2,'/contact/','','',NULL,285,0,1,1,6,3,2),
(696,'/contact/',1724394884,'4516d3d938ed4df0d9e65eeb610f490e',65639,'/contact/','','',NULL,285,0,0,0,0,0,0),
(697,'/contact/',1724395251,'87440e3bacfdda40353ff4e95c795e04',300554,'/contact/','','',NULL,286,0,0,0,0,0,0),
(698,'/contact/',1724395339,'0646c940ab4ef97cfe81160dd27efdf7',0,'/contact/','','',NULL,287,0,1,1,6,3,2),
(699,'/contact/',1724395406,'ab83fbb6c39ace9509106ce83bb7d804',97890,'/contact/','','',NULL,288,1,0,0,0,0,0),
(700,'/',1724395573,'ab83fbb6c39ace9509106ce83bb7d804',148498,'/','','',NULL,288,0,0,0,0,0,0),
(701,'/membership-account/membership-levels/',1724395674,'ab83fbb6c39ace9509106ce83bb7d804',20601,'/membership-account/membership-levels/','','',NULL,288,0,0,0,0,0,0),
(702,'/login/',1724395707,'ab83fbb6c39ace9509106ce83bb7d804',23072,'/login/?redirect_to=https%3A%2F%2Fwww.takadun.ng%2Fmembership-account%2F','?redirect_to=https%3A%2F%2Fwww.takadun.ng%2Fmembership-account%2F','',NULL,288,0,0,0,0,0,0),
(703,'/contact/',1724395752,'87440e3bacfdda40353ff4e95c795e04',312651,'/contact/','','',NULL,286,0,0,0,0,0,0),
(704,'/library/',1724395775,'ab83fbb6c39ace9509106ce83bb7d804',47408,'/library/','','',NULL,288,0,0,0,0,0,0),
(705,'/category/pry-5-books/',1724395822,'ab83fbb6c39ace9509106ce83bb7d804',30489,'/category/pry-5-books/','','',NULL,288,0,0,0,0,0,0),
(706,'/contact/',1724395855,'411e3ac5c0aa8988318b1d50e5c23ac8',5266,'/contact/','','',NULL,289,1,0,0,0,0,0),
(707,'/contact/',1724396311,'87440e3bacfdda40353ff4e95c795e04',241670,'/contact/','','',NULL,286,0,0,0,0,0,0),
(708,'/contact/',1724396446,'a6768b9d51b044c093b601cdc8628dfd',279,'/contact/','','',NULL,290,0,1,1,1,3,2),
(709,'/contact/',1724396449,'a6768b9d51b044c093b601cdc8628dfd',135492,'/contact/','','',NULL,290,0,0,0,0,0,0),
(710,'/contact/',1724396673,'500ab03ed2a33666779855476236ebb9',222557,'/contact/','','',NULL,291,1,0,0,0,0,0),
(711,'/contact/',1724396814,'a6768b9d51b044c093b601cdc8628dfd',0,'/contact/','','',NULL,290,0,0,1,1,3,2),
(712,'/contact/',1724397725,'261384c577be6d0bf42e09dae9edeb73',97327,'/contact/','','',NULL,292,1,0,0,0,0,0),
(713,'/contact/',1724397885,'261384c577be6d0bf42e09dae9edeb73',83,'/contact/','','',NULL,292,0,0,1,6,3,2),
(714,'/contact/',1724399362,'3866111c4d59ee80faf3a97849187a43',3,'/contact/','','',NULL,293,1,1,1,6,3,2),
(715,'/contact/',1724401193,'2b152b1e59bb44cb78bd027a7e5f6a2c',119881,'/contact/','','',NULL,294,1,0,0,0,0,0),
(716,'/membership-account/membership-levels/',1724401345,'2b152b1e59bb44cb78bd027a7e5f6a2c',20683,'/membership-account/membership-levels/','','',NULL,294,0,0,0,0,0,0),
(717,'/library/',1724401366,'2b152b1e59bb44cb78bd027a7e5f6a2c',29678,'/library/','','',NULL,294,0,0,0,0,0,0),
(718,'/contact/',1724409727,'1659247c5f062e0647aff164a25c1f18',61,'/contact/','','',NULL,295,1,1,1,29,3,2),
(719,'/contact/',1724409754,'1659247c5f062e0647aff164a25c1f18',32506,'/contact/','','',NULL,295,0,0,0,0,0,0),
(720,'/contact/',1724409760,'1659247c5f062e0647aff164a25c1f18',53704,'/contact/','','',NULL,295,0,0,0,0,0,0),
(721,'/contact/',1724414414,'5ef3df44ea40fe27b7dcdcf96c8a7baa',207800,'/contact/','','',NULL,296,1,0,0,0,0,0),
(722,'/contact/',1724421234,'4996fed863c45118d32330d66c297cac',0,'/contact/','','',NULL,297,1,1,1,6,3,2),
(723,'/contact/',1724433358,'498958e2ca279644325d171261e68c61',37,'/contact/','','',NULL,298,1,1,1,1,3,2),
(724,'/contact/',1724435374,'500ab03ed2a33666779855476236ebb9',42,'/contact/','','',NULL,299,0,1,1,28,3,2),
(725,'/contact/',1724440882,'500ab03ed2a33666779855476236ebb9',31,'/contact/','','',NULL,300,0,1,1,28,3,2),
(726,'/contact/',1724441240,'498958e2ca279644325d171261e68c61',1784,'/contact/','','',NULL,301,0,1,0,0,0,0),
(727,'/',1724445198,'728f8bc29039eb44b1c2ea9c17aa79ff',13,'/','','',NULL,302,1,1,1,6,3,2),
(728,'/',1724447868,'5830c811e5ce261722dd462380d9ab4b',0,'/','','',NULL,303,1,1,1,3,1,1),
(729,'/contact/',1724457568,'b335b83184c9c6667e1443ce4e2e0ab4',53,'/contact/','','',NULL,304,0,1,1,22,3,2),
(730,'/contact/',1724474750,'ffeef608496f713bf818207fc307de95',10088,'/contact/','','',NULL,305,1,0,0,0,0,0),
(731,'/contact/',1724483464,'dcfc12a8f00a2d022bb20877320437c7',132978,'/contact/','','',NULL,306,1,0,0,0,0,0),
(732,'/contact/',1724483651,'dcfc12a8f00a2d022bb20877320437c7',141029,'/contact/','','',NULL,306,0,0,0,0,0,0),
(733,'/contact/',1724493973,'5ef3df44ea40fe27b7dcdcf96c8a7baa',88700,'/contact/','','',NULL,307,0,0,0,0,0,0),
(734,'/contact/',1724503231,'a2086554d5d4a132cedd53bf80ddcdaf',31364,'/contact/','','',NULL,308,0,0,0,0,0,0),
(735,'/',1724505248,'df24664a8061842192004df54542b460',92082,'/','','',NULL,309,1,0,0,0,0,0),
(736,'/about/',1724506214,'df24664a8061842192004df54542b460',30101,'/about/','','',NULL,309,0,0,0,0,0,0),
(737,'/library/',1724506226,'df24664a8061842192004df54542b460',20215,'/library/','','',NULL,309,0,0,0,0,0,0),
(738,'/category/pry-3-books/',1724506243,'df24664a8061842192004df54542b460',16616,'/category/pry-3-books/','','',NULL,309,0,0,0,0,0,0),
(739,'/contact/',1724506243,'df24664a8061842192004df54542b460',57346,'/contact/','','',NULL,309,0,0,0,0,0,0),
(740,'/membership-account/membership-levels/',1724506247,'df24664a8061842192004df54542b460',22557,'/membership-account/membership-levels/','','',NULL,309,0,0,0,0,0,0),
(741,'/',1724509301,'728f8bc29039eb44b1c2ea9c17aa79ff',41393,'/','','',NULL,310,0,0,0,0,0,0),
(742,'/',1724534203,'8141ebdcc7d4554cb611bebafc14b6a7',76,'/','','',NULL,311,1,1,1,3,1,1),
(743,'/',1724552773,'ccf3349ca493e7305247c8340c5753ac',19648,'/','','',NULL,312,1,0,0,0,0,0),
(744,'/membership-account/membership-levels/',1724552793,'ccf3349ca493e7305247c8340c5753ac',46584,'/membership-account/membership-levels/','','',NULL,312,0,0,0,0,0,0),
(745,'/about/',1724552841,'ccf3349ca493e7305247c8340c5753ac',39594,'/about/','','',NULL,312,0,0,0,0,0,0),
(746,'/library/',1724552880,'ccf3349ca493e7305247c8340c5753ac',24313,'/library/','','',NULL,312,0,0,0,0,0,0),
(747,'/membership-account/membership-levels/',1724552905,'ccf3349ca493e7305247c8340c5753ac',9087,'/membership-account/membership-levels/','','',NULL,312,0,0,0,0,0,0),
(748,'/membership-account/membership-checkout/',1724552914,'ccf3349ca493e7305247c8340c5753ac',29617,'/membership-account/membership-checkout/?pmpro_level=11','?pmpro_level=11','',NULL,312,0,0,0,0,0,0),
(749,'/',1724590861,'ccf3349ca493e7305247c8340c5753ac',19329,'/','','',NULL,313,0,0,0,0,0,0),
(750,'/contact/',1724590912,'ccf3349ca493e7305247c8340c5753ac',25122,'/contact/','','',NULL,313,0,0,0,0,0,0),
(751,'/about/',1724590937,'ccf3349ca493e7305247c8340c5753ac',22425,'/about/','','',NULL,313,0,0,0,0,0,0),
(752,'/membership-account/membership-levels/',1724590960,'ccf3349ca493e7305247c8340c5753ac',19443,'/membership-account/membership-levels/','','',NULL,313,0,0,0,0,0,0),
(753,'/membership-account/membership-checkout/',1724590980,'ccf3349ca493e7305247c8340c5753ac',15229,'/membership-account/membership-checkout/?pmpro_level=3','?pmpro_level=3','',NULL,313,0,0,0,0,0,0),
(754,'/library/',1724590995,'ccf3349ca493e7305247c8340c5753ac',13737,'/library/','','',NULL,313,0,0,0,0,0,0),
(755,'/category/pry-2-books/',1724591010,'ccf3349ca493e7305247c8340c5753ac',18851,'/category/pry-2-books/','','',NULL,313,0,0,0,0,0,0),
(756,'/basic-science-pry-2/',1724591030,'ccf3349ca493e7305247c8340c5753ac',12612,'/basic-science-pry-2/','','',NULL,313,0,0,0,0,0,0),
(757,'/membership-account/membership-levels/',1724591043,'ccf3349ca493e7305247c8340c5753ac',14914,'/membership-account/membership-levels/','','',NULL,313,0,0,0,0,0,0),
(758,'/contact/',1724609923,'261384c577be6d0bf42e09dae9edeb73',25727,'/contact/','','',NULL,314,0,0,0,0,0,0),
(759,'/contact/',1724610286,'261384c577be6d0bf42e09dae9edeb73',0,'/contact/','','',NULL,314,0,0,1,6,3,2),
(760,'/',1724617765,'05d963311ec7c3ad5769b8752eeb41e4',626,'/','','',NULL,315,1,1,1,3,1,1),
(761,'/contact/',1724667243,'c21c1d48fc0927c0b313cafddf11d742',81039,'/contact/','','',NULL,316,1,0,0,0,0,0),
(762,'/',1724667342,'c21c1d48fc0927c0b313cafddf11d742',43026,'/','','',NULL,316,0,0,0,0,0,0),
(763,'/',1724667386,'c21c1d48fc0927c0b313cafddf11d742',60996,'/','','',NULL,316,0,0,0,0,0,0),
(764,'/membership-account/membership-levels/',1724667438,'c21c1d48fc0927c0b313cafddf11d742',23079,'/membership-account/membership-levels/','','',NULL,316,0,0,0,0,0,0),
(765,'/',1724670028,'728f8bc29039eb44b1c2ea9c17aa79ff',9,'/','','',NULL,317,0,1,1,6,3,2),
(766,'/contact/',1724672608,'a2086554d5d4a132cedd53bf80ddcdaf',5216,'/contact/','','',NULL,318,0,0,0,0,0,0),
(767,'/',1724690384,'251f0cea9f641bc8e02fa2bfd40ff459',345,'/','','',NULL,319,1,1,1,6,3,2),
(768,'/contact/',1724693944,'87440e3bacfdda40353ff4e95c795e04',18330,'/contact/','','',NULL,320,0,0,0,0,0,0),
(769,'/',1724707007,'63b9a7c334f2b8246e20e0742e4c8839',0,'/','','',NULL,321,1,1,1,3,1,1),
(770,'/login/',1724710691,'ccf3349ca493e7305247c8340c5753ac',68909,'/login/?redirect_to=https%3A%2F%2Fwww.takadun.ng%2Fwp-admin%2Fupload.php','?redirect_to=https%3A%2F%2Fwww.takadun.ng%2Fwp-admin%2Fupload.php','',NULL,322,0,0,0,0,0,0),
(771,'/login/',1724711263,'ccf3349ca493e7305247c8340c5753ac',3473,'/login/?redirect_to=https%3A%2F%2Fwww.takadun.ng%2Fwp-admin%2Fupload.php','?redirect_to=https%3A%2F%2Fwww.takadun.ng%2Fwp-admin%2Fupload.php','',NULL,322,0,0,0,0,0,0),
(772,'/login/',1724711266,'ccf3349ca493e7305247c8340c5753ac',1568,'/login/?redirect_to=https%3A%2F%2Fwww.takadun.ng%2Fwp-admin%2Fplugins.php','?redirect_to=https%3A%2F%2Fwww.takadun.ng%2Fwp-admin%2Fplugins.php','',NULL,322,0,0,0,0,0,0),
(773,'/login/',1724711271,'ccf3349ca493e7305247c8340c5753ac',2094,'/login/?redirect_to=https%3A%2F%2Fwww.takadun.ng%2Fwp-admin%2Fadmin.php%3Fpage%3Dwapppresssettings','?redirect_to=https%3A%2F%2Fwww.takadun.ng%2Fwp-admin%2Fadmin.php%3Fpage%3Dwapppresssettings','',NULL,322,0,0,0,0,0,0),
(774,'/contact/',1724734659,'500ab03ed2a33666779855476236ebb9',1785,'/contact/','','',NULL,323,0,1,0,0,0,0),
(775,'/',1724744121,'728f8bc29039eb44b1c2ea9c17aa79ff',52679,'/','','',NULL,324,0,0,0,0,0,0),
(776,'/',1724744175,'728f8bc29039eb44b1c2ea9c17aa79ff',687,'/','','',NULL,324,0,0,0,0,0,0),
(777,'/contact/',1724744201,'728f8bc29039eb44b1c2ea9c17aa79ff',2,'/contact/','','',NULL,324,0,0,1,6,3,2),
(778,'/contact/',1724746048,'500ab03ed2a33666779855476236ebb9',0,'/contact/','','',NULL,325,0,1,1,28,3,2),
(779,'/contact/',1724773427,'87440e3bacfdda40353ff4e95c795e04',16,'/contact/','','',NULL,326,0,1,1,15,3,2),
(780,'/',1724793396,'c9fd5fc86d2625bb2d4036ca6fe2ccc7',5,'/','','',NULL,327,1,1,1,3,1,1),
(781,'/',1724798215,'728f8bc29039eb44b1c2ea9c17aa79ff',50066,'/','','',NULL,328,0,0,0,0,0,0),
(782,'/',1724824321,'38ccfee610cb82fa423df925dd013b45',4,'/','','',NULL,329,1,1,1,2,2,1),
(783,'/contact/',1724825942,'18c195792681cfeadd3a644e7087329d',45491,'/contact/','','',NULL,330,1,0,0,0,0,0),
(784,'/membership-account/membership-levels/',1724826029,'18c195792681cfeadd3a644e7087329d',19516,'/membership-account/membership-levels/','','',NULL,330,0,0,0,0,0,0),
(785,'/contact/',1724826051,'18c195792681cfeadd3a644e7087329d',7136,'/contact/','','',NULL,330,0,0,0,0,0,0),
(786,'/contact/',1724826060,'18c195792681cfeadd3a644e7087329d',93278,'/contact/','','',NULL,330,0,0,0,0,0,0),
(787,'/membership-account/membership-levels/',1724826190,'18c195792681cfeadd3a644e7087329d',24251,'/membership-account/membership-levels/','','',NULL,330,0,0,0,0,0,0),
(788,'/contact/',1724837044,'5f44331b186ddc2f2c47e6e167d7cf23',51823,'/contact/','','',NULL,331,0,0,0,0,0,0),
(789,'/membership-account/membership-levels/',1724837085,'5f44331b186ddc2f2c47e6e167d7cf23',31952,'/membership-account/membership-levels/','','',NULL,331,0,0,0,0,0,0),
(790,'/membership-account/membership-checkout/',1724837120,'5f44331b186ddc2f2c47e6e167d7cf23',37428,'/membership-account/membership-checkout/?pmpro_level=13','?pmpro_level=13','',NULL,331,0,0,0,0,0,0),
(791,'/contact/',1724837267,'05b90e33b66fa4a77d6d91619ad0ca6f',491872,'/contact/','','',NULL,332,1,0,0,0,0,0),
(792,'/all-books/',1724837789,'05b90e33b66fa4a77d6d91619ad0ca6f',39765,'/all-books/','','',NULL,332,0,0,0,0,0,0),
(793,'/all-books/',1724837824,'05b90e33b66fa4a77d6d91619ad0ca6f',13099,'/all-books/','','',NULL,332,0,0,0,0,0,0),
(794,'/membership-account/membership-levels/',1724837856,'05b90e33b66fa4a77d6d91619ad0ca6f',72488,'/membership-account/membership-levels/','','',NULL,332,0,0,0,0,0,0),
(795,'/takadun-registration-page/',1724837932,'05b90e33b66fa4a77d6d91619ad0ca6f',70287,'/takadun-registration-page/','','',NULL,332,0,0,0,0,0,0),
(796,'/membership-account/membership-levels/',1724837997,'05b90e33b66fa4a77d6d91619ad0ca6f',25406,'/membership-account/membership-levels/','','',NULL,332,0,0,0,0,0,0),
(797,'/membership-account/',1724838027,'05b90e33b66fa4a77d6d91619ad0ca6f',19515,'/membership-account/','','',NULL,332,0,0,0,0,0,0),
(798,'/membership-account/membership-checkout/',1724838084,'05b90e33b66fa4a77d6d91619ad0ca6f',18507,'/membership-account/membership-checkout/?pmpro_level=4','?pmpro_level=4','',NULL,332,0,0,0,0,0,0),
(799,'/membership-account/',1724838109,'05b90e33b66fa4a77d6d91619ad0ca6f',33657,'/membership-account/','','',NULL,332,0,0,0,0,0,0),
(800,'/membership-account/membership-levels/',1724838193,'05b90e33b66fa4a77d6d91619ad0ca6f',37670,'/membership-account/membership-levels/','','',NULL,332,0,0,0,0,0,0),
(801,'/contact/',1724838326,'18c195792681cfeadd3a644e7087329d',107720,'/contact/','','',NULL,333,0,0,0,0,0,0),
(802,'/about/',1724838334,'5f44331b186ddc2f2c47e6e167d7cf23',22538,'/about/','','',NULL,331,0,0,0,0,0,0),
(803,'/membership-account/membership-levels/',1724838339,'5f44331b186ddc2f2c47e6e167d7cf23',37836,'/membership-account/membership-levels/','','',NULL,331,0,0,0,0,0,0),
(804,'/membership-account/membership-checkout/',1724838382,'5f44331b186ddc2f2c47e6e167d7cf23',51361,'/membership-account/membership-checkout/?pmpro_level=15','?pmpro_level=15','',NULL,331,0,0,0,0,0,0),
(805,'/login/',1724838436,'5f44331b186ddc2f2c47e6e167d7cf23',8162,'/login/','','',NULL,331,0,0,0,0,0,0),
(806,'/',1724848638,'1659247c5f062e0647aff164a25c1f18',49290,'/','','',NULL,334,0,0,0,0,0,0),
(807,'/membership-account/membership-levels/',1724848700,'1659247c5f062e0647aff164a25c1f18',136620,'/membership-account/membership-levels/','','',NULL,334,0,0,0,0,0,0),
(808,'/membership-account/',1724848866,'1659247c5f062e0647aff164a25c1f18',4417,'/membership-account/','','',NULL,334,0,0,0,0,0,0),
(809,'/membership-account/membership-checkout/',1724848877,'1659247c5f062e0647aff164a25c1f18',551,'/membership-account/membership-checkout/?pmpro_level=11','?pmpro_level=11','',NULL,334,0,0,1,29,3,2),
(810,'/',1724849473,'1659247c5f062e0647aff164a25c1f18',16649,'/','','',NULL,334,0,0,0,0,0,0),
(811,'/membership-account/membership-levels/',1724849491,'1659247c5f062e0647aff164a25c1f18',25547,'/membership-account/membership-levels/','','',NULL,334,0,0,0,0,0,0),
(812,'/membership-account/membership-checkout/',1724849527,'1659247c5f062e0647aff164a25c1f18',47756,'/membership-account/membership-checkout/?pmpro_level=11','?pmpro_level=11','',NULL,334,0,0,0,0,0,0),
(813,'/membership-account/membership-checkout/',1724849676,'1659247c5f062e0647aff164a25c1f18',186804,'/membership-account/membership-checkout/?pmpro_level=11','?pmpro_level=11','',NULL,334,0,0,0,0,0,0),
(814,'/',1724850378,'1659247c5f062e0647aff164a25c1f18',29606,'/','','',NULL,334,0,0,0,0,0,0),
(815,'/membership-account/membership-levels/',1724850418,'1659247c5f062e0647aff164a25c1f18',24928,'/membership-account/membership-levels/','','',NULL,334,0,0,0,0,0,0),
(816,'/login/',1724850542,'5f44331b186ddc2f2c47e6e167d7cf23',4646,'/login/?redirect_to=https%3A%2F%2Fwww.takadun.ng%2Fwp-admin%2Fadmin.php%3Fpage%3Dpmpro-discountcodes%26edit%3D-1%26copy%3D5','?redirect_to=https%3A%2F%2Fwww.takadun.ng%2Fwp-admin%2Fadmin.php%3Fpage%3Dpmpro-discountcodes%26edit%3D-1%26copy%3D5','',NULL,335,0,0,0,0,0,0),
(817,'/membership-account/membership-checkout/',1724850547,'1659247c5f062e0647aff164a25c1f18',83389,'/membership-account/membership-checkout/?pmpro_level=11','?pmpro_level=11','',NULL,334,0,0,0,0,0,0),
(818,'/login/',1724850553,'5f44331b186ddc2f2c47e6e167d7cf23',25456,'/login/?action=incorrect_password&username=takadunadmin','?action=incorrect_password&username=takadunadmin','',NULL,335,0,0,0,0,0,0),
(819,'/',1724850605,'728f8bc29039eb44b1c2ea9c17aa79ff',9123,'/','','',NULL,336,0,0,0,0,0,0),
(820,'/membership-account/membership-levels/',1724850615,'728f8bc29039eb44b1c2ea9c17aa79ff',24087,'/membership-account/membership-levels/','','',NULL,336,0,0,0,0,0,0),
(821,'/membership-account/',1724850630,'728f8bc29039eb44b1c2ea9c17aa79ff',50410,'/membership-account/','','',NULL,336,0,0,0,0,0,0),
(822,'/membership-account/membership-checkout/',1724850708,'728f8bc29039eb44b1c2ea9c17aa79ff',73526,'/membership-account/membership-checkout/?pmpro_level=9','?pmpro_level=9','',NULL,336,0,0,0,0,0,0),
(823,'/membership-account/membership-checkout/',1724850892,'728f8bc29039eb44b1c2ea9c17aa79ff',95325,'/membership-account/membership-checkout/?pmpro_level=9','?pmpro_level=9','',NULL,336,0,0,0,0,0,0),
(824,'/membership-account/membership-checkout/',1724851033,'728f8bc29039eb44b1c2ea9c17aa79ff',74244,'/membership-account/membership-checkout/?pmpro_level=9','?pmpro_level=9','',NULL,336,0,0,0,0,0,0),
(825,'/membership-account/membership-checkout/',1724851144,'728f8bc29039eb44b1c2ea9c17aa79ff',3406,'/membership-account/membership-checkout/?pmpro_level=9','?pmpro_level=9','',NULL,336,0,0,0,0,0,0),
(826,'/',1724853021,'be7e7a31edb281961f524f99e5e31812',0,'/','','',NULL,337,1,1,1,2,2,1),
(827,'/',1724853033,'eaa60e78938711d26e71c06d08d43049',0,'/','','',NULL,338,1,1,1,2,2,1),
(828,'/',1724853045,'9b080b4fb631a9d8a8fec9b9ab557588',19763,'/','','',NULL,339,1,0,0,0,0,0),
(829,'/',1724853085,'9b080b4fb631a9d8a8fec9b9ab557588',374,'/','','',NULL,339,0,0,0,0,0,0),
(830,'/',1724853087,'9b080b4fb631a9d8a8fec9b9ab557588',2,'/','','',NULL,339,0,0,1,4,3,2),
(831,'/contact/',1724857024,'d6ac733b0c4eecee29120057ee4d239a',67392,'/contact/','','',NULL,340,1,0,0,0,0,0),
(832,'/contact/',1724857137,'d6ac733b0c4eecee29120057ee4d239a',123509,'/contact/','','',NULL,340,0,0,0,0,0,0),
(833,'/login/',1724871682,'5f44331b186ddc2f2c47e6e167d7cf23',56048,'/login/?redirect_to=https%3A%2F%2Fwww.takadun.ng%2Fwp-admin%2Fadmin.php%3Fpage%3Dpmpro-discountcodes%26edit%3D-1','?redirect_to=https%3A%2F%2Fwww.takadun.ng%2Fwp-admin%2Fadmin.php%3Fpage%3Dpmpro-discountcodes%26edit%3D-1','',NULL,341,0,0,0,0,0,0),
(834,'/contact/',1724876641,'f9dc42f367208681050678e23583f593',8,'/contact/','','',NULL,342,0,1,5,33,3,2),
(835,'/',1724876950,'ccf3349ca493e7305247c8340c5753ac',33344,'/','','',NULL,343,0,0,0,0,0,0),
(836,'/membership-account/membership-levels/',1724876969,'ccf3349ca493e7305247c8340c5753ac',16668,'/membership-account/membership-levels/','','',NULL,343,0,0,0,0,0,0),
(837,'/membership-account/membership-checkout/',1724877016,'ccf3349ca493e7305247c8340c5753ac',39189,'/membership-account/membership-checkout/?pmpro_level=13','?pmpro_level=13','',NULL,343,0,0,0,0,0,0),
(838,'/membership-account/membership-checkout/',1724877197,'ccf3349ca493e7305247c8340c5753ac',27723,'/membership-account/membership-checkout/?pmpro_level=13','?pmpro_level=13','',NULL,343,0,0,0,0,0,0),
(839,'/membership-account/membership-checkout/',1724877224,'ccf3349ca493e7305247c8340c5753ac',31142,'/membership-account/membership-checkout/?pmpro_level=13','?pmpro_level=13','',NULL,343,0,0,0,0,0,0),
(840,'/membership-account/membership-checkout/',1724877304,'ccf3349ca493e7305247c8340c5753ac',7733,'/membership-account/membership-checkout/?pmpro_level=13','?pmpro_level=13','',NULL,343,0,0,0,0,0,0),
(841,'/membership-account/membership-levels/',1724877312,'ccf3349ca493e7305247c8340c5753ac',5047,'/membership-account/membership-levels/','','',NULL,343,0,0,0,0,0,0),
(842,'/membership-account/membership-checkout/',1724877318,'ccf3349ca493e7305247c8340c5753ac',41814,'/membership-account/membership-checkout/?pmpro_level=12','?pmpro_level=12','',NULL,343,0,0,0,0,0,0),
(843,'/membership-account/membership-checkout/',1724877517,'ccf3349ca493e7305247c8340c5753ac',50226,'/membership-account/membership-checkout/?pmpro_level=12','?pmpro_level=12','',NULL,343,0,0,0,0,0,0),
(844,'/membership-account/membership-levels/',1724877797,'ccf3349ca493e7305247c8340c5753ac',7896,'/membership-account/membership-levels/','','',NULL,343,0,0,0,0,0,0),
(845,'/membership-account/membership-checkout/',1724877809,'ccf3349ca493e7305247c8340c5753ac',61134,'/membership-account/membership-checkout/?pmpro_level=18','?pmpro_level=18','',NULL,343,0,0,0,0,0,0),
(846,'/membership-account/membership-checkout/',1724878005,'ccf3349ca493e7305247c8340c5753ac',32390,'/membership-account/membership-checkout/?pmpro_level=18','?pmpro_level=18','',NULL,343,0,0,0,0,0,0),
(847,'/membership-account/membership-levels/',1724948716,'5f44331b186ddc2f2c47e6e167d7cf23',17978,'/membership-account/membership-levels/','','',NULL,344,0,0,0,0,0,0),
(848,'/contact/',1724950127,'a2086554d5d4a132cedd53bf80ddcdaf',39,'/contact/','','',NULL,345,0,1,1,6,3,2),
(849,'/contact/',1725051284,'0646c940ab4ef97cfe81160dd27efdf7',9,'/contact/','','',NULL,346,0,1,1,6,3,2),
(850,'/contact/',1725116589,'261384c577be6d0bf42e09dae9edeb73',8862,'/contact/','','',NULL,347,0,0,0,0,0,0);

--
-- Table structure for table `wpt8_burst_summary`
--

CREATE TABLE `wpt8_burst_summary` (
  `ID` int(11) NOT NULL AUTO_INCREMENT,
  `date` date NOT NULL,
  `page_url` varchar(191) NOT NULL,
  `sessions` int(11) NOT NULL,
  `visitors` int(11) NOT NULL,
  `first_time_visitors` int(11) NOT NULL,
  `pageviews` int(11) NOT NULL,
  `bounces` int(11) NOT NULL,
  `avg_time_on_page` int(11) NOT NULL,
  `completed` tinyint(4) NOT NULL,
  PRIMARY KEY (`ID`),
  UNIQUE KEY `unique_date_page_url` (`date`,`page_url`),
  KEY `page_url_date_index` (`page_url`,`date`),
  KEY `date_index` (`date`)
) ENGINE=InnoDB AUTO_INCREMENT=3495 DEFAULT CHARSET=utf8mb4 COLLATE=utf8mb4_unicode_520_ci;

--
-- Dumping data for table `wpt8_burst_summary`
--

INSERT INTO `wpt8_burst_summary` (`ID`, `date`, `page_url`, `sessions`, `visitors`, `first_time_visitors`, `pageviews`, `bounces`, `avg_time_on_page`, `completed`) VALUES (1,'2024-07-21','burst_day_total',0,0,0,0,0,0,1),
(2,'2024-07-22','burst_day_total',2,2,2,3,2,14412,0),
(3,'2024-07-22','/membership-account/',1,1,1,1,0,18061,0),
(7,'2024-07-22','/',0,0,0,0,2,0,0),
(15,'2024-07-22','/login/',1,1,1,2,0,12588,0),
(49,'2024-07-23','burst_day_total',3,3,3,11,3,11130,0),
(52,'2024-07-23','/',2,2,2,6,3,8343,0),
(84,'2024-07-23','/login/',1,1,1,4,0,12392,0),
(112,'2024-07-23','/about/',1,1,0,1,0,22808,0),
(142,'2024-07-24','burst_day_total',1,1,1,8,2,40624,0),
(163,'2024-07-24','/',1,1,1,2,2,46693,0),
(215,'2024-07-24','/about/',1,1,0,2,0,45616,0),
(216,'2024-07-24','/contact/',1,1,0,1,0,14342,0),
(217,'2024-07-24','/library/',1,1,0,1,0,57384,0),
(218,'2024-07-24','/membership-account/',1,1,0,1,0,20444,0),
(219,'2024-07-24','/membership-account/membership-levels/',1,1,0,1,0,48204,0),
(237,'2024-07-25','burst_day_total',3,2,1,5,1,15262,0),
(264,'2024-07-25','/',2,2,1,2,1,10772,0),
(284,'2024-07-25','/login/',1,1,0,3,0,18256,0),
(324,'2024-07-26','burst_day_total',0,0,0,0,2,0,0),
(345,'2024-07-26','/',0,0,0,0,2,0,0),
(409,'2024-07-27','burst_day_total',1,1,1,1,3,20998,0),
(430,'2024-07-27','/',1,1,1,1,3,20998,0),
(502,'2024-07-28','burst_day_total',1,1,1,18,1,36137,0),
(529,'2024-07-28','/',1,1,1,1,1,60757,0),
(530,'2024-07-28','/about/',1,1,0,1,0,104328,0),
(531,'2024-07-28','/all-books/',1,1,0,3,0,22555,0),
(532,'2024-07-28','/basic-science-technology-6/',1,1,0,1,0,104739,0),
(533,'2024-07-28','/category/pry-6-books/',1,1,0,1,0,3855,0),
(534,'2024-07-28','/computer-science-6/',1,1,0,1,0,0,0),
(535,'2024-07-28','/library/',1,1,0,1,0,20380,0),
(536,'2024-07-28','/login/',1,1,0,2,0,10664,0),
(537,'2024-07-28','/national-values-3/',1,1,0,1,0,136809,0),
(538,'2024-07-28','/national-values-6/',1,1,0,4,0,7181,0),
(539,'2024-07-28','/physical-health-education-6/',1,1,0,1,0,101866,0),
(540,'2024-07-28','/pre-vocational-studies-6/',1,1,0,1,0,8,0),
(595,'2024-07-29','burst_day_total',0,0,0,0,1,0,0),
(658,'2024-07-29','/',0,0,0,0,1,0,0),
(670,'2024-07-30','burst_day_total',3,2,1,14,5,42807,0),
(673,'2024-07-30','/',1,1,1,3,5,6038,0),
(709,'2024-07-30','/login/',1,1,0,7,0,65481,0),
(713,'2024-07-30','/basic-science-pry-5/',1,1,0,1,0,57229,0),
(714,'2024-07-30','/membership-account/your-profile/',1,1,0,1,0,24463,0),
(715,'2024-07-30','/wp-admin/post.php/',1,1,0,2,0,20568,0),
(763,'2024-07-31','burst_day_total',3,3,1,3,3,29536,0),
(784,'2024-07-31','/',1,1,0,1,2,16133,0),
(840,'2024-07-31','/wp-admin/post-new.php/',1,1,0,1,0,9264,0),
(844,'2024-07-31','/membership-account/membership-levels/',0,0,0,0,1,0,0),
(845,'2024-07-31','/wp-admin/edit.php/',1,1,1,1,0,63211,0),
(854,'2024-08-01','/',2,2,0,4,1,32137,0),
(855,'2024-08-01','/agric-science-primary-6/',1,1,0,1,0,53223,0),
(856,'2024-08-01','/all-books/',2,2,0,4,0,141182,0),
(857,'2024-08-01','/category/pry-2-books/',2,2,0,2,0,137469,0),
(858,'2024-08-01','/library/',2,2,0,5,0,31679,0),
(861,'2024-08-01','burst_day_total',2,2,0,35,1,66637,0),
(876,'2024-08-01','/about/',1,1,0,1,0,85384,0),
(877,'2024-08-01','/basic-science-pry-3/',1,1,0,2,0,12502,0),
(878,'2024-08-01','/basic-technology-pry-3/',1,1,0,2,0,25186,0),
(879,'2024-08-01','/category/pry-3-books/',1,1,0,3,0,7412,0),
(880,'2024-08-01','/category/pry-6-books/',1,1,0,3,0,125236,0),
(881,'2024-08-01','/civic-education-pry-3/',1,1,0,2,0,86978,0),
(882,'2024-08-01','/login/',1,1,0,2,0,16515,0),
(883,'2024-08-01','/mathematics-primary-3/',1,1,0,2,0,35737,0),
(884,'2024-08-01','/mathematics-primary-6/',1,1,0,1,0,38502,0),
(885,'2024-08-01','/social-studies-primary-6/',1,1,0,1,0,276796,0),
(966,'2024-08-02','burst_day_total',5,2,1,13,1,56172,0),
(1029,'2024-08-02','/flipbook/mathematics-pry-1/',1,1,0,3,0,50878,0),
(1030,'2024-08-02','/mathematics-primary-1/',1,1,0,1,0,77624,0),
(1035,'2024-08-02','/',2,2,1,3,1,74076,0),
(1036,'2024-08-02','/wp-admin/edit.php/',1,1,0,1,0,57263,0),
(1037,'2024-08-02','/wp-admin/post.php/',1,1,0,1,0,1767,0),
(1041,'2024-08-02','/about/',2,1,0,2,0,92544,0),
(1042,'2024-08-02','/category/pry-6-books/',1,1,0,1,0,3637,0),
(1043,'2024-08-02','/security-education-primary-6/',1,1,0,1,0,30000,0),
(1051,'2024-08-03','/',4,3,1,7,4,63961,0),
(1052,'2024-08-03','/about/',5,3,0,9,1,72714,0),
(1053,'2024-08-03','/library/',1,1,0,1,0,10810,0),
(1054,'2024-08-03','burst_day_total',8,4,1,18,5,63357,0),
(1105,'2024-08-03','/all-books/',1,1,0,1,0,27457,0),
(1143,'2024-08-04','burst_day_total',4,2,1,67,3,45645,0),
(1149,'2024-08-04','/',4,2,1,8,3,49465,0),
(1150,'2024-08-04','/about/',2,1,0,4,0,46100,0),
(1151,'2024-08-04','/all-books/',2,1,0,3,0,17648,0),
(1152,'2024-08-04','/basic-science-technology-3/',1,1,0,2,0,13939,0),
(1153,'2024-08-04','/basic-science-technology-6/',1,1,0,1,0,11274,0),
(1154,'2024-08-04','/category/pry-3-books/',2,1,0,8,0,24084,0),
(1155,'2024-08-04','/library/',3,2,0,3,0,21660,0),
(1156,'2024-08-04','/login/',2,1,0,11,0,15158,0),
(1157,'2024-08-04','/mathematics-primary-6/',1,1,0,1,0,10356,0),
(1158,'2024-08-04','/membership-account/',2,1,0,2,0,28036,0),
(1159,'2024-08-04','/membership-account/membership-checkout/',2,2,0,3,0,17896,0),
(1160,'2024-08-04','/national-values-6/',1,1,0,1,0,14338,0),
(1161,'2024-08-04','/physical-health-education-6/',1,1,0,1,0,16144,0),
(1162,'2024-08-04','/physical-health-education-pry-3/',2,1,0,6,0,44591,0),
(1163,'2024-08-04','/pre-vocational-studies-6/',1,1,0,1,0,15583,0),
(1187,'2024-08-04','/basic-science-pry-3/',1,1,0,1,0,171297,0),
(1188,'2024-08-04','/social-studies-primary-3/',1,1,0,1,0,302010,0),
(1193,'2024-08-04','/agric-science-primary-3/',1,1,0,1,0,210455,0),
(1194,'2024-08-04','/category/pry-3-books/page/2/',1,1,0,1,0,9611,0),
(1195,'2024-08-04','/civic-education-pry-3/',1,1,0,1,0,320626,0),
(1196,'2024-08-04','/computer-science-pry-3/',1,1,0,1,0,116855,0),
(1197,'2024-08-04','/home-economics-pry-3/',1,1,0,1,0,175144,0),
(1198,'2024-08-04','/mathematics-primary-3/',1,1,0,1,0,19427,0),
(1231,'2024-08-04','/membership-account/membership-levels/',2,2,0,4,0,50620,0),
(1265,'2024-08-05','burst_day_total',3,3,1,8,2,30218,0),
(1280,'2024-08-05','/',1,1,0,1,2,3,0),
(1296,'2024-08-05','/all-books/',2,2,1,2,0,14041,0),
(1320,'2024-08-05','/category/pry-3-books/',1,1,0,1,0,2,0),
(1344,'2024-08-05','/flipbook/physical-health-education-primary-2/',1,1,0,1,0,15925,0),
(1345,'2024-08-05','/flipbook/physical-health-education-primaryy-3/',1,1,0,3,0,65912,0),
(1354,'2024-08-06','burst_day_total',2,2,2,12,3,25446,0),
(1372,'2024-08-06','/',0,0,0,0,3,0,0),
(1384,'2024-08-06','/login/',2,2,2,2,0,47837,0),
(1400,'2024-08-06','/membership-account/',1,1,0,3,0,35294,0),
(1401,'2024-08-06','/membership-account/membership-cancel/',1,1,0,3,0,17607,0),
(1402,'2024-08-06','/membership-account/your-profile/',1,1,0,4,0,12744,0),
(1442,'2024-08-07','burst_day_total',1,1,0,3,2,73575,0),
(1463,'2024-08-07','/',1,1,0,2,2,45112,0),
(1511,'2024-08-07','/about/',1,1,0,1,0,130502,0),
(1531,'2024-08-08','burst_day_total',2,1,0,21,3,107852,0),
(1534,'2024-08-08','/',2,1,0,8,3,105386,0),
(1535,'2024-08-08','/library/',1,1,0,2,0,66390,0),
(1540,'2024-08-08','/category/pry-1-books/',1,1,0,1,0,2336,0),
(1541,'2024-08-08','/category/pry-2-books/',1,1,0,1,0,1887,0),
(1542,'2024-08-08','/category/pry-3-books/',1,1,0,1,0,4033,0),
(1543,'2024-08-08','/category/pry-4-books/',1,1,0,4,0,11528,0),
(1544,'2024-08-08','/category/pry-6-books/',1,1,0,1,0,2410,0),
(1598,'2024-08-08','/about/',1,1,0,2,0,538584,0),
(1599,'2024-08-08','/membership-account/membership-levels/',1,1,0,1,0,155088,0),
(1632,'2024-08-09','burst_day_total',2,2,1,10,6,107687,0),
(1641,'2024-08-09','/',2,2,1,4,4,45026,0),
(1642,'2024-08-09','/membership-account/membership-levels/',1,1,0,1,0,122180,0),
(1647,'2024-08-09','/about/',1,1,0,5,2,154918,0),
(1725,'2024-08-10','burst_day_total',3,2,0,8,4,43217,0),
(1737,'2024-08-10','/',3,2,0,3,4,61154,0),
(1781,'2024-08-10','/wp-admin/remote/',1,1,0,1,0,52027,0),
(1785,'2024-08-10','/computer-science-pry-1/',1,1,0,1,0,82326,0),
(1786,'2024-08-10','/computer-science-pry-2/',1,1,0,1,0,1,0),
(1787,'2024-08-10','/login/',1,1,0,1,0,1832,0),
(1788,'2024-08-10','/physical-health-education-pry-3/',1,1,0,1,0,26083,0),
(1815,'2024-08-11','burst_day_total',8,4,2,25,2,52161,0),
(1839,'2024-08-11','/about/',2,2,0,9,1,67292,0),
(1840,'2024-08-11','/flipbook/national-values-6/',1,1,0,1,0,89325,0),
(1845,'2024-08-11','/login/',1,1,1,1,0,24780,0),
(1857,'2024-08-11','/',6,4,1,8,1,42334,0),
(1858,'2024-08-11','/contact/',2,2,0,3,0,50181,0),
(1863,'2024-08-11','/library/',2,2,0,3,0,31691,0),
(1913,'2024-08-12','burst_day_total',6,4,1,50,3,88231,0),
(1931,'2024-08-12','/',2,2,1,3,2,31394,0),
(1939,'2024-08-12','/all-books/',5,3,0,6,0,44349,0),
(1940,'2024-08-12','/computer-science-pry-3/',1,1,0,1,0,1131292,0),
(1941,'2024-08-12','/login/',2,2,0,3,0,19080,0),
(1942,'2024-08-12','/mathematics-primary-6/',3,2,0,3,0,13439,0),
(1943,'2024-08-12','/national-values-3/',1,1,0,1,0,21221,0),
(1944,'2024-08-12','/national-values-6/',2,2,0,4,0,26167,0),
(1945,'2024-08-12','/physical-health-education-pry-3/',1,1,0,1,0,70625,0),
(1949,'2024-08-12','/basic-science-technology-6/',1,1,0,2,0,11027,0),
(1950,'2024-08-12','/category/pry-3-books/',1,1,0,2,0,14492,0),
(1951,'2024-08-12','/category/pry-6-books/',3,2,0,9,0,13809,0),
(1952,'2024-08-12','/category/pry-6-books/page/2/',1,1,0,1,0,7750,0),
(1953,'2024-08-12','/library/',1,1,0,3,0,10446,0),
(1954,'2024-08-12','/physical-health-education-6/',1,1,0,1,0,44341,0),
(1955,'2024-08-12','/social-studies-primary-3/',1,1,0,1,0,555917,0),
(1956,'2024-08-12','/social-studies-primary-6/',2,2,0,2,1,554194,0),
(1967,'2024-08-12','/agric-science-primary-6/',1,1,0,1,0,17031,0),
(1968,'2024-08-12','/civic-education-pry-6/',1,1,0,2,0,17735,0),
(1969,'2024-08-12','/security-education-primary-3/',1,1,0,1,0,592384,0),
(1970,'2024-08-12','/security-education-primary-6/',1,1,0,1,0,1,0),
(2021,'2024-08-12','/flipbook/basic-science-technology-5/',1,1,0,2,0,28985,0),
(2031,'2024-08-13','burst_day_total',1,1,1,3,32,6569,0),
(2037,'2024-08-13','/',1,1,1,3,20,6569,0),
(2065,'2024-08-13','/about/',0,0,0,0,1,0,0),
(2066,'2024-08-13','/category/pry-1-books/',0,0,0,0,2,0,0),
(2067,'2024-08-13','/contact/',0,0,0,0,2,0,0),
(2068,'2024-08-13','/library/',0,0,0,0,3,0,0),
(2069,'2024-08-13','/membership-account/membership-levels/',0,0,0,0,2,0,0),
(2075,'2024-08-13','/all-books/',0,0,0,0,1,0,0),
(2076,'2024-08-13','/category/pry-4-books/',0,0,0,0,1,0,0),
(2129,'2024-08-14','burst_day_total',2,1,0,5,3,93606,0),
(2165,'2024-08-14','/',2,1,0,3,3,89464,0),
(2185,'2024-08-14','/social-studies-primary-6/',1,1,0,2,0,99820,0),
(2209,'2024-08-15','burst_day_total',1,1,1,2,22,199599,0),
(2230,'2024-08-15','/',1,1,1,1,14,386441,0),
(2231,'2024-08-15','/contact/',1,1,0,1,3,12757,0),
(2232,'2024-08-15','/login/',0,0,0,0,1,0,0),
(2233,'2024-08-15','/membership-account/membership-checkout/',0,0,0,0,1,0,0),
(2234,'2024-08-15','/membership-account/membership-levels/',0,0,0,0,2,0,0),
(2240,'2024-08-15','/about/',0,0,0,0,1,0,0),
(2294,'2024-08-16','burst_day_total',0,0,0,0,2,0,0),
(2339,'2024-08-16','/',0,0,0,0,2,0,0),
(2367,'2024-08-17','burst_day_total',4,3,1,8,33,29536,0),
(2379,'2024-08-17','/',1,1,0,1,23,32735,0),
(2407,'2024-08-17','/library/',1,1,0,1,3,61565,0),
(2419,'2024-08-17','/login/',2,2,1,4,1,28159,0),
(2427,'2024-08-17','/about/',0,0,0,0,1,0,0),
(2428,'2024-08-17','/all-books/',0,0,0,0,3,0,0),
(2429,'2024-08-17','/category/pry-5-books/',0,0,0,0,1,0,0),
(2430,'2024-08-17','/contact/',0,0,0,0,1,0,0),
(2445,'2024-08-17','/membership-account/membership-checkout/',1,1,0,1,0,13304,0),
(2446,'2024-08-17','/membership-account/membership-levels/',1,1,0,1,0,16047,0),
(2467,'2024-08-18','burst_day_total',3,3,0,12,1,43879,0),
(2482,'2024-08-18','/',3,3,0,5,1,37173,0),
(2483,'2024-08-18','/membership-account/',1,1,0,1,0,32409,0),
(2484,'2024-08-18','/membership-account/membership-checkout/',1,1,0,1,0,77962,0),
(2485,'2024-08-18','/membership-account/membership-levels/',1,1,0,2,0,48143,0),
(2508,'2024-08-18','/category/pry-1-books/',1,1,0,1,0,33455,0),
(2514,'2024-08-18','/category/pry-1-books/page/2/',1,1,0,1,0,15968,0),
(2552,'2024-08-18','/about/',1,1,0,1,0,84605,0),
(2566,'2024-08-19','burst_day_total',2,2,0,5,3,21940,0),
(2587,'2024-08-19','/',2,2,0,4,3,27425,0),
(2607,'2024-08-19','/about/',1,1,0,1,0,1,0),
(2659,'2024-08-20','burst_day_total',3,3,2,8,3,12835,0),
(2671,'2024-08-20','/',3,3,2,5,3,14113,0),
(2687,'2024-08-20','/category/pry-3-books/',1,1,0,1,0,20470,0),
(2688,'2024-08-20','/civic-education-pry-3/',1,1,0,1,0,0,0),
(2689,'2024-08-20','/library/',1,1,0,1,0,11648,0),
(2749,'2024-08-21','burst_day_total',3,3,1,6,2,88174,0),
(2782,'2024-08-21','/',2,2,1,2,1,110611,0),
(2783,'2024-08-21','/contact/',3,3,0,3,0,81167,0),
(2784,'2024-08-21','/membership-account/membership-levels/',1,1,0,1,0,64321,0),
(2816,'2024-08-21','/library/',0,0,0,0,1,0,0),
(2838,'2024-08-22','burst_day_total',32,29,24,127,13,44821,0),
(2853,'2024-08-22','/contact/',31,28,21,40,12,81163,0),
(2857,'2024-08-22','/',8,5,2,14,1,23037,0),
(2858,'2024-08-22','/about/',3,2,0,4,0,89385,0),
(2859,'2024-08-22','/membership-account/membership-levels/',6,6,1,9,0,32594,0),
(2863,'2024-08-22','/login/',3,3,0,6,0,17029,0),
(2869,'2024-08-22','/takadun-registration-page/',4,4,0,4,0,22265,0),
(2881,'2024-08-22','/agric-science-primary-6/',1,1,0,1,0,16944,0),
(2882,'2024-08-22','/all-books/',1,1,0,5,0,14176,0),
(2883,'2024-08-22','/all-books/page/2/',1,1,0,2,0,22443,0),
(2884,'2024-08-22','/all-books/page/3/',1,1,0,2,0,23592,0),
(2885,'2024-08-22','/all-books/page/4/',1,1,0,2,0,21623,0),
(2886,'2024-08-22','/all-books/page/5/',1,1,0,2,0,15653,0),
(2887,'2024-08-22','/basic-science-technology-6/',1,1,0,3,0,13443,0),
(2888,'2024-08-22','/category/pry-6-books/',1,1,0,9,0,13582,0),
(2889,'2024-08-22','/home-economics-pry-6/',1,1,0,1,0,23723,0),
(2890,'2024-08-22','/library/',1,1,0,4,0,47286,0),
(2891,'2024-08-22','/mathematics-primary-6/',1,1,0,2,0,10560,0),
(2892,'2024-08-22','/membership-account/membership-checkout/',2,2,0,2,0,25264,0),
(2893,'2024-08-22','/physical-health-education-6/',1,1,0,10,0,23101,0),
(2894,'2024-08-22','/physical-health-education-pry-3/',1,1,0,1,0,125022,0),
(2895,'2024-08-22','/pre-vocational-studies-6/',1,1,0,2,0,5961,0),
(2896,'2024-08-22','/security-education-primary-6/',1,1,0,1,0,181207,0),
(2947,'2024-08-22','/membership-account/',1,1,0,1,0,30429,0),
(2965,'2024-08-23','burst_day_total',13,12,8,33,15,121818,0),
(2980,'2024-08-23','/contact/',13,12,8,20,13,125568,0),
(2981,'2024-08-23','/membership-account/membership-levels/',3,3,0,3,0,271758,0),
(2986,'2024-08-23','/',3,3,0,5,2,75815,0),
(2987,'2024-08-23','/about/',1,1,0,1,0,183630,0),
(2996,'2024-08-23','/category/pry-5-books/',1,1,0,1,0,30489,0),
(2997,'2024-08-23','/library/',2,2,0,2,0,38543,0),
(2998,'2024-08-23','/login/',1,1,0,1,0,23072,0),
(3070,'2024-08-24','burst_day_total',6,6,3,12,1,57039,0),
(3085,'2024-08-24','/contact/',5,5,2,6,0,76918,0),
(3113,'2024-08-24','/',2,2,1,2,1,66738,0),
(3114,'2024-08-24','/about/',1,1,0,1,0,30101,0),
(3115,'2024-08-24','/category/pry-3-books/',1,1,0,1,0,16616,0),
(3116,'2024-08-24','/library/',1,1,0,1,0,20215,0),
(3117,'2024-08-24','/membership-account/membership-levels/',1,1,0,1,0,22557,0),
(3159,'2024-08-25','burst_day_total',3,2,1,17,1,20955,0),
(3168,'2024-08-25','/',2,1,1,2,1,19489,0),
(3169,'2024-08-25','/about/',2,1,0,2,0,31010,0),
(3170,'2024-08-25','/library/',2,1,0,2,0,19025,0),
(3171,'2024-08-25','/membership-account/membership-checkout/',2,1,0,2,0,22423,0),
(3172,'2024-08-25','/membership-account/membership-levels/',2,1,0,4,0,22507,0),
(3182,'2024-08-25','/basic-science-pry-2/',1,1,0,1,0,12612,0),
(3183,'2024-08-25','/category/pry-2-books/',1,1,0,1,0,18851,0),
(3184,'2024-08-25','/contact/',2,2,0,3,0,16950,0),
(3228,'2024-08-26','burst_day_total',4,4,1,10,3,30773,0),
(3261,'2024-08-26','/',1,1,0,2,3,52011,0),
(3262,'2024-08-26','/contact/',3,3,1,3,0,34862,0),
(3263,'2024-08-26','/membership-account/membership-levels/',1,1,0,1,0,23079,0),
(3311,'2024-08-26','/login/',1,1,0,4,0,19011,0),
(3317,'2024-08-27','burst_day_total',2,1,0,4,4,25859,0),
(3332,'2024-08-27','/contact/',1,1,0,1,3,2,0),
(3344,'2024-08-27','/',2,1,0,3,1,34477,0),
(3406,'2024-08-28','burst_day_total',11,8,4,57,4,49058,0),
(3427,'2024-08-28','/',4,4,1,8,3,19769,0),
(3428,'2024-08-28','/contact/',5,4,3,8,1,123528,0),
(3429,'2024-08-28','/membership-account/membership-levels/',6,6,0,13,0,37078,0),
(3441,'2024-08-28','/all-books/',1,1,0,2,0,26432,0),
(3442,'2024-08-28','/membership-account/membership-checkout/',5,5,0,16,0,51244,0),
(3447,'2024-08-28','/about/',1,1,0,1,0,22538,0),
(3448,'2024-08-28','/login/',3,1,0,4,0,23578,0),
(3449,'2024-08-28','/membership-account/',3,3,0,4,0,27000,0),
(3450,'2024-08-28','/takadun-registration-page/',1,1,0,1,0,70287,0);

--
-- Table structure for table `wpt8_cbt_practice_sessions`
--

CREATE TABLE `wpt8_cbt_practice_sessions` (
  `id` int(11) NOT NULL AUTO_INCREMENT,
  `user_id` bigint(20) unsigned NOT NULL,
  `subject_id` int(11) NOT NULL,
  `year` year(4) NOT NULL,
  `started_at` timestamp NULL DEFAULT current_timestamp(),
  `completed_at` timestamp NULL DEFAULT NULL,
  `score` int(11) DEFAULT 0,
  `total_questions` int(11) DEFAULT 0,
  `time_spent` int(11) DEFAULT 0,
  PRIMARY KEY (`id`)
) ENGINE=InnoDB AUTO_INCREMENT=65 DEFAULT CHARSET=utf8mb4 COLLATE=utf8mb4_unicode_520_ci;

--
-- Dumping data for table `wpt8_cbt_practice_sessions`
--

INSERT INTO `wpt8_cbt_practice_sessions` (`id`, `user_id`, `subject_id`, `year`, `started_at`, `completed_at`, `score`, `total_questions`, `time_spent`) VALUES (1,112,1,2023,'2025-11-15 04:38:10',NULL,0,0,0),
(2,112,1,2023,'2025-11-15 04:38:28',NULL,0,0,0),
(3,112,3,2023,'2025-11-15 04:38:43',NULL,0,0,0),
(4,112,3,2023,'2025-11-15 04:38:43',NULL,0,0,0),
(5,112,3,2023,'2025-11-15 04:38:44',NULL,0,0,0),
(6,112,3,2023,'2025-11-15 04:41:39',NULL,0,0,0),
(7,112,1,2023,'2025-11-15 04:46:53',NULL,0,0,0),
(8,1,3,2023,'2025-11-15 04:50:06',NULL,0,0,0),
(9,112,1,2023,'2025-11-15 05:09:18',NULL,0,0,0),
(10,112,3,2023,'2025-11-15 05:12:09',NULL,0,0,0),
(11,112,1,2023,'2025-11-15 05:58:32','2025-11-15 06:00:02',100,1,37),
(12,112,3,2023,'2025-11-15 05:59:42','2025-11-15 06:00:05',100,1,17),
(13,112,1,2023,'2025-11-15 06:32:13','2025-11-15 06:32:31',0,0,16),
(14,112,3,2023,'2025-11-15 06:43:37','2025-11-15 06:47:16',67,3,23),
(15,112,1,2023,'2025-11-15 06:44:22','2025-11-15 06:47:16',100,2,54),
(16,112,3,2023,'2025-11-15 06:46:14','2025-11-15 06:47:17',0,0,7),
(17,112,1,2023,'2025-11-15 06:46:25','2025-11-15 06:47:19',0,0,6),
(18,112,1,2023,'2025-11-15 06:46:31','2025-11-15 06:47:18',0,0,34),
(19,1,1,2023,'2025-11-15 10:21:08','2025-11-15 10:21:23',0,0,12),
(20,1,4,2002,'2025-11-15 12:21:48','2025-11-15 12:22:18',100,1,26),
(21,112,1,2023,'2025-11-15 13:22:57','2025-11-15 13:28:01',57,7,145),
(22,112,5,2025,'2025-11-15 13:25:55','2025-11-15 13:28:10',60,5,117),
(23,112,4,2002,'2025-11-15 13:29:02',NULL,0,0,0),
(24,112,1,2025,'2025-11-15 14:27:42','2025-11-15 14:29:13',0,0,60),
(25,112,1,2025,'2025-11-15 14:29:51',NULL,0,0,0),
(26,112,1,2025,'2025-11-15 16:02:24',NULL,0,0,0),
(27,112,1,2025,'2025-11-15 16:13:02',NULL,0,0,0),
(28,112,1,2023,'2025-11-15 16:22:46','2025-11-15 16:24:17',25,4,0),
(29,112,1,2027,'2025-11-15 18:41:09',NULL,0,0,0),
(30,112,1,2025,'2025-11-15 18:48:47',NULL,0,0,0),
(31,112,1,2023,'2025-11-15 19:17:57','2025-11-15 21:43:15',24,25,0),
(32,112,1,2023,'2025-11-15 21:45:01','2025-11-15 21:48:12',50,2,0),
(33,112,1,2025,'2025-11-16 05:11:06','2025-11-16 05:12:33',0,2,0),
(34,112,5,2027,'2025-11-16 05:26:15',NULL,0,0,0),
(35,112,1,2027,'2025-11-16 05:32:00',NULL,0,0,0),
(36,112,1,2027,'2025-11-16 12:22:25',NULL,0,0,0),
(37,112,1,2023,'2025-11-16 12:35:01','2025-11-16 12:37:07',33,3,0),
(38,112,5,2027,'2025-11-16 12:47:40',NULL,0,0,0),
(39,112,4,2025,'2025-11-16 13:11:14',NULL,0,0,0),
(40,112,5,2025,'2025-11-16 13:11:41',NULL,0,0,0),
(41,112,4,2027,'2025-11-16 13:13:50',NULL,0,0,0),
(42,112,1,2025,'2025-11-16 13:16:26','2025-11-16 13:20:09',40,5,0),
(43,112,3,2027,'2025-11-16 13:30:58','2025-11-16 13:32:24',67,3,0),
(44,112,4,2027,'2025-11-16 13:35:10','2025-11-16 13:41:00',29,14,0),
(45,112,5,2024,'2025-11-16 14:31:56','2025-11-16 14:40:08',20,5,0),
(46,112,1,2025,'2025-11-16 14:41:03','2025-11-16 14:45:20',67,6,0),
(47,112,1,2027,'2025-11-16 14:59:59','2025-11-16 15:02:02',25,4,0),
(48,112,4,2027,'2025-11-16 15:07:47','2025-11-16 15:41:07',80,5,0),
(49,112,1,2027,'2025-11-16 15:25:47','2025-11-16 15:28:18',60,5,0),
(50,112,3,2027,'2025-11-16 15:29:31','2025-11-16 15:29:58',40,5,0),
(51,112,1,2027,'2025-11-16 15:37:19','2025-11-16 15:38:13',0,0,0),
(52,112,3,2023,'2025-11-16 15:39:03',NULL,0,0,0),
(53,112,1,2025,'2025-11-16 15:41:46',NULL,0,0,0),
(54,112,1,2025,'2025-11-16 15:41:47','2025-11-16 15:42:18',0,0,0),
(55,112,5,2024,'2025-11-16 15:56:32','2025-11-16 15:59:26',0,0,0),
(56,112,1,2025,'2025-11-16 16:16:03',NULL,0,0,0),
(57,112,1,2027,'2025-11-16 16:39:24',NULL,0,0,0),
(58,112,5,2027,'2025-11-16 16:39:27',NULL,0,0,0),
(59,112,4,2027,'2025-11-16 16:39:31',NULL,0,0,0),
(60,112,3,2025,'2025-11-16 16:40:36',NULL,0,0,0),
(61,112,3,2025,'2025-11-16 16:52:26',NULL,0,0,0),
(62,112,4,2002,'2025-11-16 16:52:34',NULL,0,0,0),
(63,112,5,2025,'2025-11-16 16:52:39',NULL,0,0,0),
(64,112,1,2027,'2025-11-16 16:52:44',NULL,0,0,0);

--
-- Table structure for table `wpt8_cbt_questions`
--

CREATE TABLE `wpt8_cbt_questions` (
  `id` int(11) NOT NULL AUTO_INCREMENT,
  `subject_id` int(11) NOT NULL,
  `year` year(4) NOT NULL,
  `question_text` text NOT NULL,
  `question_image` varchar(255) DEFAULT NULL,
  `option_a` text NOT NULL,
  `option_b` text NOT NULL,
  `option_c` text NOT NULL,
  `option_d` text NOT NULL,
  `option_e` text DEFAULT NULL,
  `correct_answer` enum('A','B','C','D','E') NOT NULL,
  `explanation` text DEFAULT NULL,
  `created_at` timestamp NULL DEFAULT current_timestamp(),
  `updated_at` timestamp NULL DEFAULT current_timestamp() ON UPDATE current_timestamp(),
  PRIMARY KEY (`id`)
) ENGINE=InnoDB AUTO_INCREMENT=133 DEFAULT CHARSET=utf8mb4 COLLATE=utf8mb4_unicode_520_ci;

--
-- Dumping data for table `wpt8_cbt_questions`
--

INSERT INTO `wpt8_cbt_questions` (`id`, `subject_id`, `year`, `question_text`, `question_image`, `option_a`, `option_b`, `option_c`, `option_d`, `option_e`, `correct_answer`, `explanation`, `created_at`, `updated_at`) VALUES (28,2,2023,'Solve for x: 2x + 5 = 15',NULL,'5','10','7.5','2.5',NULL,'A','2x + 5 = 15 → 2x = 10 → x = 5','2025-11-14 15:55:03','2025-11-14 15:55:03'),
(29,3,2023,'What is the SI unit of force?',NULL,'Joule','Newton','Watt','Pascal',NULL,'B','The SI unit of force is Newton (N).','2025-11-14 15:55:03','2025-11-14 15:55:03'),
(40,1,2023,'Choose the word that best completes the sentence: She ___ to the market yesterday.',NULL,'go','goes','went','going',NULL,'C','The word \"yesterday\" indicates past tense, so \"went\" is correct.','2025-11-15 02:07:22','2025-11-15 02:07:22'),
(41,1,2023,'What is the synonym of \"beautiful\"?',NULL,'ugly','pretty','dull','dark',NULL,'B','Pretty is a synonym of beautiful.','2025-11-15 02:07:22','2025-11-15 02:07:22'),
(42,2,2023,'What is 15% of 200?',NULL,'15','20','30','25',NULL,'C','15% of 200 = (15/100) × 200 = 30','2025-11-15 02:07:22','2025-11-15 02:07:22'),
(44,4,2002,'chemistry questions here','https://www.takadun.ng/wp-content/uploads/2025/11/ChemicalColorChange-58eb07975f9b58ef7e9dd789-1.jpg','Answer A','Answer B','Answer C','Anscer','','A','','2025-11-15 12:18:09','2025-11-15 12:18:09'),
(45,1,2025,'Choose the word that best completes the sentence: The students were asked to ___ their assignments by Friday.',NULL,'submit','submits','submitted','submitting','','A','The base form of the verb is needed after \'to\' in the infinitive construction.','2025-11-15 12:31:23','2025-11-15 12:31:23'),
(46,1,2025,'What is the synonym of \'diligent\'?',NULL,'lazy','hardworking','careless','slow','','B','Diligent means showing care and conscientiousness in one\'s work or duties.','2025-11-15 12:31:23','2025-11-15 12:31:23'),
(47,1,2025,'Identify the grammatical error: \'Neither of the boys are coming to the party.\'',NULL,'Neither','boys','are','party','','C','\'Neither\' is singular and should take the singular verb \'is\' instead of \'are\'.','2025-11-15 12:31:23','2025-11-15 12:31:23'),
(48,1,2025,'Which sentence is in the passive voice?',NULL,'The cat chased the mouse.','The mouse was chased by the cat.','She writes a letter every day.','They are playing football.','','B','The passive voice structure is \'object + was/were + past participle + by + subject\'.','2025-11-15 12:31:23','2025-11-15 12:31:23'),
(49,1,2025,'What is the plural form of \'criterion\'?',NULL,'criterions','criterion','criteria','criterias','','C','\'Criteria\' is the correct plural form of \'criterion\'.','2025-11-15 12:31:23','2025-11-15 12:31:23'),
(50,3,2025,'What is the SI unit of force?',NULL,'Joule','Watt','Newton','Pascal','','C','Newton is the SI unit of force, named after Sir Isaac Newton.','2025-11-15 12:31:23','2025-11-15 12:31:23'),
(51,3,2025,'Which law states that every action has an equal and opposite reaction?',NULL,'Newton\'s First Law','Newton\'s Second Law','Newton\'s Third Law','Law of Gravitation','','C','Newton\'s Third Law states that for every action, there is an equal and opposite reaction.','2025-11-15 12:31:23','2025-11-15 12:31:23'),
(52,3,2025,'What is the speed of light in vacuum?',NULL,'3 × 10^6 m/s','3 × 10^8 m/s','3 × 10^10 m/s','3 × 10^12 m/s','','B','The speed of light in vacuum is approximately 3 × 10^8 meters per second.','2025-11-15 12:31:23','2025-11-15 12:31:23'),
(53,3,2025,'Which of these is a vector quantity?',NULL,'Mass','Temperature','Time','Velocity','','D','Velocity has both magnitude and direction, making it a vector quantity.','2025-11-15 12:31:23','2025-11-15 12:31:23'),
(54,3,2025,'What is the principle behind the working of a transformer?',NULL,'Ohm\'s Law','Faraday\'s Law','Newton\'s Law','Archimedes\' Principle','','B','Transformers work on the principle of electromagnetic induction discovered by Faraday.','2025-11-15 12:31:23','2025-11-15 12:31:23'),
(55,4,2025,'What is the atomic number of Carbon?',NULL,'6','12','14','8','','A','Carbon has 6 protons in its nucleus, giving it an atomic number of 6.','2025-11-15 12:31:23','2025-11-15 12:31:23'),
(56,4,2025,'Which element is the most abundant in the Earth\'s atmosphere?',NULL,'Oxygen','Carbon Dioxide','Nitrogen','Argon','','C','Nitrogen makes up about 78% of the Earth\'s atmosphere.','2025-11-15 12:31:23','2025-11-15 12:31:23'),
(57,4,2025,'What is the pH of pure water?',NULL,'5','7','8','14','','B','Pure water has a neutral pH of 7 at 25°C.','2025-11-15 12:31:23','2025-11-15 12:31:23'),
(58,4,2025,'Which of these is a noble gas?',NULL,'Oxygen','Nitrogen','Helium','Chlorine','','C','Helium is a noble gas located in Group 18 of the periodic table.','2025-11-15 12:31:23','2025-11-15 12:31:23'),
(59,4,2025,'What type of bond is formed when electrons are shared between atoms?',NULL,'Ionic bond','Covalent bond','Metallic bond','Hydrogen bond','','B','Covalent bonds involve the sharing of electron pairs between atoms.','2025-11-15 12:31:23','2025-11-15 12:31:23'),
(60,5,2025,'Which organelle is known as the \'powerhouse of the cell\'?',NULL,'Nucleus','Mitochondria','Ribosome','Golgi apparatus','','B','Mitochondria produce ATP through cellular respiration.','2025-11-15 12:31:23','2025-11-15 12:31:23'),
(61,5,2025,'What is the process by which plants make their own food?',NULL,'Respiration','Photosynthesis','Digestion','Transpiration','','B','Photosynthesis converts light energy into chemical energy in the form of glucose.','2025-11-15 12:31:23','2025-11-15 12:31:23'),
(62,5,2025,'Which blood cells are responsible for carrying oxygen?',NULL,'White blood cells','Red blood cells','Platelets','Plasma','','B','Red blood cells contain hemoglobin which binds to oxygen.','2025-11-15 12:31:23','2025-11-15 12:31:23'),
(63,5,2025,'What is the basic unit of heredity?',NULL,'Cell','Chromosome','Gene','Nucleus','','C','Genes are segments of DNA that carry genetic information.','2025-11-15 12:31:23','2025-11-15 12:31:23'),
(64,5,2025,'Which system in the human body is responsible for pumping blood?',NULL,'Respiratory system','Digestive system','Circulatory system','Nervous system','','C','The circulatory system, with the heart as its pump, circulates blood throughout the body.','2025-11-15 12:31:23','2025-11-15 12:31:23'),
(65,7,2025,'What is the study of the Earth\'s physical structure and substance called?',NULL,'Biology','Chemistry','Geology','Meteorology','','C','Geology is the science that deals with the Earth\'s physical structure and substance.','2025-11-15 12:31:23','2025-11-15 12:31:23'),
(66,7,2025,'Which layer of the Earth is the thinnest?',NULL,'Crust','Mantle','Outer core','Inner core','','A','The crust is the outermost and thinnest layer of the Earth.','2025-11-15 12:31:23','2025-11-15 12:31:23'),
(67,7,2025,'What causes earthquakes?',NULL,'Volcanic eruptions','Movement of tectonic plates','Changes in atmospheric pressure','Ocean currents','','B','Earthquakes are primarily caused by the sudden movement of tectonic plates.','2025-11-15 12:31:23','2025-11-15 12:31:23'),
(68,7,2025,'Which of these is a renewable resource?',NULL,'Coal','Natural gas','Solar energy','Petroleum','','C','Solar energy is renewable as it is continuously available from the sun.','2025-11-15 12:31:23','2025-11-15 12:31:23'),
(69,7,2025,'What is the process of rocks breaking down into smaller particles called?',NULL,'Erosion','Weathering','Deposition','Sedimentation','','B','Weathering is the breakdown of rocks at the Earth\'s surface.','2025-11-15 12:31:23','2025-11-15 12:31:23'),
(70,1,2027,'Choose the correct preposition: She is good ___ mathematics.',NULL,'at','in','on','for','','A','\'Good at\' is used when referring to skills or abilities.','2025-11-15 12:31:23','2025-11-15 12:31:23'),
(71,1,2027,'What is the antonym of \'benevolent\'?',NULL,'kind','generous','malevolent','charitable','','C','Malevolent means having or showing a wish to do evil to others.','2025-11-15 12:31:23','2025-11-15 12:31:23'),
(72,1,2027,'Identify the type of sentence: \'Although it was raining, we decided to go for a walk.\'',NULL,'Simple sentence','Compound sentence','Complex sentence','Compound-complex sentence','','C','It has one independent clause and one dependent clause introduced by \'although\'.','2025-11-15 12:31:23','2025-11-15 12:31:23'),
(73,1,2027,'Which word is spelled correctly?',NULL,'Accomodate','Accommodate','Acommodate','Acomodate','','B','Accommodate has double \'c\' and double \'m\'.','2025-11-15 12:31:23','2025-11-15 12:31:23'),
(74,1,2027,'What is the literary device used in: \'The world is a stage.\'?',NULL,'Simile','Metaphor','Personification','Hyperbole','','B','It directly compares two unlike things without using \'like\' or \'as\'.','2025-11-15 12:31:23','2025-11-15 12:31:23'),
(75,3,2027,'What is the formula for calculating work?',NULL,'W = F × d','W = m × g','W = F/a','W = p × v','','A','Work equals force multiplied by distance (W = F × d).','2025-11-15 12:31:23','2025-11-15 12:31:23'),
(76,3,2027,'Which type of mirror always forms a virtual image?',NULL,'Concave mirror','Convex mirror','Plane mirror','Spherical mirror','','B','Convex mirrors always form virtual, erect, and diminished images.','2025-11-15 12:31:23','2025-11-15 12:31:23'),
(77,3,2027,'What is the unit of electric current?',NULL,'Volt','Ohm','Ampere','Watt','','C','Ampere is the SI unit of electric current.','2025-11-15 12:31:23','2025-11-15 12:31:23'),
(78,3,2027,'Which law explains why we see rainbow colors?',NULL,'Reflection','Refraction','Dispersion','Diffraction','','C','Dispersion of light through water droplets causes the separation of colors in a rainbow.','2025-11-15 12:31:23','2025-11-15 12:31:23'),
(79,3,2027,'What is the energy stored in a stretched spring called?',NULL,'Kinetic energy','Potential energy','Elastic potential energy','Thermal energy','','C','Elastic potential energy is stored when a spring is stretched or compressed.','2025-11-15 12:31:23','2025-11-15 12:31:23'),
(80,4,2027,'What is the chemical symbol for Gold?',NULL,'Go','Gd','Au','Ag','','C','Au comes from the Latin word \'aurum\' meaning gold.','2025-11-15 12:31:23','2025-11-15 12:31:23'),
(81,4,2027,'Which gas is produced during photosynthesis?',NULL,'Carbon dioxide','Oxygen','Nitrogen','Hydrogen','','B','Oxygen is released as a byproduct of photosynthesis.','2025-11-15 12:31:23','2025-11-15 12:31:23'),
(82,4,2027,'What is the process of a solid changing directly to gas called?',NULL,'Evaporation','Sublimation','Condensation','Melting','','B','Sublimation is the phase transition from solid to gas without passing through liquid state.','2025-11-15 12:31:23','2025-11-15 12:31:23'),
(83,4,2027,'Which acid is found in vinegar?',NULL,'Hydrochloric acid','Sulfuric acid','Acetic acid','Citric acid','','C','Vinegar contains about 5-8% acetic acid.','2025-11-15 12:31:23','2025-11-15 12:31:23'),
(84,4,2027,'What is the pH range of acids?',NULL,'0-7','7-14','Exactly 7','Above 14','','A','Acids have pH values less than 7.','2025-11-15 12:31:23','2025-11-15 12:31:23'),
(85,5,2024,'Which part of the plant absorbs water and minerals? Which part of the plant absorbs water and minerals? Which part of the plant absorbs water and minerals? Which part of the plant absorbs water and minerals? Which part of the plant absorbs water and minerals? Which part of the plant absorbs water and minerals?','https://www.takadun.ng/wp-content/uploads/2025/11/ChemicalColorChange-58eb07975f9b58ef7e9dd789-2.jpg','Leaves','Stem','Roots','Flowers','','C','Roots have root hairs that absorb water and minerals from the soil. Roots have root hairs that absorb water and minerals from the soil. Roots have root hairs that absorb water and minerals from the soil. Roots have root hairs that absorb water and minerals from the soil.','2025-11-15 12:31:23','2025-11-16 14:31:04'),
(87,5,2027,'Which vitamin is produced when our skin is exposed to sunlight?',NULL,'Vitamin A','Vitamin B','Vitamin C','Vitamin D','','D','Vitamin D is synthesized when skin is exposed to UVB radiation from sunlight.','2025-11-15 12:31:23','2025-11-15 12:31:23'),
(88,5,2027,'What is the process of cell division called?',NULL,'Respiration','Photosynthesis','Mitosis','Osmosis','','C','Mitosis is the process of cell division that results in two identical daughter cells.','2025-11-15 12:31:23','2025-11-15 12:31:23'),
(89,5,2027,'Which system controls and coordinates body activities?',NULL,'Circulatory system','Nervous system','Digestive system','Respiratory system','','B','The nervous system controls and coordinates all body activities through electrical signals.','2025-11-15 12:31:23','2025-11-15 12:31:23'),
(90,7,2027,'What is the imaginary line that divides the Earth into Northern and Southern hemispheres?',NULL,'Equator','Prime Meridian','Tropic of Cancer','Tropic of Capricorn','','A','The Equator is at 0° latitude and divides the Earth into two equal hemispheres.','2025-11-15 12:31:23','2025-11-15 12:31:23'),
(91,7,2027,'Which type of rock is formed from cooled magma?',NULL,'Sedimentary rock','Metamorphic rock','Igneous rock','Limestone','','C','Igneous rocks form from the cooling and solidification of magma or lava.','2025-11-15 12:31:23','2025-11-15 12:31:23'),
(92,7,2027,'What is the term for the daily condition of the atmosphere?',NULL,'Climate','Weather','Atmosphere','Environment','','B','Weather refers to the short-term atmospheric conditions.','2025-11-15 12:31:23','2025-11-15 12:31:23'),
(93,7,2027,'Which of these is a factor affecting climate?',NULL,'Latitude','Longitude','Time zone','Currency','','A','Latitude affects climate because it determines the angle at which sunlight strikes the Earth.','2025-11-15 12:31:23','2025-11-15 12:31:23'),
(94,7,2027,'What is the process of wind carrying away soil called?',NULL,'Weathering','Erosion','Deposition','Abrasion','','B','Wind erosion occurs when wind carries away loose soil particles.','2025-11-15 12:31:23','2025-11-15 12:31:23'),
(95,1,2023,'Passage: Breastfeeding is a natural and vital practice that has numerous benefits for both infants and mothers. It involves the act of nourishing an infant with breast milk, which is produced by a mother\'s mammary glands. This practice has been an integral part of human evolution and is recommended by healthcare professionals worldwide. Breastfeeding is essential for the optimal growth and development of infants. It provides a unique blend of nutrients and antibodies that protect infants from infections and diseases. Breast milk contains essential vitamins, proteins, and fats, which are perfectly tailored to meet an infant\'s nutritional needs during their first six months of life. Moreover, breastfeeding establishes a strong bond between the mother and the child. This skin-to-skin contact during breastfeeding fosters emotional security and attachment, which is crucial for a child\'s mental and emotional development. It also promotes the mother\'s physical and emotional well-being by helping with postpartum recovery and reducing the risk of certain health issues, such as breast and ovarian cancer. In conclusion, breastfeeding is not only a natural practice but also a cornerstone of infant and maternal health. It provides infants with the best possible start in life, offering them essential nutrients, protection from diseases, and emotional bonding. Simultaneously, it benefits mothers by supporting their health and well-being. Therefore, promoting and supporting breastfeeding is of paramount importance for the overall well-being of both infants and mothers. Question: From the passage, what is the primary reason breast milk is considered ideal for infants during their first six months?',NULL,'It contains unique vitamins not found in other foods','It is tailored to meet their specific nutritional needs','It is less expensive than formula feeding','It promotes faster physical growth','','B','Breast milk is perfectly tailored to meet infants\' nutritional needs.','2025-11-29 18:04:53','2025-11-29 18:04:53'),
(96,1,2023,'Passage: [same as above]. Question: According to the passage, what is the primary role of breast milk in protecting infants?',NULL,'It offers psychological comfort','It provides a source of entertainment','It prevents infections and diseases','It promotes postpartum recovery','','C','Breast milk contains antibodies that protect infants from infections and diseases.','2025-11-29 18:04:53','2025-11-29 18:04:53'),
(97,1,2023,'Passage: [same as above]. Question: Based on the passage, what is the primary reason skin-to-skin contact during breastfeeding is essential?',NULL,'It prevents postpartum depression','It fosters emotional bonding','It boosts the infant\'s IQ','It reduces the risk of breast cancer','','B','Skin-to-skin contact fosters emotional security and attachment.','2025-11-29 18:04:53','2025-11-29 18:04:53'),
(98,1,2023,'Passage: [same as above]. Question: What is the ultimate goal of promoting and supporting breastfeeding, according to the passage?',NULL,'To encourage mothers to breastfeed exclusively for the first year','To ensure infants gain weight rapidly','To improve the emotional well-being of mothers','To enhance the overall health and well-being of both infants and mothers','','D','Breastfeeding benefits both infants and mothers, enhancing overall health and well-being.','2025-11-29 18:04:53','2025-11-29 18:04:53'),
(99,1,2023,'Passage: [same as above]. Question: In the context of the passage, why is breastfeeding considered a \'natural practice\'?',NULL,'Because it involves feeding an infant with any available milk','Because it is recommended by healthcare professionals','Because it has been practiced since the dawn of humanity','Because it is the only way to provide nutrition to infants','','C','Breastfeeding has been practiced since the dawn of humanity.','2025-11-29 18:04:53','2025-11-29 18:04:53'),
(100,1,2023,'Passage: Neck pain is a common discomfort that can signal various underlying issues. It\'s essential to pay attention to the signals your body sends when you experience neck pain. While neck pain can result from minor injuries such as poor posture or muscle strain, it can also be a warning sign of more severe conditions. One of the most common factors of neck pain is muscle tension due to stress or poor ergonomics. It can be addressed through exercises and relaxation practices. Another common cause is degenerative changes in the cervical spine, which can lead to conditions like herniated discs or spinal stenosis. In such cases, medical surgery may be necessary. Ignoring neck pain can lead to more severe issues, including limited mobility, headaches, and even nerve damage. Therefore, it\'s crucial to seek medical care when needed and make lifestyle changes to decrease the risk of developing chronic neck pain. In conclusion, neck pain is your body\'s way of signaling attention to potential problems. By addressing it early and making the necessary changes, you can improve your overall health and well-being. Question: It\'s essential to pay attention to the ___ signals your body sends when you experience neck pain.',NULL,'Hidden','Warning','Subtle','Faint','','B','Neck pain is a warning signal of underlying issues.','2025-11-29 18:04:53','2025-11-29 18:04:53'),
(101,1,2023,'Passage: [same as above]. Question: Neck pain can result from minor ___ such as poor posture or muscle strain.',NULL,'Conditions','Injuries','Situations','Causes','','B','Minor injuries like poor posture or muscle strain can cause neck pain.','2025-11-29 18:04:53','2025-11-29 18:04:53'),
(102,1,2023,'Passage: [same as above]. Question: One of the most common ___ of neck pain is muscle tension due to stress or poor ergonomics.',NULL,'Triggers','Sources','Factors','Indicators','','C','Muscle tension is a factor that commonly causes neck pain.','2025-11-29 18:04:53','2025-11-29 18:04:53'),
(103,1,2023,'Passage: [same as above]. Question: It can be addressed through exercises and ___ practices.',NULL,'Physical','Relaxation','Medication','Surgery','','B','Relaxation practices help relieve muscle tension.','2025-11-29 18:04:53','2025-11-29 18:04:53'),
(104,1,2023,'Passage: [same as above]. Question: Degenerative changes in the cervical spine can ___ to conditions like herniated discs or spinal stenosis.',NULL,'Lower back','Chest','Neck','Shoulder','','C','Degenerative changes in the neck can lead to spinal issues.','2025-11-29 18:04:53','2025-11-29 18:04:53'),
(105,1,2023,'Passage: [same as above]. Question: In such cases, medical ___ may be necessary.',NULL,'Surgery','Bed rest','Over-the-counter painkillers','Yoga','','A','Severe neck conditions may require surgery.','2025-11-29 18:04:53','2025-11-29 18:04:53'),
(106,1,2023,'Passage: [same as above]. Question: Ignoring neck pain can lead to more severe issues, including limited mobility, headaches, and even ___ damage.',NULL,'Hearing loss','Limited mobility','Tooth decay','Improved posture','','B','Neck pain can cause limited mobility if ignored.','2025-11-29 18:04:53','2025-11-29 18:04:53'),
(107,1,2023,'Passage: [same as above]. Question: Therefore, it\'s crucial to ___ care when needed.',NULL,'Ignoring it','Seeking medical care when needed','Taking painkillers regularly','Increasing stress levels','','B','Seeking medical care prevents chronic neck pain.','2025-11-29 18:04:53','2025-11-29 18:04:53'),
(108,1,2023,'Passage: [same as above]. Question: Make lifestyle changes to ___ the risk of developing chronic neck pain.',NULL,'Increase','Maintain','Decrease','Exacerbate','','C','Lifestyle changes decrease the risk of chronic neck pain.','2025-11-29 18:04:53','2025-11-29 18:04:53'),
(109,1,2023,'Passage: [same as above]. Question: In conclusion, neck pain is your body\'s way of ___ attention to potential problems.',NULL,'A nuisance','A normal part of life','A signal of potential problems','A minor inconvenience','','C','Neck pain signals potential health problems.','2025-11-29 18:04:53','2025-11-29 18:04:53'),
(110,1,2023,'What time of the day did Salma meet Labaran and Habib on her way to the university?',NULL,'6pm','8pm','5pm','9pm','','C','Salma met Labaran and Habib at 5pm.','2025-11-29 18:04:53','2025-11-29 18:04:53'),
(111,1,2023,'Ummi\'s family was',NULL,'Poor','Affluent','Rich','Average','','B','Ummi\'s family was affluent.','2025-11-29 18:04:53','2025-11-29 18:04:53'),
(112,1,2023,'Who was the narrator of The Life Changer?',NULL,'Salma','Ummi','Habib','Omar','','B','Ummi narrated the story.','2025-11-29 18:04:53','2025-11-29 18:04:53'),
(113,1,2023,'What position is Bint in the family?',NULL,'Last born','First child','Second child','Third child','','A','Bint is the last born in the family.','2025-11-29 18:04:53','2025-11-29 18:04:53'),
(114,1,2023,'Omar\'s admission signals',NULL,'Storytelling','A life-changing experience','Being a learned','Community\'s appraisal','','B','Omar\'s admission marked a life-changing experience.','2025-11-29 18:04:53','2025-11-29 18:04:53'),
(115,1,2023,'\'Money moves Mountains\' — This statement was made by',NULL,'Salma','Teemah','Bint','Ngozi','','A','Salma made the statement.','2025-11-29 18:04:53','2025-11-29 18:04:53'),
(116,1,2023,'According to the novel, how would you describe Salma?',NULL,'Fair complexioned, tall and slim','Fair complexioned, short and fat','Dark complexioned, tall and slim','Dark complexioned, short and fat','','A','Salma was fair complexioned, tall and slim.','2025-11-29 18:04:53','2025-11-29 18:04:53'),
(117,1,2023,'How many girls were allocated to a room in the hostel?',NULL,'Five','Four','Three','Two','','B','Four girls were allocated to a room.','2025-11-29 18:04:53','2025-11-29 18:04:53'),
(118,1,2023,'According to the novel, what delicacy is considered to be students\' favourite?',NULL,'Danwake','Snail','Spaghetti','Indomie jollof','','D','Indomie jollof was the students\' favourite delicacy.','2025-11-29 18:04:53','2025-11-29 18:04:53'),
(119,1,2023,'Why did Salma seek Habib\'s help?',NULL,'Habib was her only saviour','Habib was her boyfriend','He was influential','He was a philanthropist','','C','Salma sought Habib\'s help because he was influential.','2025-11-29 18:04:53','2025-11-29 18:04:53'),
(120,1,2023,'Passage: Breastfeeding is a natural and vital practice... [full passage repeated]. Question: According to the passage, what is the primary role of breast milk in protecting infants?',NULL,'It offers psychological comfort','It provides a source of entertainment','It prevents infections and diseases','It promotes postpartum recovery','','C','Breast milk contains antibodies that protect infants from infections and diseases.','2025-11-29 18:10:08','2025-11-29 18:10:08'),
(121,1,2023,'Passage: Breastfeeding is a natural and vital practice... [full passage repeated]. Question: Based on the passage, what is the primary reason skin-to-skin contact during breastfeeding is essential?',NULL,'It prevents postpartum depression','It fosters emotional bonding','It boosts the infant\'s IQ','It reduces the risk of breast cancer','','B','Skin-to-skin contact fosters emotional security and attachment.','2025-11-29 18:10:08','2025-11-29 18:10:08'),
(122,1,2023,'Passage: Breastfeeding is a natural and vital practice... [full passage repeated]. Question: What is the ultimate goal of promoting and supporting breastfeeding, according to the passage?',NULL,'To encourage mothers to breastfeed exclusively for the first year','To ensure infants gain weight rapidly','To improve the emotional well-being of mothers','To enhance the overall health and well-being of both infants and mothers','','D','Breastfeeding benefits both infants and mothers, enhancing overall health and well-being.','2025-11-29 18:10:08','2025-11-29 18:10:08'),
(123,1,2023,'Passage: Breastfeeding is a natural and vital practice... [full passage repeated]. Question: In the context of the passage, why is breastfeeding considered a \'natural practice\'?',NULL,'Because it involves feeding an infant with any available milk','Because it is recommended by healthcare professionals','Because it has been practiced since the dawn of humanity','Because it is the only way to provide nutrition to infants','','C','Breastfeeding has been practiced since the dawn of humanity.','2025-11-29 18:10:08','2025-11-29 18:10:08'),
(124,1,2023,'Passage: Neck pain is a common discomfort... [full passage repeated]. Question: Neck pain can result from minor ___ such as poor posture or muscle strain.',NULL,'Conditions','Injuries','Situations','Causes','','B','Minor injuries like poor posture or muscle strain can cause neck pain.','2025-11-29 18:10:08','2025-11-29 18:10:08'),
(125,1,2023,'Passage: Neck pain is a common discomfort... [full passage repeated]. Question: One of the most common ___ of neck pain is muscle tension due to stress or poor ergonomics.',NULL,'Triggers','Sources','Factors','Indicators','','C','Muscle tension is a factor that commonly causes neck pain.','2025-11-29 18:10:08','2025-11-29 18:10:08'),
(126,1,2023,'Passage: Neck pain is a common discomfort... [full passage repeated]. Question: It can be addressed through exercises and ___ practices.',NULL,'Physical','Relaxation','Medication','Surgery','','B','Relaxation practices help relieve muscle tension.','2025-11-29 18:10:08','2025-11-29 18:10:08'),
(127,1,2023,'Passage: Neck pain is a common discomfort... [full passage repeated]. Question: Degenerative changes in the cervical spine can ___ to conditions like herniated discs or spinal stenosis.',NULL,'Lower back','Chest','Neck','Shoulder','','C','Degenerative changes in the neck can lead to spinal issues.','2025-11-29 18:10:08','2025-11-29 18:10:08'),
(128,1,2023,'Passage: Neck pain is a common discomfort... [full passage repeated]. Question: In such cases, medical ___ may be necessary.',NULL,'Surgery','Bed rest','Over-the-counter painkillers','Yoga','','A','Severe neck conditions may require surgery.','2025-11-29 18:10:08','2025-11-29 18:10:08'),
(129,1,2023,'Passage: Neck pain is a common discomfort... [full passage repeated]. Question: Ignoring neck pain can lead to more severe issues, including limited mobility, headaches, and even ___ damage.',NULL,'Hearing loss','Limited mobility','Tooth decay','Improved posture','','B','Neck pain can cause limited mobility if ignored.','2025-11-29 18:10:08','2025-11-29 18:10:08'),
(130,1,2023,'Passage: Neck pain is a common discomfort... [full passage repeated]. Question: Therefore, it\'s crucial to ___ care when needed.',NULL,'Ignoring it','Seeking medical care when needed','Taking painkillers regularly','Increasing stress levels','','B','Seeking medical care prevents chronic neck pain.','2025-11-29 18:10:08','2025-11-29 18:10:08'),
(131,1,2023,'Passage: Neck pain is a common discomfort... [full passage repeated]. Question: Make lifestyle changes to ___ the risk of developing chronic neck pain.',NULL,'Increase','Maintain','Decrease','Exacerbate','','C','Lifestyle changes decrease the risk of chronic neck pain.','2025-11-29 18:10:08','2025-11-29 18:10:08'),
(132,1,2023,'Passage: Neck pain is a common discomfort... [full passage repeated]. Question: In conclusion, neck pain is your body\'s way of ___ attention to potential problems.',NULL,'A nuisance','A normal part of life','A signal of potential problems','A minor inconvenience','','C','Neck pain signals potential health problems.','2025-11-29 18:10:08','2025-11-29 18:10:08');

--
-- Table structure for table `wpt8_cbt_settings`
--

CREATE TABLE `wpt8_cbt_settings` (
  `id` int(11) NOT NULL AUTO_INCREMENT,
  `setting_key` varchar(255) NOT NULL,
  `setting_value` text DEFAULT NULL,
  `updated_at` timestamp NULL DEFAULT current_timestamp() ON UPDATE current_timestamp(),
  PRIMARY KEY (`id`)
) ENGINE=InnoDB AUTO_INCREMENT=30 DEFAULT CHARSET=utf8mb4 COLLATE=utf8mb4_unicode_520_ci;

--
-- Dumping data for table `wpt8_cbt_settings`
--

INSERT INTO `wpt8_cbt_settings` (`id`, `setting_key`, `setting_value`, `updated_at`) VALUES (1,'time_limit','60','2025-11-13 14:00:28'),
(2,'enable_timer','1','2025-11-13 14:00:28'),
(3,'immediate_feedback','1','2025-11-13 14:00:28'),
(4,'allow_subject_changes','0','2025-11-13 14:00:28'),
(5,'questions_per_session','40','2025-11-13 14:00:28'),
(6,'passing_score','50','2025-11-13 14:00:28'),
(7,'admin_email','admin@takadun.ng','2025-11-13 14:00:28'),
(22,'allow_subject_changes','0','2025-11-13 18:38:31'),
(23,'email_notifications','1','2025-11-13 18:38:31'),
(24,'allow_subject_changes','0','2025-11-14 14:21:12'),
(25,'allow_subject_changes','0','2025-11-14 15:54:25'),
(26,'allow_subject_changes','0','2025-11-14 15:55:03'),
(27,'randomize_questions','1','2025-12-14 13:13:07'),
(28,'randomize_options','0','2025-12-14 13:13:07'),
(29,'show_explanation','1','2025-12-14 13:13:07');

--
-- Table structure for table `wpt8_cbt_subject_requests`
--

CREATE TABLE `wpt8_cbt_subject_requests` (
  `id` int(11) NOT NULL AUTO_INCREMENT,
  `user_id` bigint(20) unsigned NOT NULL,
  `current_subjects` text NOT NULL,
  `requested_subjects` text NOT NULL,
  `reason` text DEFAULT NULL,
  `status` enum('pending','approved','rejected') DEFAULT 'pending',
  `requested_at` timestamp NULL DEFAULT current_timestamp(),
  `processed_at` timestamp NULL DEFAULT NULL,
  `processed_by` bigint(20) unsigned DEFAULT NULL,
  PRIMARY KEY (`id`)
) ENGINE=InnoDB AUTO_INCREMENT=18 DEFAULT CHARSET=utf8mb4 COLLATE=utf8mb4_unicode_520_ci;

--
-- Dumping data for table `wpt8_cbt_subject_requests`
--

INSERT INTO `wpt8_cbt_subject_requests` (`id`, `user_id`, `current_subjects`, `requested_subjects`, `reason`, `status`, `requested_at`, `processed_at`, `processed_by`) VALUES (1,112,'','Agricultural Science, Christian Religious Studies, Principles of Accounts, Use of English','Please help','pending','2025-11-13 12:55:12',NULL,NULL),
(2,112,'','Agricultural Science, Christian Religious Studies, Principles of Accounts, Use of English','Please help','pending','2025-11-13 12:55:12',NULL,NULL),
(3,112,'','Agricultural Science, Christian Religious Studies, Principles of Accounts, Use of English','Please help','pending','2025-11-13 12:55:12',NULL,NULL),
(4,112,'','Agricultural Science, Christian Religious Studies, Principles of Accounts, Use of English','Please help','pending','2025-11-13 12:55:12',NULL,NULL),
(5,112,'','Agricultural Science, Christian Religious Studies, Principles of Accounts, Use of English','Please help','pending','2025-11-13 12:55:12',NULL,NULL),
(6,112,'','Agricultural Science, Christian Religious Studies, Principles of Accounts, Use of English','Please help','pending','2025-11-13 12:55:12',NULL,NULL),
(7,112,'','Agricultural Science, Christian Religious Studies, Principles of Accounts, Use of English','Please help','pending','2025-11-13 12:55:27',NULL,NULL),
(8,112,'','Agricultural Science, Christian Religious Studies, Principles of Accounts, Use of English','Please help','pending','2025-11-13 12:55:28',NULL,NULL),
(9,112,'','Agricultural Science, Christian Religious Studies, Principles of Accounts, Use of English','Please help','pending','2025-11-13 12:55:28',NULL,NULL),
(10,112,'','Agricultural Science, Christian Religious Studies, Principles of Accounts, Use of English','Please help','pending','2025-11-13 12:55:29',NULL,NULL),
(11,112,'','Agricultural Science, Christian Religious Studies, Principles of Accounts, Use of English','Please help','pending','2025-11-13 12:55:29',NULL,NULL),
(12,112,'','Agricultural Science, Christian Religious Studies, Principles of Accounts, Use of English','Please help','pending','2025-11-13 12:55:30',NULL,NULL),
(13,112,'','Agricultural Science, Christian Religious Studies, Principles of Accounts, Use of English','Please help','pending','2025-11-13 12:55:30',NULL,NULL),
(14,112,'','Agricultural Science, Christian Religious Studies, Principles of Accounts, Use of English','Please help','pending','2025-11-13 12:55:30',NULL,NULL),
(15,112,'','Agricultural Science, Christian Religious Studies, Principles of Accounts, Use of English','Please help','pending','2025-11-13 12:55:30',NULL,NULL),
(16,112,'','Agricultural Science, Christian Religious Studies, Principles of Accounts, Use of English','Please help','pending','2025-11-13 12:55:30',NULL,NULL),
(17,104,'Use of English, Biology, Chemistry, Physics','Accounting, Chemistry, Physics, Use of English','Just testing','pending','2025-11-13 19:46:54',NULL,NULL);

--
-- Table structure for table `wpt8_cbt_subjects`
--

CREATE TABLE `wpt8_cbt_subjects` (
  `id` int(11) NOT NULL AUTO_INCREMENT,
  `name` varchar(255) NOT NULL,
  `is_compulsory` tinyint(1) DEFAULT 0,
  `status` tinyint(1) DEFAULT 1,
  `created_at` timestamp NULL DEFAULT current_timestamp(),
  PRIMARY KEY (`id`)
) ENGINE=InnoDB AUTO_INCREMENT=20 DEFAULT CHARSET=utf8mb4 COLLATE=utf8mb4_unicode_520_ci;

--
-- Dumping data for table `wpt8_cbt_subjects`
--

INSERT INTO `wpt8_cbt_subjects` (`id`, `name`, `is_compulsory`, `status`, `created_at`) VALUES (1,'Use of English',1,1,'2025-11-13 10:36:12'),
(2,'Mathematics',0,1,'2025-11-13 10:36:12'),
(3,'Physics',0,1,'2025-11-13 10:36:12'),
(4,'Chemistry',0,1,'2025-11-13 10:36:12'),
(5,'Biology',0,1,'2025-11-13 10:36:12'),
(6,'Economics',0,1,'2025-11-13 10:36:12'),
(7,'Geography',0,1,'2025-11-13 10:36:12'),
(8,'Government',0,1,'2025-11-13 10:36:12'),
(9,'Commerce',0,1,'2025-11-13 10:36:12'),
(10,'Accounting',0,1,'2025-11-13 10:36:12'),
(11,'Literature in English',0,1,'2025-11-13 10:36:12'),
(12,'Christian Religious Studies',0,1,'2025-11-13 10:36:12'),
(13,'Islamic Religious Studies',0,1,'2025-11-13 10:36:12'),
(14,'History',0,1,'2025-11-13 10:36:12'),
(15,'French',0,1,'2025-11-13 10:36:12'),
(16,'Agricultural Science',0,1,'2025-11-13 10:36:12'),
(17,'Principles of Accounts',0,1,'2025-11-13 10:36:12'),
(18,'Further Mathematics',0,1,'2025-11-13 10:36:12'),
(19,'Music',0,1,'2025-11-13 10:36:12');

--
-- Table structure for table `wpt8_cbt_user_answers`
--

CREATE TABLE `wpt8_cbt_user_answers` (
  `id` int(11) NOT NULL AUTO_INCREMENT,
  `session_id` int(11) NOT NULL,
  `question_id` int(11) NOT NULL,
  `user_answer` enum('A','B','C','D','E') DEFAULT NULL,
  `is_correct` tinyint(1) DEFAULT 0,
  `time_taken` int(11) DEFAULT 0,
  `answered_at` timestamp NULL DEFAULT current_timestamp(),
  PRIMARY KEY (`id`)
) ENGINE=InnoDB AUTO_INCREMENT=216 DEFAULT CHARSET=utf8mb4 COLLATE=utf8mb4_unicode_520_ci;

--
-- Dumping data for table `wpt8_cbt_user_answers`
--

INSERT INTO `wpt8_cbt_user_answers` (`id`, `session_id`, `question_id`, `user_answer`, `is_correct`, `time_taken`, `answered_at`) VALUES (1,11,29,'B',1,0,'2025-11-15 05:59:52'),
(2,12,29,'B',1,0,'2025-11-15 05:59:52'),
(3,14,29,'A',0,0,'2025-11-15 06:43:55'),
(4,15,40,'C',1,0,'2025-11-15 06:44:40'),
(5,14,40,'C',1,0,'2025-11-15 06:44:41'),
(6,14,41,'B',1,0,'2025-11-15 06:45:08'),
(7,15,41,'B',1,0,'2025-11-15 06:45:09'),
(8,20,44,'A',1,0,'2025-11-15 12:22:11'),
(9,21,40,'C',1,0,'2025-11-15 13:23:07'),
(10,21,41,'C',0,0,'2025-11-15 13:24:11'),
(11,21,62,'B',1,0,'2025-11-15 13:26:09'),
(12,22,62,'B',1,0,'2025-11-15 13:26:09'),
(13,22,63,'C',1,0,'2025-11-15 13:26:29'),
(14,21,63,'C',1,0,'2025-11-15 13:26:29'),
(15,21,64,'A',0,0,'2025-11-15 13:27:02'),
(16,22,64,'A',0,0,'2025-11-15 13:27:02'),
(17,21,60,'A',0,0,'2025-11-15 13:27:24'),
(18,22,60,'A',0,0,'2025-11-15 13:27:24'),
(19,21,61,'B',1,0,'2025-11-15 13:27:39'),
(20,22,61,'B',1,0,'2025-11-15 13:27:39'),
(21,25,47,'B',0,0,'2025-11-15 14:35:40'),
(22,24,47,'C',1,0,'2025-11-15 14:35:40'),
(23,25,47,'C',1,0,'2025-11-15 14:35:40'),
(24,24,47,'B',0,0,'2025-11-15 14:35:40'),
(25,24,47,'D',0,0,'2025-11-15 14:35:40'),
(26,25,47,'D',0,0,'2025-11-15 14:35:41'),
(27,25,47,'A',0,0,'2025-11-15 14:35:50'),
(28,24,47,'A',0,0,'2025-11-15 14:35:50'),
(29,24,47,'A',0,0,'2025-11-15 14:48:26'),
(30,24,47,'D',0,0,'2025-11-15 14:48:26'),
(31,24,47,'C',1,0,'2025-11-15 14:48:26'),
(32,25,47,'A',0,0,'2025-11-15 14:48:26'),
(33,25,47,'C',1,0,'2025-11-15 14:48:27'),
(34,25,47,'D',0,0,'2025-11-15 14:48:27'),
(35,26,46,'A',0,0,'2025-11-15 16:02:36'),
(36,26,46,'D',0,0,'2025-11-15 16:02:48'),
(37,26,46,'C',0,0,'2025-11-15 16:02:50'),
(38,26,46,'B',1,0,'2025-11-15 16:02:51'),
(39,26,48,'B',1,0,'2025-11-15 16:03:03'),
(40,26,45,'C',0,0,'2025-11-15 16:03:20'),
(41,26,45,'B',0,0,'2025-11-15 16:03:24'),
(42,26,45,'D',0,0,'2025-11-15 16:03:26'),
(43,26,45,'C',0,0,'2025-11-15 16:03:33'),
(44,26,45,'B',0,0,'2025-11-15 16:03:34'),
(45,26,45,'D',0,0,'2025-11-15 16:03:55'),
(46,27,49,'A',0,0,'2025-11-15 16:13:20'),
(47,27,49,'D',0,0,'2025-11-15 16:13:34'),
(48,27,49,'B',0,0,'2025-11-15 16:13:36'),
(49,27,49,'A',0,0,'2025-11-15 16:13:38'),
(50,27,48,'B',1,0,'2025-11-15 16:13:53'),
(51,27,47,'D',0,0,'2025-11-15 16:14:14'),
(52,27,47,'C',1,0,'2025-11-15 16:14:23'),
(53,27,47,'D',0,0,'2025-11-15 16:16:58'),
(54,27,47,'B',0,0,'2025-11-15 16:16:58'),
(55,27,47,'B',0,0,'2025-11-15 16:17:02'),
(56,27,47,'C',1,0,'2025-11-15 16:17:06'),
(57,27,46,'C',0,0,'2025-11-15 16:18:11'),
(58,27,46,'B',1,0,'2025-11-15 16:18:11'),
(59,28,41,'A',0,0,'2025-11-15 16:22:51'),
(60,28,40,'B',0,0,'2025-11-15 16:23:46'),
(61,28,41,'C',0,0,'2025-11-15 16:23:57'),
(62,28,41,'B',1,0,'2025-11-15 16:23:59'),
(63,28,40,'A',0,0,'2025-11-15 16:25:01'),
(64,29,71,'C',1,0,'2025-11-15 18:42:11'),
(65,29,71,'C',1,0,'2025-11-15 18:43:33'),
(66,29,71,'B',0,0,'2025-11-15 18:43:34'),
(67,29,71,'B',0,0,'2025-11-15 18:48:05'),
(68,29,71,'C',1,0,'2025-11-15 18:48:05'),
(69,29,71,'A',0,0,'2025-11-15 18:48:05'),
(70,30,45,'D',0,0,'2025-11-15 18:49:51'),
(71,31,40,'A',0,0,'2025-11-15 19:18:11'),
(72,31,40,'C',1,0,'2025-11-15 19:18:25'),
(73,31,41,'B',1,0,'2025-11-15 21:37:17'),
(74,31,41,'A',0,0,'2025-11-15 21:37:17'),
(75,31,41,'A',0,0,'2025-11-15 21:37:20'),
(76,31,41,'D',0,0,'2025-11-15 21:37:21'),
(77,31,41,'C',0,0,'2025-11-15 21:37:21'),
(78,31,41,'A',0,0,'2025-11-15 21:37:22'),
(79,31,41,'C',0,0,'2025-11-15 21:37:22'),
(80,31,41,'A',0,0,'2025-11-15 21:37:38'),
(81,31,41,'B',1,0,'2025-11-15 21:37:39'),
(82,31,41,'A',0,0,'2025-11-15 21:37:46'),
(83,31,41,'B',1,0,'2025-11-15 21:37:47'),
(84,31,41,'C',0,0,'2025-11-15 21:37:49'),
(85,31,40,'B',0,0,'2025-11-15 21:39:15'),
(86,31,40,'A',0,0,'2025-11-15 21:39:15'),
(87,31,40,'D',0,0,'2025-11-15 21:39:17'),
(88,31,40,'B',0,0,'2025-11-15 21:39:18'),
(89,31,40,'D',0,0,'2025-11-15 21:39:19'),
(90,31,40,'B',0,0,'2025-11-15 21:39:20'),
(91,31,40,'B',0,0,'2025-11-15 21:39:21'),
(92,31,40,'A',0,0,'2025-11-15 21:39:21'),
(93,31,40,'C',1,0,'2025-11-15 21:39:21'),
(94,31,40,'C',1,0,'2025-11-15 21:39:26'),
(95,31,40,'D',0,0,'2025-11-15 21:39:27'),
(96,32,41,'A',0,0,'2025-11-15 21:45:04'),
(97,32,40,'C',1,0,'2025-11-15 21:46:00'),
(98,27,46,'B',1,0,'2025-11-16 05:04:18'),
(99,27,46,'A',0,0,'2025-11-16 05:04:18'),
(100,27,46,'C',0,0,'2025-11-16 05:04:18'),
(101,33,48,'C',0,0,'2025-11-16 05:11:25'),
(102,33,48,'D',0,0,'2025-11-16 05:11:35'),
(103,33,45,'A',1,0,'2025-11-16 05:13:43'),
(104,33,45,'B',0,0,'2025-11-16 05:14:13'),
(105,33,45,'D',0,0,'2025-11-16 05:14:15'),
(106,34,86,'A',0,0,'2025-11-16 05:26:19'),
(107,34,86,'B',0,0,'2025-11-16 05:26:38'),
(108,34,86,'D',0,0,'2025-11-16 05:26:40'),
(109,34,86,'A',0,0,'2025-11-16 05:26:46'),
(110,34,86,'D',0,0,'2025-11-16 05:27:16'),
(111,34,86,'B',0,0,'2025-11-16 05:27:20'),
(112,34,86,'A',0,0,'2025-11-16 05:27:25'),
(113,34,86,'B',0,0,'2025-11-16 05:27:36'),
(114,34,86,'A',0,0,'2025-11-16 05:27:39'),
(115,34,86,'B',0,0,'2025-11-16 05:27:42'),
(116,35,74,'C',0,0,'2025-11-16 05:32:05'),
(117,35,74,'D',0,0,'2025-11-16 05:32:06'),
(118,35,74,'C',0,0,'2025-11-16 05:33:36'),
(119,35,74,'B',1,0,'2025-11-16 05:33:38'),
(120,35,74,'D',0,0,'2025-11-16 05:35:24'),
(121,35,74,'A',0,0,'2025-11-16 05:35:24'),
(122,35,74,'C',0,0,'2025-11-16 05:35:24'),
(123,36,71,'D',0,0,'2025-11-16 12:22:46'),
(124,36,71,'C',1,0,'2025-11-16 12:32:26'),
(125,36,71,'B',0,0,'2025-11-16 12:32:27'),
(126,36,71,'A',0,0,'2025-11-16 12:32:27'),
(127,37,41,'B',1,0,'2025-11-16 12:35:16'),
(128,37,40,'A',0,0,'2025-11-16 12:35:48'),
(129,37,40,'D',0,0,'2025-11-16 12:36:03'),
(130,37,41,'D',0,0,'2025-11-16 12:42:30'),
(131,37,41,'B',1,0,'2025-11-16 12:42:35'),
(132,38,86,'C',1,0,'2025-11-16 12:47:44'),
(133,38,87,'D',1,0,'2025-11-16 12:57:00'),
(134,38,87,'A',0,0,'2025-11-16 13:00:09'),
(135,40,61,'B',1,0,'2025-11-16 13:11:58'),
(136,40,61,'D',0,0,'2025-11-16 13:12:49'),
(137,42,49,'A',0,0,'2025-11-16 13:16:35'),
(138,42,47,'B',0,0,'2025-11-16 13:17:03'),
(139,42,45,'A',1,0,'2025-11-16 13:17:15'),
(140,42,48,'B',1,0,'2025-11-16 13:17:37'),
(141,42,46,'C',0,0,'2025-11-16 13:17:51'),
(142,43,77,'B',0,0,'2025-11-16 13:31:07'),
(143,43,75,'A',1,0,'2025-11-16 13:31:36'),
(144,43,78,'C',1,0,'2025-11-16 13:31:55'),
(145,44,82,'D',0,0,'2025-11-16 13:36:07'),
(146,44,82,'A',0,0,'2025-11-16 13:36:57'),
(147,44,83,'C',1,0,'2025-11-16 13:37:20'),
(148,44,83,'D',0,0,'2025-11-16 13:37:36'),
(149,44,83,'B',0,0,'2025-11-16 13:37:39'),
(150,44,83,'A',0,0,'2025-11-16 13:37:41'),
(151,44,83,'C',1,0,'2025-11-16 13:37:58'),
(152,44,81,'C',0,0,'2025-11-16 13:38:02'),
(153,44,81,'B',1,0,'2025-11-16 13:38:03'),
(154,44,81,'C',0,0,'2025-11-16 13:38:09'),
(155,44,81,'B',1,0,'2025-11-16 13:38:09'),
(156,44,82,'C',0,0,'2025-11-16 13:39:17'),
(157,44,80,'B',0,0,'2025-11-16 13:39:44'),
(158,44,80,'D',0,0,'2025-11-16 13:40:04'),
(159,45,85,'A',0,0,'2025-11-16 14:32:41'),
(160,45,85,'B',0,0,'2025-11-16 14:38:09'),
(161,45,85,'A',0,0,'2025-11-16 14:38:46'),
(162,45,85,'B',0,0,'2025-11-16 14:38:48'),
(163,45,85,'C',1,0,'2025-11-16 14:38:50'),
(164,46,49,'A',0,0,'2025-11-16 14:41:25'),
(165,46,46,'B',1,0,'2025-11-16 14:41:40'),
(166,46,48,'B',1,0,'2025-11-16 14:42:20'),
(167,46,45,'A',1,0,'2025-11-16 14:42:41'),
(168,46,47,'C',1,0,'2025-11-16 14:43:04'),
(169,46,47,'D',0,0,'2025-11-16 14:44:59'),
(170,47,71,'A',0,0,'2025-11-16 15:00:01'),
(171,47,74,'B',1,0,'2025-11-16 15:00:13'),
(172,47,72,'B',0,0,'2025-11-16 15:00:50'),
(173,47,73,'A',0,0,'2025-11-16 15:00:53'),
(174,48,81,'B',1,0,'2025-11-16 15:07:56'),
(175,48,82,'D',0,0,'2025-11-16 15:08:04'),
(176,48,84,'A',1,0,'2025-11-16 15:08:15'),
(177,48,83,'C',1,0,'2025-11-16 15:08:24'),
(178,48,80,'C',1,0,'2025-11-16 15:08:29'),
(179,49,72,'B',0,0,'2025-11-16 15:26:06'),
(180,49,71,'C',1,0,'2025-11-16 15:26:45'),
(181,49,73,'B',1,0,'2025-11-16 15:27:04'),
(182,49,74,'B',1,0,'2025-11-16 15:27:27'),
(183,49,70,'D',0,0,'2025-11-16 15:27:31'),
(184,50,78,'A',0,0,'2025-11-16 15:29:40'),
(185,50,77,'C',1,0,'2025-11-16 15:29:43'),
(186,50,79,'B',0,0,'2025-11-16 15:29:46'),
(187,50,76,'B',1,0,'2025-11-16 15:29:51'),
(188,50,75,'C',0,0,'2025-11-16 15:29:55'),
(189,53,47,'D',0,0,'2025-11-16 15:41:50'),
(190,53,48,'D',0,0,'2025-11-16 15:42:02'),
(191,53,46,'D',0,0,'2025-11-16 15:42:08'),
(192,0,44,'C',0,16,'2025-12-14 12:50:53'),
(193,0,52,'A',0,21,'2025-12-14 13:03:45'),
(194,0,58,'A',0,38,'2025-12-14 13:07:41'),
(195,0,57,'A',0,44,'2025-12-14 13:07:44'),
(196,0,59,'A',0,45,'2025-12-14 13:07:45'),
(197,0,74,'C',0,98,'2025-12-14 13:31:08'),
(198,0,74,'D',0,99,'2025-12-14 13:31:09'),
(199,0,74,'B',1,100,'2025-12-14 13:31:11'),
(200,0,74,'A',0,101,'2025-12-14 13:31:11'),
(201,0,74,'B',1,103,'2025-12-14 13:31:14'),
(202,0,74,'C',0,104,'2025-12-14 13:31:16'),
(203,0,74,'D',0,105,'2025-12-14 13:31:17'),
(204,0,74,'A',0,107,'2025-12-14 13:31:17'),
(205,0,74,'B',1,111,'2025-12-14 13:31:19'),
(206,0,72,'D',0,122,'2025-12-14 13:31:31'),
(207,0,72,'C',1,133,'2025-12-14 13:31:43'),
(208,0,73,'A',0,139,'2025-12-14 13:31:49'),
(209,0,73,'B',1,140,'2025-12-14 13:31:50'),
(210,0,73,'D',0,141,'2025-12-14 13:31:50'),
(211,0,125,'C',1,117,'2025-12-14 18:25:30'),
(212,0,77,'D',0,14,'2025-12-14 22:31:02'),
(213,0,78,'B',0,46,'2025-12-14 22:31:33'),
(214,0,75,'A',1,61,'2025-12-14 22:31:49'),
(215,0,76,'B',1,82,'2025-12-14 22:32:10');

--
-- Table structure for table `wpt8_cbt_user_subjects`
--

CREATE TABLE `wpt8_cbt_user_subjects` (
  `id` int(11) NOT NULL AUTO_INCREMENT,
  `user_id` bigint(20) unsigned NOT NULL,
  `subject_id` int(11) NOT NULL,
  `selected_at` timestamp NULL DEFAULT current_timestamp(),
  `is_active` tinyint(1) DEFAULT 1,
  `created_at` timestamp NULL DEFAULT current_timestamp(),
  PRIMARY KEY (`id`),
  KEY `user_id` (`user_id`),
  KEY `subject_id` (`subject_id`),
  CONSTRAINT `wpt8_cbt_user_subjects_ibfk_1` FOREIGN KEY (`user_id`) REFERENCES `wpt8_users` (`ID`) ON DELETE CASCADE
) ENGINE=InnoDB AUTO_INCREMENT=25 DEFAULT CHARSET=utf8mb4 COLLATE=utf8mb4_unicode_520_ci;

--
-- Dumping data for table `wpt8_cbt_user_subjects`
--

INSERT INTO `wpt8_cbt_user_subjects` (`id`, `user_id`, `subject_id`, `selected_at`, `is_active`, `created_at`) VALUES (5,1,1,'2025-11-13 14:09:38',1,'2025-11-15 02:07:22'),
(6,1,2,'2025-11-13 14:09:38',1,'2025-11-15 02:07:22'),
(7,1,3,'2025-11-13 14:09:38',1,'2025-11-15 02:07:22'),
(8,1,4,'2025-11-13 14:09:38',1,'2025-11-15 02:07:22'),
(17,112,1,'2025-11-13 17:48:51',1,'2025-11-15 02:07:22'),
(18,112,5,'2025-11-13 17:48:51',1,'2025-11-15 02:07:22'),
(19,112,4,'2025-11-13 17:48:51',1,'2025-11-15 02:07:22'),
(20,112,3,'2025-11-13 17:48:51',1,'2025-11-15 02:07:22'),
(21,104,1,'2025-11-13 18:17:12',1,'2025-11-15 02:07:22'),
(22,104,5,'2025-11-13 18:17:12',1,'2025-11-15 02:07:22'),
(23,104,4,'2025-11-13 18:17:12',1,'2025-11-15 02:07:22'),
(24,104,3,'2025-11-13 18:17:12',1,'2025-11-15 02:07:22');

--
-- Table structure for table `wpt8_cf_form_entries`
--

CREATE TABLE `wpt8_cf_form_entries` (
  `id` int(11) unsigned NOT NULL AUTO_INCREMENT,
  `form_id` varchar(18) NOT NULL DEFAULT '',
  `user_id` int(11) NOT NULL,
  `datestamp` timestamp NOT NULL DEFAULT current_timestamp(),
  `status` varchar(20) NOT NULL DEFAULT 'active',
  PRIMARY KEY (`id`),
  KEY `form_id` (`form_id`),
  KEY `user_id` (`user_id`),
  KEY `date_time` (`datestamp`),
  KEY `status` (`status`)
) ENGINE=InnoDB AUTO_INCREMENT=15 DEFAULT CHARSET=utf8mb4 COLLATE=utf8mb4_unicode_520_ci;

--
-- Dumping data for table `wpt8_cf_form_entries`
--

INSERT INTO `wpt8_cf_form_entries` (`id`, `form_id`, `user_id`, `datestamp`, `status`) VALUES (1,'CF6662fc24d681d',0,'2024-06-07 12:03:23','active'),
(2,'CF666abcf543136',1,'2024-06-13 12:28:18','active'),
(3,'CF666abcf543136',1,'2024-06-16 02:45:49','active'),
(4,'CF666abcf543136',1,'2024-06-16 02:57:17','active'),
(5,'CF666abcf543136',1,'2024-06-16 02:57:59','active'),
(6,'CF666abcf543136',1,'2024-06-17 10:58:20','active'),
(7,'CF666abcf543136',1,'2024-06-17 11:49:01','active'),
(8,'CF666abcf543136',1,'2024-06-17 12:29:34','active'),
(9,'CF666abcf543136',1,'2024-06-17 12:51:25','active'),
(10,'CF666abcf543136',1,'2024-06-17 12:51:53','active'),
(11,'CF666abcf543136',1,'2024-06-17 12:53:24','active'),
(12,'CF666abcf543136',1,'2024-06-17 12:58:03','active'),
(13,'CF666abcf543136',0,'2024-06-23 05:45:07','active'),
(14,'CF666abcf543136',1,'2024-06-25 15:42:11','active');

--
-- Table structure for table `wpt8_cf_form_entry_meta`
--

CREATE TABLE `wpt8_cf_form_entry_meta` (
  `meta_id` bigint(20) unsigned NOT NULL AUTO_INCREMENT,
  `entry_id` bigint(20) unsigned NOT NULL DEFAULT 0,
  `process_id` varchar(255) DEFAULT NULL,
  `meta_key` varchar(255) DEFAULT NULL,
  `meta_value` longtext DEFAULT NULL,
  PRIMARY KEY (`meta_id`),
  KEY `meta_key` (`meta_key`(191)),
  KEY `entry_id` (`entry_id`)
) ENGINE=InnoDB DEFAULT CHARSET=utf8mb4 COLLATE=utf8mb4_unicode_520_ci;

--
-- Dumping data for table `wpt8_cf_form_entry_meta`
--


--
-- Table structure for table `wpt8_cf_form_entry_values`
--

CREATE TABLE `wpt8_cf_form_entry_values` (
  `id` int(11) unsigned NOT NULL AUTO_INCREMENT,
  `entry_id` int(11) NOT NULL,
  `field_id` varchar(20) NOT NULL,
  `slug` varchar(255) NOT NULL DEFAULT '',
  `value` longtext NOT NULL,
  PRIMARY KEY (`id`),
  KEY `form_id` (`entry_id`),
  KEY `field_id` (`field_id`),
  KEY `slug` (`slug`(191))
) ENGINE=InnoDB AUTO_INCREMENT=73 DEFAULT CHARSET=utf8mb4 COLLATE=utf8mb4_unicode_520_ci;

--
-- Dumping data for table `wpt8_cf_form_entry_values`
--

INSERT INTO `wpt8_cf_form_entry_values` (`id`, `entry_id`, `field_id`, `slug`, `value`) VALUES (1,1,'fld_4338248','one','10'),
(2,1,'fld_5987102','base','25'),
(3,1,'fld_3993413','option_1.opt1697235','Yes'),
(4,1,'fld_3993413','option_1','{\"opt1697235\":\"Yes\"}'),
(5,1,'fld_8997460','total','35.00'),
(6,2,'fld_4338248','one','10'),
(7,2,'fld_5987102','base','25'),
(8,2,'fld_3993413','option_1.opt1697235','10'),
(9,2,'fld_3993413','option_1','{\"opt1697235\":10}'),
(10,2,'fld_5161425','option_2','Small'),
(11,2,'fld_8997460','total','35.00'),
(12,2,'fld_1338703','pay','click'),
(13,3,'fld_5161425','duration','2000.00'),
(14,3,'fld_8997460','total','2000.00'),
(15,3,'fld_1338703','pay','click'),
(16,4,'fld_5161425','duration','2000.00'),
(17,4,'fld_8997460','total','2000.00'),
(18,4,'fld_1338703','pay','click'),
(19,5,'fld_5161425','duration','2000.00'),
(20,5,'fld_8997460','total','2000.00'),
(21,5,'fld_1338703','pay','click'),
(22,6,'fld_5161425','duration','2000.00'),
(23,6,'fld_9543042','contact_email','talk2seunt@yahoo.co.uk'),
(24,6,'fld_6962552','contact_phone','(080)663-6415'),
(25,6,'fld_8997460','amount_','2000.00'),
(26,6,'fld_1736118','class','Pry 3'),
(27,6,'fld_6880219','name_of_student','Seun Taylor'),
(28,7,'fld_5161425','duration','5000.00'),
(29,7,'fld_9543042','contact_email','talk2seunt@yahoo.co.uk'),
(30,7,'fld_6962552','contact_phone','(080)663-6415'),
(31,7,'fld_8997460','amount_','5000.00'),
(32,7,'fld_1736118','class','Pry 2'),
(33,7,'fld_6880219','name_of_student','Seun Taylor'),
(34,8,'fld_5161425','duration','5000.00'),
(35,8,'fld_9543042','contact_email','talk2seunt@yahoo.co.uk'),
(36,8,'fld_8997460','amount_','5000.00'),
(37,8,'fld_1736118','class','Pry 2'),
(38,8,'fld_6880219','name_of_student','Seun Taylor'),
(39,9,'fld_6880219','name_of_student','Seun Taylor'),
(40,9,'fld_1736118','class','Pry 1'),
(41,9,'fld_5161425','duration','5000.00'),
(42,9,'fld_9543042','contact_email','talk2seunt@yahoo.co.uk'),
(43,9,'fld_6962552','contact_phone','(080)663-6415'),
(44,9,'fld_8997460','amount_','5000.00'),
(45,10,'fld_6880219','name_of_student','Seun Taylor'),
(46,10,'fld_1736118','class','Pry 2'),
(47,10,'fld_5161425','duration','2000.00'),
(48,10,'fld_9543042','contact_email','talk2seunt@yahoo.co.uk'),
(49,10,'fld_6962552','contact_phone','(080)663-6415'),
(50,10,'fld_8997460','amount_','2000.00'),
(51,11,'fld_6880219','name_of_student','Seun Taylor'),
(52,11,'fld_1736118','class','Pry 3'),
(53,11,'fld_5161425','duration','2000.00'),
(54,11,'fld_9543042','contact_email','talk2seunt@yahoo.co.uk'),
(55,11,'fld_6962552','contact_phone','(080)663-6415'),
(56,11,'fld_8997460','amount_','2000.00'),
(57,12,'fld_6880219','name_of_student','Seun Taylor'),
(58,12,'fld_9543042','contact_email','talk2seunt@yahoo.co.uk'),
(59,12,'fld_6962552','contact_phone','(080)663-6415'),
(60,12,'fld_8997460','amount_','0.00'),
(61,13,'fld_6880219','name_of_student','Godstaff Kosy '),
(62,13,'fld_1736118','class','Pry 1'),
(63,13,'fld_5161425','duration','2000.00'),
(64,13,'fld_9543042','contact_email','godstaffmbagumajor@gmail.com'),
(65,13,'fld_6962552','contact_phone','(080)320-6333'),
(66,13,'fld_8997460','amount_','2000.00'),
(67,14,'fld_6880219','name_of_student','Seun Taylor'),
(68,14,'fld_1736118','class','Pry 3'),
(69,14,'fld_9543042','contact_email','talk2seunt@yahoo.co.uk'),
(70,14,'fld_6962552','contact_phone','(080)663-6415'),
(71,14,'fld_8997460','amount_','0.00'),
(72,14,'fld_1338703','pay','click');

--
-- Table structure for table `wpt8_cf_forms`
--

CREATE TABLE `wpt8_cf_forms` (
  `id` int(11) unsigned NOT NULL AUTO_INCREMENT,
  `form_id` varchar(18) NOT NULL DEFAULT '',
  `type` varchar(255) NOT NULL DEFAULT '',
  `config` longtext NOT NULL,
  PRIMARY KEY (`id`),
  KEY `form_id` (`form_id`)
) ENGINE=InnoDB AUTO_INCREMENT=50 DEFAULT CHARSET=utf8mb4 COLLATE=utf8mb4_unicode_520_ci;

--
-- Dumping data for table `wpt8_cf_forms`
--

INSERT INTO `wpt8_cf_forms` (`id`, `form_id`, `type`, `config`) VALUES (34,'CF666abcf543136','revision','a:23:{s:2:\"ID\";s:15:\"CF666abcf543136\";s:13:\"_last_updated\";s:31:\"Sun, 16 Jun 2024 04:15:42 +0000\";s:10:\"cf_version\";s:5:\"1.9.7\";s:4:\"name\";s:3:\"pay\";s:10:\"scroll_top\";i:0;s:7:\"success\";s:60:\"Form has been successfully submitted. Thank you.												\";s:10:\"db_support\";i:1;s:6:\"pinned\";i:0;s:9:\"hide_form\";i:1;s:11:\"check_honey\";i:1;s:12:\"avatar_field\";s:0:\"\";s:9:\"form_ajax\";i:1;s:15:\"custom_callback\";s:0:\"\";s:11:\"layout_grid\";a:2:{s:6:\"fields\";a:9:{s:11:\"fld_5161425\";s:3:\"1:1\";s:11:\"fld_9543042\";s:3:\"1:1\";s:11:\"fld_6962552\";s:3:\"1:1\";s:11:\"fld_8997460\";s:3:\"2:1\";s:11:\"fld_1338703\";s:3:\"2:2\";s:11:\"fld_8049582\";s:3:\"3:1\";s:11:\"fld_5214936\";s:3:\"3:2\";s:11:\"fld_9777484\";s:3:\"4:1\";s:11:\"fld_4851033\";s:3:\"4:1\";}s:9:\"structure\";s:13:\"12|6:6#6:6|12\";}s:6:\"fields\";a:9:{s:11:\"fld_5161425\";a:7:{s:2:\"ID\";s:11:\"fld_5161425\";s:4:\"type\";s:8:\"dropdown\";s:5:\"label\";s:8:\"Duration\";s:4:\"slug\";s:8:\"duration\";s:10:\"conditions\";a:1:{s:4:\"type\";s:0:\"\";}s:7:\"caption\";s:0:\"\";s:6:\"config\";a:15:{s:12:\"custom_class\";s:0:\"\";s:11:\"placeholder\";s:0:\"\";s:14:\"default_option\";s:0:\"\";s:9:\"auto_type\";s:0:\"\";s:8:\"taxonomy\";s:8:\"category\";s:9:\"post_type\";s:4:\"post\";s:11:\"value_field\";s:4:\"name\";s:11:\"orderby_tax\";s:4:\"name\";s:12:\"orderby_post\";s:4:\"name\";s:5:\"order\";s:3:\"ASC\";s:7:\"default\";s:0:\"\";s:11:\"show_values\";i:1;s:6:\"option\";a:2:{s:10:\"opt1533135\";a:3:{s:10:\"calc_value\";s:7:\"5000.00\";s:5:\"value\";s:7:\"5000.00\";s:5:\"label\";s:6:\"Yearly\";}s:10:\"opt1786217\";a:3:{s:10:\"calc_value\";s:7:\"2000.00\";s:5:\"value\";s:7:\"2000.00\";s:5:\"label\";s:6:\"Termly\";}}s:16:\"email_identifier\";i:0;s:22:\"personally_identifying\";i:0;}}s:11:\"fld_8997460\";a:7:{s:2:\"ID\";s:11:\"fld_8997460\";s:4:\"type\";s:11:\"calculation\";s:5:\"label\";s:5:\"Total\";s:4:\"slug\";s:5:\"total\";s:10:\"conditions\";a:1:{s:4:\"type\";s:0:\"\";}s:7:\"caption\";s:0:\"\";s:6:\"config\";a:13:{s:12:\"custom_class\";s:0:\"\";s:7:\"element\";s:2:\"h3\";s:7:\"classes\";s:10:\"total-line\";s:6:\"before\";s:6:\"Total:\";s:5:\"after\";s:0:\"\";s:5:\"fixed\";i:1;s:18:\"thousand_separator\";s:1:\",\";s:17:\"decimal_separator\";s:1:\".\";s:8:\"formular\";s:18:\" ( +fld_5161425 ) \";s:6:\"config\";a:1:{s:5:\"group\";a:1:{i:0;a:1:{s:5:\"lines\";a:2:{i:0;a:2:{s:8:\"operator\";s:1:\"+\";s:5:\"field\";s:0:\"\";}i:1;a:2:{s:8:\"operator\";s:1:\"+\";s:5:\"field\";s:11:\"fld_5161425\";}}}}}s:14:\"manual_formula\";s:0:\"\";s:16:\"email_identifier\";i:0;s:22:\"personally_identifying\";i:0;}}s:11:\"fld_1338703\";a:7:{s:2:\"ID\";s:11:\"fld_1338703\";s:4:\"type\";s:6:\"button\";s:5:\"label\";s:3:\"Pay\";s:4:\"slug\";s:3:\"pay\";s:10:\"conditions\";a:1:{s:4:\"type\";s:0:\"\";}s:7:\"caption\";s:0:\"\";s:6:\"config\";a:4:{s:12:\"custom_class\";s:0:\"\";s:4:\"type\";s:6:\"submit\";s:5:\"class\";s:15:\"btn btn-default\";s:6:\"target\";s:0:\"\";}}s:11:\"fld_9543042\";a:8:{s:2:\"ID\";s:11:\"fld_9543042\";s:4:\"type\";s:5:\"email\";s:5:\"label\";s:5:\"Email\";s:4:\"slug\";s:5:\"email\";s:10:\"conditions\";a:1:{s:4:\"type\";s:0:\"\";}s:8:\"required\";i:1;s:7:\"caption\";s:0:\"\";s:6:\"config\";a:5:{s:12:\"custom_class\";s:0:\"\";s:11:\"placeholder\";s:0:\"\";s:7:\"default\";s:0:\"\";s:16:\"email_identifier\";i:0;s:22:\"personally_identifying\";i:0;}}s:11:\"fld_6962552\";a:7:{s:2:\"ID\";s:11:\"fld_6962552\";s:4:\"type\";s:5:\"phone\";s:5:\"label\";s:6:\"Phone \";s:4:\"slug\";s:6:\"phone_\";s:10:\"conditions\";a:1:{s:4:\"type\";s:0:\"\";}s:7:\"caption\";s:0:\"\";s:6:\"config\";a:7:{s:12:\"custom_class\";s:0:\"\";s:11:\"placeholder\";s:0:\"\";s:7:\"default\";s:0:\"\";s:4:\"type\";s:5:\"local\";s:6:\"custom\";s:13:\"(999)999-9999\";s:16:\"email_identifier\";i:0;s:22:\"personally_identifying\";i:0;}}s:11:\"fld_8049582\";a:7:{s:2:\"ID\";s:11:\"fld_8049582\";s:4:\"type\";s:18:\"credit_card_number\";s:5:\"label\";s:12:\"Debit  card \";s:4:\"slug\";s:12:\"debit__card_\";s:10:\"conditions\";a:1:{s:4:\"type\";s:0:\"\";}s:7:\"caption\";s:0:\"\";s:6:\"config\";a:6:{s:12:\"custom_class\";s:0:\"\";s:11:\"placeholder\";s:0:\"\";s:7:\"default\";s:0:\"\";s:3:\"exp\";s:0:\"\";s:16:\"email_identifier\";i:0;s:22:\"personally_identifying\";i:0;}}s:11:\"fld_5214936\";a:7:{s:2:\"ID\";s:11:\"fld_5214936\";s:4:\"type\";s:15:\"credit_card_exp\";s:5:\"label\";s:3:\"Exp\";s:4:\"slug\";s:3:\"exp\";s:10:\"conditions\";a:1:{s:4:\"type\";s:0:\"\";}s:7:\"caption\";s:0:\"\";s:6:\"config\";a:5:{s:12:\"custom_class\";s:0:\"\";s:11:\"placeholder\";s:5:\"  /  \";s:7:\"default\";s:0:\"\";s:16:\"email_identifier\";i:0;s:22:\"personally_identifying\";i:0;}}s:11:\"fld_9777484\";a:7:{s:2:\"ID\";s:11:\"fld_9777484\";s:4:\"type\";s:15:\"credit_card_cvc\";s:5:\"label\";s:3:\"cvc\";s:4:\"slug\";s:3:\"cvc\";s:10:\"conditions\";a:1:{s:4:\"type\";s:0:\"\";}s:7:\"caption\";s:0:\"\";s:6:\"config\";a:6:{s:12:\"custom_class\";s:0:\"\";s:11:\"placeholder\";s:0:\"\";s:7:\"default\";s:0:\"\";s:17:\"credit_card_field\";s:0:\"\";s:16:\"email_identifier\";i:0;s:22:\"personally_identifying\";i:0;}}s:11:\"fld_4851033\";a:7:{s:2:\"ID\";s:11:\"fld_4851033\";s:4:\"type\";s:11:\"calculation\";s:5:\"label\";s:1:\"t\";s:4:\"slug\";s:1:\"t\";s:10:\"conditions\";a:1:{s:4:\"type\";s:0:\"\";}s:7:\"caption\";s:0:\"\";s:6:\"config\";a:12:{s:12:\"custom_class\";s:0:\"\";s:7:\"element\";s:2:\"h3\";s:7:\"classes\";s:10:\"total-line\";s:6:\"before\";s:6:\"Total:\";s:5:\"after\";s:0:\"\";s:18:\"thousand_separator\";s:1:\",\";s:17:\"decimal_separator\";s:1:\".\";s:8:\"formular\";s:11:\"fld_8997460\";s:6:\"config\";a:1:{s:5:\"group\";a:1:{i:0;a:1:{s:5:\"lines\";a:1:{i:0;a:2:{s:8:\"operator\";s:1:\"+\";s:5:\"field\";s:11:\"fld_8997460\";}}}}}s:14:\"manual_formula\";s:0:\"\";s:16:\"email_identifier\";i:0;s:22:\"personally_identifying\";i:0;}}}s:13:\"auto_progress\";i:1;s:10:\"page_names\";a:2:{i:0;s:6:\"Page 1\";i:1;s:6:\"Page 2\";}s:6:\"mailer\";a:9:{s:9:\"on_insert\";i:1;s:11:\"sender_name\";s:26:\"Caldera Forms Notification\";s:12:\"sender_email\";s:16:\"admin@takadun.ng\";s:8:\"reply_to\";s:0:\"\";s:10:\"email_type\";s:4:\"html\";s:10:\"recipients\";s:0:\"\";s:6:\"bcc_to\";s:0:\"\";s:13:\"email_subject\";s:3:\"pay\";s:13:\"email_message\";s:9:\"{summary}\";}s:10:\"processors\";a:1:{s:11:\"fp_40249329\";a:5:{s:2:\"ID\";s:11:\"fp_40249329\";s:8:\"runtimes\";a:1:{s:6:\"insert\";i:1;}s:4:\"type\";s:23:\"cf_paystack_integration\";s:6:\"config\";a:7:{s:25:\"icfp_paystack_environment\";i:1;s:13:\"icfp_test_key\";s:0:\"\";s:13:\"icfp_live_key\";s:48:\"sk_live_286ea8563741cff0d8fea4a79b37f917aaf16924\";s:22:\"icfp_paystack_currency\";s:3:\"NGN\";s:17:\"icfp_payment_name\";s:10:\"%duration%\";s:19:\"icfp_payment_amount\";i:1;s:18:\"icfp_payment_email\";s:7:\"%email%\";}s:10:\"conditions\";a:2:{s:4:\"type\";s:3:\"use\";s:5:\"group\";a:2:{s:10:\"rw_mafmxrd\";a:1:{s:11:\"cl_kaonfbah\";a:3:{s:5:\"value\";s:10:\"opt1533135\";s:5:\"field\";s:11:\"fld_5161425\";s:7:\"compare\";s:2:\"is\";}}s:9:\"rw_sxhwnx\";a:1:{s:10:\"cl_rgpmdza\";a:3:{s:5:\"value\";s:10:\"opt1786217\";s:5:\"field\";s:11:\"fld_5161425\";s:7:\"compare\";s:2:\"is\";}}}}}}s:8:\"settings\";a:1:{s:10:\"responsive\";a:1:{s:11:\"break_point\";s:2:\"sm\";}}s:18:\"conditional_groups\";a:1:{s:10:\"conditions\";a:0:{}}s:24:\"privacy_exporter_enabled\";b:0;s:7:\"version\";s:5:\"1.9.7\";}'),
(35,'CF666abcf543136','revision','a:23:{s:2:\"ID\";s:15:\"CF666abcf543136\";s:13:\"_last_updated\";s:31:\"Sun, 16 Jun 2024 04:18:43 +0000\";s:10:\"cf_version\";s:5:\"1.9.7\";s:4:\"name\";s:3:\"pay\";s:10:\"scroll_top\";i:0;s:7:\"success\";s:60:\"Form has been successfully submitted. Thank you.												\";s:10:\"db_support\";i:1;s:6:\"pinned\";i:0;s:9:\"hide_form\";i:1;s:11:\"check_honey\";i:1;s:12:\"avatar_field\";s:0:\"\";s:9:\"form_ajax\";i:1;s:15:\"custom_callback\";s:0:\"\";s:11:\"layout_grid\";a:2:{s:6:\"fields\";a:5:{s:11:\"fld_5161425\";s:3:\"1:1\";s:11:\"fld_9543042\";s:3:\"1:1\";s:11:\"fld_6962552\";s:3:\"1:1\";s:11:\"fld_8997460\";s:3:\"2:1\";s:11:\"fld_1338703\";s:3:\"2:2\";}s:9:\"structure\";s:6:\"12|6:6\";}s:6:\"fields\";a:5:{s:11:\"fld_5161425\";a:7:{s:2:\"ID\";s:11:\"fld_5161425\";s:4:\"type\";s:8:\"dropdown\";s:5:\"label\";s:8:\"Duration\";s:4:\"slug\";s:8:\"duration\";s:10:\"conditions\";a:1:{s:4:\"type\";s:0:\"\";}s:7:\"caption\";s:0:\"\";s:6:\"config\";a:15:{s:12:\"custom_class\";s:0:\"\";s:11:\"placeholder\";s:0:\"\";s:14:\"default_option\";s:0:\"\";s:9:\"auto_type\";s:0:\"\";s:8:\"taxonomy\";s:8:\"category\";s:9:\"post_type\";s:4:\"post\";s:11:\"value_field\";s:4:\"name\";s:11:\"orderby_tax\";s:4:\"name\";s:12:\"orderby_post\";s:4:\"name\";s:5:\"order\";s:3:\"ASC\";s:7:\"default\";s:0:\"\";s:11:\"show_values\";i:1;s:6:\"option\";a:2:{s:10:\"opt1533135\";a:3:{s:10:\"calc_value\";s:7:\"5000.00\";s:5:\"value\";s:7:\"5000.00\";s:5:\"label\";s:6:\"Yearly\";}s:10:\"opt1786217\";a:3:{s:10:\"calc_value\";s:7:\"2000.00\";s:5:\"value\";s:7:\"2000.00\";s:5:\"label\";s:6:\"Termly\";}}s:16:\"email_identifier\";i:0;s:22:\"personally_identifying\";i:0;}}s:11:\"fld_8997460\";a:7:{s:2:\"ID\";s:11:\"fld_8997460\";s:4:\"type\";s:11:\"calculation\";s:5:\"label\";s:5:\"Total\";s:4:\"slug\";s:5:\"total\";s:10:\"conditions\";a:1:{s:4:\"type\";s:0:\"\";}s:7:\"caption\";s:0:\"\";s:6:\"config\";a:13:{s:12:\"custom_class\";s:0:\"\";s:7:\"element\";s:2:\"h3\";s:7:\"classes\";s:10:\"total-line\";s:6:\"before\";s:6:\"Total:\";s:5:\"after\";s:0:\"\";s:5:\"fixed\";i:1;s:18:\"thousand_separator\";s:1:\",\";s:17:\"decimal_separator\";s:1:\".\";s:8:\"formular\";s:18:\" ( +fld_5161425 ) \";s:6:\"config\";a:1:{s:5:\"group\";a:1:{i:0;a:1:{s:5:\"lines\";a:2:{i:0;a:2:{s:8:\"operator\";s:1:\"+\";s:5:\"field\";s:0:\"\";}i:1;a:2:{s:8:\"operator\";s:1:\"+\";s:5:\"field\";s:11:\"fld_5161425\";}}}}}s:14:\"manual_formula\";s:0:\"\";s:16:\"email_identifier\";i:0;s:22:\"personally_identifying\";i:0;}}s:11:\"fld_1338703\";a:7:{s:2:\"ID\";s:11:\"fld_1338703\";s:4:\"type\";s:6:\"button\";s:5:\"label\";s:3:\"Pay\";s:4:\"slug\";s:3:\"pay\";s:10:\"conditions\";a:1:{s:4:\"type\";s:0:\"\";}s:7:\"caption\";s:0:\"\";s:6:\"config\";a:4:{s:12:\"custom_class\";s:0:\"\";s:4:\"type\";s:6:\"submit\";s:5:\"class\";s:15:\"btn btn-default\";s:6:\"target\";s:0:\"\";}}s:11:\"fld_9543042\";a:8:{s:2:\"ID\";s:11:\"fld_9543042\";s:4:\"type\";s:5:\"email\";s:5:\"label\";s:5:\"Email\";s:4:\"slug\";s:5:\"email\";s:10:\"conditions\";a:1:{s:4:\"type\";s:0:\"\";}s:8:\"required\";i:1;s:7:\"caption\";s:0:\"\";s:6:\"config\";a:5:{s:12:\"custom_class\";s:0:\"\";s:11:\"placeholder\";s:0:\"\";s:7:\"default\";s:0:\"\";s:16:\"email_identifier\";i:0;s:22:\"personally_identifying\";i:0;}}s:11:\"fld_6962552\";a:7:{s:2:\"ID\";s:11:\"fld_6962552\";s:4:\"type\";s:5:\"phone\";s:5:\"label\";s:6:\"Phone \";s:4:\"slug\";s:6:\"phone_\";s:10:\"conditions\";a:1:{s:4:\"type\";s:0:\"\";}s:7:\"caption\";s:0:\"\";s:6:\"config\";a:7:{s:12:\"custom_class\";s:0:\"\";s:11:\"placeholder\";s:0:\"\";s:7:\"default\";s:0:\"\";s:4:\"type\";s:5:\"local\";s:6:\"custom\";s:13:\"(999)999-9999\";s:16:\"email_identifier\";i:0;s:22:\"personally_identifying\";i:0;}}}s:13:\"auto_progress\";i:1;s:10:\"page_names\";a:1:{i:0;s:6:\"Page 1\";}s:6:\"mailer\";a:9:{s:9:\"on_insert\";i:1;s:11:\"sender_name\";s:26:\"Caldera Forms Notification\";s:12:\"sender_email\";s:16:\"admin@takadun.ng\";s:8:\"reply_to\";s:0:\"\";s:10:\"email_type\";s:4:\"html\";s:10:\"recipients\";s:0:\"\";s:6:\"bcc_to\";s:0:\"\";s:13:\"email_subject\";s:3:\"pay\";s:13:\"email_message\";s:9:\"{summary}\";}s:10:\"processors\";a:1:{s:11:\"fp_40249329\";a:5:{s:2:\"ID\";s:11:\"fp_40249329\";s:8:\"runtimes\";a:1:{s:6:\"insert\";i:1;}s:4:\"type\";s:23:\"cf_paystack_integration\";s:6:\"config\";a:7:{s:25:\"icfp_paystack_environment\";i:1;s:13:\"icfp_test_key\";s:0:\"\";s:13:\"icfp_live_key\";s:48:\"sk_live_286ea8563741cff0d8fea4a79b37f917aaf16924\";s:22:\"icfp_paystack_currency\";s:3:\"NGN\";s:17:\"icfp_payment_name\";s:10:\"%duration%\";s:19:\"icfp_payment_amount\";i:1;s:18:\"icfp_payment_email\";s:7:\"%email%\";}s:10:\"conditions\";a:2:{s:4:\"type\";s:3:\"use\";s:5:\"group\";a:2:{s:10:\"rw_mafmxrd\";a:1:{s:11:\"cl_kaonfbah\";a:3:{s:5:\"value\";s:10:\"opt1533135\";s:5:\"field\";s:11:\"fld_5161425\";s:7:\"compare\";s:2:\"is\";}}s:9:\"rw_sxhwnx\";a:1:{s:10:\"cl_rgpmdza\";a:3:{s:5:\"value\";s:10:\"opt1786217\";s:5:\"field\";s:11:\"fld_5161425\";s:7:\"compare\";s:2:\"is\";}}}}}}s:8:\"settings\";a:1:{s:10:\"responsive\";a:1:{s:11:\"break_point\";s:2:\"sm\";}}s:18:\"conditional_groups\";a:1:{s:10:\"conditions\";a:0:{}}s:24:\"privacy_exporter_enabled\";b:0;s:7:\"version\";s:5:\"1.9.7\";}'),
(36,'CF666abcf543136','revision','a:23:{s:2:\"ID\";s:15:\"CF666abcf543136\";s:13:\"_last_updated\";s:31:\"Sun, 16 Jun 2024 04:22:23 +0000\";s:10:\"cf_version\";s:5:\"1.9.7\";s:4:\"name\";s:3:\"pay\";s:10:\"scroll_top\";i:0;s:7:\"success\";s:60:\"Form has been successfully submitted. Thank you.												\";s:10:\"db_support\";i:1;s:6:\"pinned\";i:0;s:9:\"hide_form\";i:1;s:11:\"check_honey\";i:1;s:12:\"avatar_field\";s:0:\"\";s:9:\"form_ajax\";i:1;s:15:\"custom_callback\";s:0:\"\";s:11:\"layout_grid\";a:2:{s:6:\"fields\";a:5:{s:11:\"fld_5161425\";s:3:\"1:1\";s:11:\"fld_9543042\";s:3:\"1:1\";s:11:\"fld_6962552\";s:3:\"1:1\";s:11:\"fld_8997460\";s:3:\"2:1\";s:11:\"fld_1338703\";s:3:\"2:2\";}s:9:\"structure\";s:6:\"12|6:6\";}s:6:\"fields\";a:5:{s:11:\"fld_5161425\";a:7:{s:2:\"ID\";s:11:\"fld_5161425\";s:4:\"type\";s:8:\"dropdown\";s:5:\"label\";s:8:\"Duration\";s:4:\"slug\";s:8:\"duration\";s:10:\"conditions\";a:1:{s:4:\"type\";s:0:\"\";}s:7:\"caption\";s:0:\"\";s:6:\"config\";a:15:{s:12:\"custom_class\";s:0:\"\";s:11:\"placeholder\";s:0:\"\";s:14:\"default_option\";s:0:\"\";s:9:\"auto_type\";s:0:\"\";s:8:\"taxonomy\";s:8:\"category\";s:9:\"post_type\";s:4:\"post\";s:11:\"value_field\";s:4:\"name\";s:11:\"orderby_tax\";s:4:\"name\";s:12:\"orderby_post\";s:4:\"name\";s:5:\"order\";s:3:\"ASC\";s:7:\"default\";s:0:\"\";s:11:\"show_values\";i:1;s:6:\"option\";a:2:{s:10:\"opt1533135\";a:3:{s:10:\"calc_value\";s:7:\"5000.00\";s:5:\"value\";s:7:\"5000.00\";s:5:\"label\";s:6:\"Yearly\";}s:10:\"opt1786217\";a:3:{s:10:\"calc_value\";s:7:\"2000.00\";s:5:\"value\";s:7:\"2000.00\";s:5:\"label\";s:6:\"Termly\";}}s:16:\"email_identifier\";i:0;s:22:\"personally_identifying\";i:1;}}s:11:\"fld_8997460\";a:7:{s:2:\"ID\";s:11:\"fld_8997460\";s:4:\"type\";s:11:\"calculation\";s:5:\"label\";s:5:\"Total\";s:4:\"slug\";s:5:\"total\";s:10:\"conditions\";a:1:{s:4:\"type\";s:0:\"\";}s:7:\"caption\";s:0:\"\";s:6:\"config\";a:13:{s:12:\"custom_class\";s:0:\"\";s:7:\"element\";s:2:\"h3\";s:7:\"classes\";s:10:\"total-line\";s:6:\"before\";s:6:\"Total:\";s:5:\"after\";s:0:\"\";s:5:\"fixed\";i:1;s:18:\"thousand_separator\";s:1:\",\";s:17:\"decimal_separator\";s:1:\".\";s:8:\"formular\";s:18:\" ( +fld_5161425 ) \";s:6:\"config\";a:1:{s:5:\"group\";a:1:{i:0;a:1:{s:5:\"lines\";a:2:{i:0;a:2:{s:8:\"operator\";s:1:\"+\";s:5:\"field\";s:0:\"\";}i:1;a:2:{s:8:\"operator\";s:1:\"+\";s:5:\"field\";s:11:\"fld_5161425\";}}}}}s:14:\"manual_formula\";s:0:\"\";s:16:\"email_identifier\";i:0;s:22:\"personally_identifying\";i:1;}}s:11:\"fld_1338703\";a:7:{s:2:\"ID\";s:11:\"fld_1338703\";s:4:\"type\";s:6:\"button\";s:5:\"label\";s:3:\"Pay\";s:4:\"slug\";s:3:\"pay\";s:10:\"conditions\";a:1:{s:4:\"type\";s:0:\"\";}s:7:\"caption\";s:0:\"\";s:6:\"config\";a:4:{s:12:\"custom_class\";s:0:\"\";s:4:\"type\";s:6:\"submit\";s:5:\"class\";s:15:\"btn btn-default\";s:6:\"target\";s:0:\"\";}}s:11:\"fld_9543042\";a:8:{s:2:\"ID\";s:11:\"fld_9543042\";s:4:\"type\";s:5:\"email\";s:5:\"label\";s:5:\"Email\";s:4:\"slug\";s:5:\"email\";s:10:\"conditions\";a:1:{s:4:\"type\";s:0:\"\";}s:8:\"required\";i:1;s:7:\"caption\";s:0:\"\";s:6:\"config\";a:5:{s:12:\"custom_class\";s:0:\"\";s:11:\"placeholder\";s:0:\"\";s:7:\"default\";s:0:\"\";s:16:\"email_identifier\";i:1;s:22:\"personally_identifying\";i:1;}}s:11:\"fld_6962552\";a:7:{s:2:\"ID\";s:11:\"fld_6962552\";s:4:\"type\";s:5:\"phone\";s:5:\"label\";s:6:\"Phone \";s:4:\"slug\";s:6:\"phone_\";s:10:\"conditions\";a:1:{s:4:\"type\";s:0:\"\";}s:7:\"caption\";s:0:\"\";s:6:\"config\";a:7:{s:12:\"custom_class\";s:0:\"\";s:11:\"placeholder\";s:0:\"\";s:7:\"default\";s:0:\"\";s:4:\"type\";s:5:\"local\";s:6:\"custom\";s:13:\"(999)999-9999\";s:16:\"email_identifier\";i:0;s:22:\"personally_identifying\";i:1;}}}s:13:\"auto_progress\";i:1;s:10:\"page_names\";a:1:{i:0;s:6:\"Page 1\";}s:6:\"mailer\";a:9:{s:9:\"on_insert\";i:1;s:11:\"sender_name\";s:26:\"Caldera Forms Notification\";s:12:\"sender_email\";s:16:\"admin@takadun.ng\";s:8:\"reply_to\";s:0:\"\";s:10:\"email_type\";s:4:\"html\";s:10:\"recipients\";s:0:\"\";s:6:\"bcc_to\";s:0:\"\";s:13:\"email_subject\";s:3:\"pay\";s:13:\"email_message\";s:9:\"{summary}\";}s:10:\"processors\";a:1:{s:11:\"fp_40249329\";a:5:{s:2:\"ID\";s:11:\"fp_40249329\";s:8:\"runtimes\";a:1:{s:6:\"insert\";i:1;}s:4:\"type\";s:23:\"cf_paystack_integration\";s:6:\"config\";a:7:{s:25:\"icfp_paystack_environment\";i:1;s:13:\"icfp_test_key\";s:0:\"\";s:13:\"icfp_live_key\";s:48:\"sk_live_286ea8563741cff0d8fea4a79b37f917aaf16924\";s:22:\"icfp_paystack_currency\";s:3:\"NGN\";s:17:\"icfp_payment_name\";s:10:\"%duration%\";s:19:\"icfp_payment_amount\";i:1;s:18:\"icfp_payment_email\";s:7:\"%email%\";}s:10:\"conditions\";a:2:{s:4:\"type\";s:3:\"use\";s:5:\"group\";a:2:{s:10:\"rw_mafmxrd\";a:1:{s:11:\"cl_kaonfbah\";a:3:{s:5:\"value\";s:10:\"opt1533135\";s:5:\"field\";s:11:\"fld_5161425\";s:7:\"compare\";s:2:\"is\";}}s:9:\"rw_sxhwnx\";a:1:{s:10:\"cl_rgpmdza\";a:3:{s:5:\"value\";s:10:\"opt1786217\";s:5:\"field\";s:11:\"fld_5161425\";s:7:\"compare\";s:2:\"is\";}}}}}}s:8:\"settings\";a:1:{s:10:\"responsive\";a:1:{s:11:\"break_point\";s:2:\"sm\";}}s:18:\"conditional_groups\";a:1:{s:10:\"conditions\";a:0:{}}s:24:\"privacy_exporter_enabled\";b:1;s:7:\"version\";s:5:\"1.9.7\";}'),
(37,'CF666abcf543136','revision','a:23:{s:2:\"ID\";s:15:\"CF666abcf543136\";s:13:\"_last_updated\";s:31:\"Sun, 16 Jun 2024 04:24:50 +0000\";s:10:\"cf_version\";s:5:\"1.9.7\";s:4:\"name\";s:3:\"pay\";s:10:\"scroll_top\";i:0;s:7:\"success\";s:60:\"Form has been successfully submitted. Thank you.												\";s:10:\"db_support\";i:1;s:6:\"pinned\";i:0;s:9:\"hide_form\";i:1;s:11:\"check_honey\";i:1;s:12:\"avatar_field\";s:0:\"\";s:9:\"form_ajax\";i:1;s:15:\"custom_callback\";s:0:\"\";s:11:\"layout_grid\";a:2:{s:6:\"fields\";a:5:{s:11:\"fld_5161425\";s:3:\"1:1\";s:11:\"fld_9543042\";s:3:\"1:1\";s:11:\"fld_6962552\";s:3:\"1:1\";s:11:\"fld_8997460\";s:3:\"2:1\";s:11:\"fld_1338703\";s:3:\"2:2\";}s:9:\"structure\";s:6:\"12|6:6\";}s:6:\"fields\";a:5:{s:11:\"fld_5161425\";a:7:{s:2:\"ID\";s:11:\"fld_5161425\";s:4:\"type\";s:8:\"dropdown\";s:5:\"label\";s:8:\"Duration\";s:4:\"slug\";s:8:\"duration\";s:10:\"conditions\";a:1:{s:4:\"type\";s:0:\"\";}s:7:\"caption\";s:0:\"\";s:6:\"config\";a:15:{s:12:\"custom_class\";s:0:\"\";s:11:\"placeholder\";s:0:\"\";s:14:\"default_option\";s:0:\"\";s:9:\"auto_type\";s:0:\"\";s:8:\"taxonomy\";s:8:\"category\";s:9:\"post_type\";s:4:\"post\";s:11:\"value_field\";s:4:\"name\";s:11:\"orderby_tax\";s:4:\"name\";s:12:\"orderby_post\";s:4:\"name\";s:5:\"order\";s:3:\"ASC\";s:7:\"default\";s:0:\"\";s:11:\"show_values\";i:1;s:6:\"option\";a:2:{s:10:\"opt1533135\";a:3:{s:10:\"calc_value\";s:7:\"5000.00\";s:5:\"value\";s:7:\"5000.00\";s:5:\"label\";s:6:\"Yearly\";}s:10:\"opt1786217\";a:3:{s:10:\"calc_value\";s:7:\"2000.00\";s:5:\"value\";s:7:\"2000.00\";s:5:\"label\";s:6:\"Termly\";}}s:16:\"email_identifier\";i:0;s:22:\"personally_identifying\";i:1;}}s:11:\"fld_8997460\";a:8:{s:2:\"ID\";s:11:\"fld_8997460\";s:4:\"type\";s:11:\"calculation\";s:5:\"label\";s:7:\"Amount \";s:4:\"slug\";s:7:\"amount_\";s:10:\"conditions\";a:1:{s:4:\"type\";s:0:\"\";}s:7:\"caption\";s:0:\"\";s:10:\"entry_list\";i:1;s:6:\"config\";a:13:{s:12:\"custom_class\";s:0:\"\";s:7:\"element\";s:2:\"h3\";s:7:\"classes\";s:10:\"total-line\";s:6:\"before\";s:6:\"Total:\";s:5:\"after\";s:0:\"\";s:5:\"fixed\";i:1;s:18:\"thousand_separator\";s:1:\",\";s:17:\"decimal_separator\";s:1:\".\";s:8:\"formular\";s:18:\" ( +fld_5161425 ) \";s:6:\"config\";a:1:{s:5:\"group\";a:1:{i:0;a:1:{s:5:\"lines\";a:2:{i:0;a:2:{s:8:\"operator\";s:1:\"+\";s:5:\"field\";s:0:\"\";}i:1;a:2:{s:8:\"operator\";s:1:\"+\";s:5:\"field\";s:11:\"fld_5161425\";}}}}}s:14:\"manual_formula\";s:0:\"\";s:16:\"email_identifier\";i:0;s:22:\"personally_identifying\";i:1;}}s:11:\"fld_1338703\";a:7:{s:2:\"ID\";s:11:\"fld_1338703\";s:4:\"type\";s:6:\"button\";s:5:\"label\";s:3:\"Pay\";s:4:\"slug\";s:3:\"pay\";s:10:\"conditions\";a:1:{s:4:\"type\";s:0:\"\";}s:7:\"caption\";s:0:\"\";s:6:\"config\";a:4:{s:12:\"custom_class\";s:0:\"\";s:4:\"type\";s:6:\"submit\";s:5:\"class\";s:15:\"btn btn-default\";s:6:\"target\";s:0:\"\";}}s:11:\"fld_9543042\";a:8:{s:2:\"ID\";s:11:\"fld_9543042\";s:4:\"type\";s:5:\"email\";s:5:\"label\";s:5:\"Email\";s:4:\"slug\";s:5:\"email\";s:10:\"conditions\";a:1:{s:4:\"type\";s:0:\"\";}s:8:\"required\";i:1;s:7:\"caption\";s:0:\"\";s:6:\"config\";a:5:{s:12:\"custom_class\";s:0:\"\";s:11:\"placeholder\";s:0:\"\";s:7:\"default\";s:0:\"\";s:16:\"email_identifier\";i:1;s:22:\"personally_identifying\";i:1;}}s:11:\"fld_6962552\";a:7:{s:2:\"ID\";s:11:\"fld_6962552\";s:4:\"type\";s:5:\"phone\";s:5:\"label\";s:6:\"Phone \";s:4:\"slug\";s:6:\"phone_\";s:10:\"conditions\";a:1:{s:4:\"type\";s:0:\"\";}s:7:\"caption\";s:0:\"\";s:6:\"config\";a:7:{s:12:\"custom_class\";s:0:\"\";s:11:\"placeholder\";s:0:\"\";s:7:\"default\";s:0:\"\";s:4:\"type\";s:5:\"local\";s:6:\"custom\";s:13:\"(999)999-9999\";s:16:\"email_identifier\";i:0;s:22:\"personally_identifying\";i:1;}}}s:13:\"auto_progress\";i:1;s:10:\"page_names\";a:1:{i:0;s:6:\"Page 1\";}s:6:\"mailer\";a:9:{s:9:\"on_insert\";i:1;s:11:\"sender_name\";s:26:\"Caldera Forms Notification\";s:12:\"sender_email\";s:16:\"admin@takadun.ng\";s:8:\"reply_to\";s:0:\"\";s:10:\"email_type\";s:4:\"html\";s:10:\"recipients\";s:0:\"\";s:6:\"bcc_to\";s:0:\"\";s:13:\"email_subject\";s:3:\"pay\";s:13:\"email_message\";s:9:\"{summary}\";}s:10:\"processors\";a:1:{s:11:\"fp_40249329\";a:5:{s:2:\"ID\";s:11:\"fp_40249329\";s:8:\"runtimes\";a:1:{s:6:\"insert\";i:1;}s:4:\"type\";s:23:\"cf_paystack_integration\";s:6:\"config\";a:7:{s:25:\"icfp_paystack_environment\";i:1;s:13:\"icfp_test_key\";s:0:\"\";s:13:\"icfp_live_key\";s:48:\"sk_live_286ea8563741cff0d8fea4a79b37f917aaf16924\";s:22:\"icfp_paystack_currency\";s:3:\"NGN\";s:17:\"icfp_payment_name\";s:10:\"%duration%\";s:19:\"icfp_payment_amount\";i:1;s:18:\"icfp_payment_email\";s:7:\"%email%\";}s:10:\"conditions\";a:2:{s:4:\"type\";s:3:\"use\";s:5:\"group\";a:2:{s:10:\"rw_mafmxrd\";a:1:{s:11:\"cl_kaonfbah\";a:3:{s:5:\"value\";s:10:\"opt1533135\";s:5:\"field\";s:11:\"fld_5161425\";s:7:\"compare\";s:2:\"is\";}}s:9:\"rw_sxhwnx\";a:1:{s:10:\"cl_rgpmdza\";a:3:{s:5:\"value\";s:10:\"opt1786217\";s:5:\"field\";s:11:\"fld_5161425\";s:7:\"compare\";s:2:\"is\";}}}}}}s:8:\"settings\";a:1:{s:10:\"responsive\";a:1:{s:11:\"break_point\";s:2:\"sm\";}}s:18:\"conditional_groups\";a:1:{s:10:\"conditions\";a:0:{}}s:24:\"privacy_exporter_enabled\";b:1;s:7:\"version\";s:5:\"1.9.7\";}'),
(38,'CF666abcf543136','revision','a:23:{s:2:\"ID\";s:15:\"CF666abcf543136\";s:13:\"_last_updated\";s:31:\"Sun, 16 Jun 2024 04:26:12 +0000\";s:10:\"cf_version\";s:5:\"1.9.7\";s:4:\"name\";s:3:\"pay\";s:10:\"scroll_top\";i:0;s:7:\"success\";s:60:\"Form has been successfully submitted. Thank you.												\";s:10:\"db_support\";i:1;s:6:\"pinned\";i:0;s:9:\"hide_form\";i:1;s:11:\"check_honey\";i:1;s:12:\"avatar_field\";s:0:\"\";s:9:\"form_ajax\";i:1;s:15:\"custom_callback\";s:0:\"\";s:11:\"layout_grid\";a:2:{s:6:\"fields\";a:5:{s:11:\"fld_5161425\";s:3:\"1:1\";s:11:\"fld_9543042\";s:3:\"1:1\";s:11:\"fld_6962552\";s:3:\"1:1\";s:11:\"fld_8997460\";s:3:\"2:1\";s:11:\"fld_1338703\";s:3:\"2:2\";}s:9:\"structure\";s:6:\"12|6:6\";}s:6:\"fields\";a:5:{s:11:\"fld_5161425\";a:7:{s:2:\"ID\";s:11:\"fld_5161425\";s:4:\"type\";s:8:\"dropdown\";s:5:\"label\";s:8:\"Duration\";s:4:\"slug\";s:8:\"duration\";s:10:\"conditions\";a:1:{s:4:\"type\";s:0:\"\";}s:7:\"caption\";s:0:\"\";s:6:\"config\";a:15:{s:12:\"custom_class\";s:0:\"\";s:11:\"placeholder\";s:0:\"\";s:14:\"default_option\";s:0:\"\";s:9:\"auto_type\";s:0:\"\";s:8:\"taxonomy\";s:8:\"category\";s:9:\"post_type\";s:4:\"post\";s:11:\"value_field\";s:4:\"name\";s:11:\"orderby_tax\";s:4:\"name\";s:12:\"orderby_post\";s:4:\"name\";s:5:\"order\";s:3:\"ASC\";s:7:\"default\";s:0:\"\";s:11:\"show_values\";i:1;s:6:\"option\";a:2:{s:10:\"opt1533135\";a:3:{s:10:\"calc_value\";s:7:\"5000.00\";s:5:\"value\";s:7:\"5000.00\";s:5:\"label\";s:6:\"Yearly\";}s:10:\"opt1786217\";a:3:{s:10:\"calc_value\";s:7:\"2000.00\";s:5:\"value\";s:7:\"2000.00\";s:5:\"label\";s:6:\"Termly\";}}s:16:\"email_identifier\";i:0;s:22:\"personally_identifying\";i:1;}}s:11:\"fld_8997460\";a:8:{s:2:\"ID\";s:11:\"fld_8997460\";s:4:\"type\";s:11:\"calculation\";s:5:\"label\";s:7:\"Amount \";s:4:\"slug\";s:7:\"amount_\";s:10:\"conditions\";a:1:{s:4:\"type\";s:0:\"\";}s:7:\"caption\";s:0:\"\";s:10:\"entry_list\";i:1;s:6:\"config\";a:13:{s:12:\"custom_class\";s:0:\"\";s:7:\"element\";s:2:\"h3\";s:7:\"classes\";s:10:\"total-line\";s:6:\"before\";s:6:\"Total:\";s:5:\"after\";s:0:\"\";s:5:\"fixed\";i:1;s:18:\"thousand_separator\";s:1:\",\";s:17:\"decimal_separator\";s:1:\".\";s:8:\"formular\";s:18:\" ( +fld_5161425 ) \";s:6:\"config\";a:1:{s:5:\"group\";a:1:{i:0;a:1:{s:5:\"lines\";a:2:{i:0;a:2:{s:8:\"operator\";s:1:\"+\";s:5:\"field\";s:0:\"\";}i:1;a:2:{s:8:\"operator\";s:1:\"+\";s:5:\"field\";s:11:\"fld_5161425\";}}}}}s:14:\"manual_formula\";s:0:\"\";s:16:\"email_identifier\";i:0;s:22:\"personally_identifying\";i:1;}}s:11:\"fld_1338703\";a:7:{s:2:\"ID\";s:11:\"fld_1338703\";s:4:\"type\";s:6:\"button\";s:5:\"label\";s:3:\"Pay\";s:4:\"slug\";s:3:\"pay\";s:10:\"conditions\";a:1:{s:4:\"type\";s:0:\"\";}s:7:\"caption\";s:0:\"\";s:6:\"config\";a:4:{s:12:\"custom_class\";s:0:\"\";s:4:\"type\";s:6:\"submit\";s:5:\"class\";s:15:\"btn btn-default\";s:6:\"target\";s:0:\"\";}}s:11:\"fld_9543042\";a:8:{s:2:\"ID\";s:11:\"fld_9543042\";s:4:\"type\";s:5:\"email\";s:5:\"label\";s:5:\"Email\";s:4:\"slug\";s:5:\"email\";s:10:\"conditions\";a:1:{s:4:\"type\";s:0:\"\";}s:8:\"required\";i:1;s:7:\"caption\";s:0:\"\";s:6:\"config\";a:5:{s:12:\"custom_class\";s:0:\"\";s:11:\"placeholder\";s:0:\"\";s:7:\"default\";s:0:\"\";s:16:\"email_identifier\";i:1;s:22:\"personally_identifying\";i:1;}}s:11:\"fld_6962552\";a:7:{s:2:\"ID\";s:11:\"fld_6962552\";s:4:\"type\";s:5:\"phone\";s:5:\"label\";s:6:\"Phone \";s:4:\"slug\";s:6:\"phone_\";s:10:\"conditions\";a:1:{s:4:\"type\";s:0:\"\";}s:7:\"caption\";s:0:\"\";s:6:\"config\";a:7:{s:12:\"custom_class\";s:0:\"\";s:11:\"placeholder\";s:0:\"\";s:7:\"default\";s:0:\"\";s:4:\"type\";s:5:\"local\";s:6:\"custom\";s:13:\"(999)999-9999\";s:16:\"email_identifier\";i:0;s:22:\"personally_identifying\";i:1;}}}s:13:\"auto_progress\";i:1;s:10:\"page_names\";a:1:{i:0;s:6:\"Page 1\";}s:6:\"mailer\";a:9:{s:9:\"on_insert\";i:1;s:11:\"sender_name\";s:26:\"Caldera Forms Notification\";s:12:\"sender_email\";s:16:\"admin@takadun.ng\";s:8:\"reply_to\";s:0:\"\";s:10:\"email_type\";s:4:\"html\";s:10:\"recipients\";s:0:\"\";s:6:\"bcc_to\";s:0:\"\";s:13:\"email_subject\";s:3:\"pay\";s:13:\"email_message\";s:9:\"{summary}\";}s:10:\"processors\";a:1:{s:11:\"fp_40249329\";a:5:{s:2:\"ID\";s:11:\"fp_40249329\";s:8:\"runtimes\";a:1:{s:6:\"insert\";i:1;}s:4:\"type\";s:23:\"cf_paystack_integration\";s:6:\"config\";a:7:{s:25:\"icfp_paystack_environment\";i:1;s:13:\"icfp_test_key\";s:0:\"\";s:13:\"icfp_live_key\";s:48:\"sk_live_286ea8563741cff0d8fea4a79b37f917aaf16924\";s:22:\"icfp_paystack_currency\";s:3:\"NGN\";s:17:\"icfp_payment_name\";s:10:\"%duration%\";s:19:\"icfp_payment_amount\";i:2;s:18:\"icfp_payment_email\";s:7:\"%email%\";}s:10:\"conditions\";a:2:{s:4:\"type\";s:3:\"use\";s:5:\"group\";a:2:{s:10:\"rw_mafmxrd\";a:1:{s:11:\"cl_kaonfbah\";a:3:{s:5:\"value\";s:10:\"opt1533135\";s:5:\"field\";s:11:\"fld_5161425\";s:7:\"compare\";s:2:\"is\";}}s:9:\"rw_sxhwnx\";a:1:{s:10:\"cl_rgpmdza\";a:3:{s:5:\"value\";s:10:\"opt1786217\";s:5:\"field\";s:11:\"fld_5161425\";s:7:\"compare\";s:2:\"is\";}}}}}}s:8:\"settings\";a:1:{s:10:\"responsive\";a:1:{s:11:\"break_point\";s:2:\"sm\";}}s:18:\"conditional_groups\";a:1:{s:10:\"conditions\";a:0:{}}s:24:\"privacy_exporter_enabled\";b:1;s:7:\"version\";s:5:\"1.9.7\";}'),
(39,'CF666abcf543136','revision','a:23:{s:2:\"ID\";s:15:\"CF666abcf543136\";s:13:\"_last_updated\";s:31:\"Sun, 16 Jun 2024 04:29:09 +0000\";s:10:\"cf_version\";s:5:\"1.9.7\";s:4:\"name\";s:3:\"pay\";s:10:\"scroll_top\";i:0;s:7:\"success\";s:60:\"Form has been successfully submitted. Thank you.												\";s:10:\"db_support\";i:1;s:6:\"pinned\";i:0;s:9:\"hide_form\";i:1;s:11:\"check_honey\";i:1;s:12:\"avatar_field\";s:0:\"\";s:9:\"form_ajax\";i:1;s:15:\"custom_callback\";s:0:\"\";s:11:\"layout_grid\";a:2:{s:6:\"fields\";a:6:{s:11:\"fld_5161425\";s:3:\"1:1\";s:11:\"fld_9543042\";s:3:\"1:1\";s:11:\"fld_6962552\";s:3:\"1:1\";s:11:\"fld_8997460\";s:3:\"2:1\";s:11:\"fld_1338703\";s:3:\"2:2\";s:11:\"fld_9279803\";s:3:\"2:2\";}s:9:\"structure\";s:6:\"12|6:6\";}s:6:\"fields\";a:6:{s:11:\"fld_5161425\";a:7:{s:2:\"ID\";s:11:\"fld_5161425\";s:4:\"type\";s:8:\"dropdown\";s:5:\"label\";s:8:\"Duration\";s:4:\"slug\";s:8:\"duration\";s:10:\"conditions\";a:1:{s:4:\"type\";s:0:\"\";}s:7:\"caption\";s:0:\"\";s:6:\"config\";a:15:{s:12:\"custom_class\";s:0:\"\";s:11:\"placeholder\";s:0:\"\";s:14:\"default_option\";s:0:\"\";s:9:\"auto_type\";s:0:\"\";s:8:\"taxonomy\";s:8:\"category\";s:9:\"post_type\";s:4:\"post\";s:11:\"value_field\";s:4:\"name\";s:11:\"orderby_tax\";s:4:\"name\";s:12:\"orderby_post\";s:4:\"name\";s:5:\"order\";s:3:\"ASC\";s:7:\"default\";s:0:\"\";s:11:\"show_values\";i:1;s:6:\"option\";a:2:{s:10:\"opt1533135\";a:3:{s:10:\"calc_value\";s:7:\"5000.00\";s:5:\"value\";s:7:\"5000.00\";s:5:\"label\";s:6:\"Yearly\";}s:10:\"opt1786217\";a:3:{s:10:\"calc_value\";s:7:\"2000.00\";s:5:\"value\";s:7:\"2000.00\";s:5:\"label\";s:6:\"Termly\";}}s:16:\"email_identifier\";i:0;s:22:\"personally_identifying\";i:1;}}s:11:\"fld_8997460\";a:8:{s:2:\"ID\";s:11:\"fld_8997460\";s:4:\"type\";s:11:\"calculation\";s:5:\"label\";s:7:\"Amount \";s:4:\"slug\";s:7:\"amount_\";s:10:\"conditions\";a:1:{s:4:\"type\";s:0:\"\";}s:7:\"caption\";s:0:\"\";s:10:\"entry_list\";i:1;s:6:\"config\";a:13:{s:12:\"custom_class\";s:0:\"\";s:7:\"element\";s:2:\"h3\";s:7:\"classes\";s:10:\"total-line\";s:6:\"before\";s:6:\"Total:\";s:5:\"after\";s:0:\"\";s:5:\"fixed\";i:1;s:18:\"thousand_separator\";s:1:\",\";s:17:\"decimal_separator\";s:1:\".\";s:8:\"formular\";s:18:\" ( +fld_5161425 ) \";s:6:\"config\";a:1:{s:5:\"group\";a:1:{i:0;a:1:{s:5:\"lines\";a:2:{i:0;a:2:{s:8:\"operator\";s:1:\"+\";s:5:\"field\";s:0:\"\";}i:1;a:2:{s:8:\"operator\";s:1:\"+\";s:5:\"field\";s:11:\"fld_5161425\";}}}}}s:14:\"manual_formula\";s:0:\"\";s:16:\"email_identifier\";i:0;s:22:\"personally_identifying\";i:1;}}s:11:\"fld_1338703\";a:7:{s:2:\"ID\";s:11:\"fld_1338703\";s:4:\"type\";s:6:\"button\";s:5:\"label\";s:3:\"Pay\";s:4:\"slug\";s:3:\"pay\";s:10:\"conditions\";a:1:{s:4:\"type\";s:0:\"\";}s:7:\"caption\";s:0:\"\";s:6:\"config\";a:4:{s:12:\"custom_class\";s:0:\"\";s:4:\"type\";s:6:\"submit\";s:5:\"class\";s:15:\"btn btn-default\";s:6:\"target\";s:0:\"\";}}s:11:\"fld_9543042\";a:8:{s:2:\"ID\";s:11:\"fld_9543042\";s:4:\"type\";s:5:\"email\";s:5:\"label\";s:5:\"Email\";s:4:\"slug\";s:5:\"email\";s:10:\"conditions\";a:1:{s:4:\"type\";s:0:\"\";}s:8:\"required\";i:1;s:7:\"caption\";s:0:\"\";s:6:\"config\";a:5:{s:12:\"custom_class\";s:0:\"\";s:11:\"placeholder\";s:0:\"\";s:7:\"default\";s:0:\"\";s:16:\"email_identifier\";i:1;s:22:\"personally_identifying\";i:1;}}s:11:\"fld_6962552\";a:7:{s:2:\"ID\";s:11:\"fld_6962552\";s:4:\"type\";s:5:\"phone\";s:5:\"label\";s:6:\"Phone \";s:4:\"slug\";s:6:\"phone_\";s:10:\"conditions\";a:1:{s:4:\"type\";s:0:\"\";}s:7:\"caption\";s:0:\"\";s:6:\"config\";a:7:{s:12:\"custom_class\";s:0:\"\";s:11:\"placeholder\";s:0:\"\";s:7:\"default\";s:0:\"\";s:4:\"type\";s:5:\"local\";s:6:\"custom\";s:13:\"(999)999-9999\";s:16:\"email_identifier\";i:0;s:22:\"personally_identifying\";i:1;}}s:11:\"fld_9279803\";a:7:{s:2:\"ID\";s:11:\"fld_9279803\";s:4:\"type\";s:6:\"hidden\";s:5:\"label\";s:2:\"uy\";s:4:\"slug\";s:2:\"uy\";s:10:\"conditions\";a:1:{s:4:\"type\";s:0:\"\";}s:7:\"caption\";s:0:\"\";s:6:\"config\";a:4:{s:12:\"custom_class\";s:0:\"\";s:7:\"default\";s:9:\"%amount_%\";s:16:\"email_identifier\";i:0;s:22:\"personally_identifying\";i:0;}}}s:13:\"auto_progress\";i:1;s:10:\"page_names\";a:1:{i:0;s:6:\"Page 1\";}s:6:\"mailer\";a:9:{s:9:\"on_insert\";i:1;s:11:\"sender_name\";s:26:\"Caldera Forms Notification\";s:12:\"sender_email\";s:16:\"admin@takadun.ng\";s:8:\"reply_to\";s:0:\"\";s:10:\"email_type\";s:4:\"html\";s:10:\"recipients\";s:0:\"\";s:6:\"bcc_to\";s:0:\"\";s:13:\"email_subject\";s:3:\"pay\";s:13:\"email_message\";s:9:\"{summary}\";}s:10:\"processors\";a:1:{s:11:\"fp_40249329\";a:5:{s:2:\"ID\";s:11:\"fp_40249329\";s:8:\"runtimes\";a:1:{s:6:\"insert\";i:1;}s:4:\"type\";s:23:\"cf_paystack_integration\";s:6:\"config\";a:7:{s:25:\"icfp_paystack_environment\";i:1;s:13:\"icfp_test_key\";s:0:\"\";s:13:\"icfp_live_key\";s:48:\"sk_live_286ea8563741cff0d8fea4a79b37f917aaf16924\";s:22:\"icfp_paystack_currency\";s:3:\"NGN\";s:17:\"icfp_payment_name\";s:10:\"%duration%\";s:19:\"icfp_payment_amount\";i:7788;s:18:\"icfp_payment_email\";s:7:\"%email%\";}s:10:\"conditions\";a:2:{s:4:\"type\";s:3:\"use\";s:5:\"group\";a:2:{s:10:\"rw_mafmxrd\";a:1:{s:11:\"cl_kaonfbah\";a:3:{s:5:\"value\";s:10:\"opt1533135\";s:5:\"field\";s:11:\"fld_5161425\";s:7:\"compare\";s:2:\"is\";}}s:9:\"rw_sxhwnx\";a:1:{s:10:\"cl_rgpmdza\";a:3:{s:5:\"value\";s:10:\"opt1786217\";s:5:\"field\";s:11:\"fld_5161425\";s:7:\"compare\";s:2:\"is\";}}}}}}s:8:\"settings\";a:1:{s:10:\"responsive\";a:1:{s:11:\"break_point\";s:2:\"sm\";}}s:18:\"conditional_groups\";a:1:{s:10:\"conditions\";a:0:{}}s:24:\"privacy_exporter_enabled\";b:1;s:7:\"version\";s:5:\"1.9.7\";}'),
(40,'CF666abcf543136','revision','a:23:{s:2:\"ID\";s:15:\"CF666abcf543136\";s:13:\"_last_updated\";s:31:\"Sun, 16 Jun 2024 04:29:57 +0000\";s:10:\"cf_version\";s:5:\"1.9.7\";s:4:\"name\";s:3:\"pay\";s:10:\"scroll_top\";i:0;s:7:\"success\";s:60:\"Form has been successfully submitted. Thank you.												\";s:10:\"db_support\";i:1;s:6:\"pinned\";i:0;s:9:\"hide_form\";i:1;s:11:\"check_honey\";i:1;s:12:\"avatar_field\";s:0:\"\";s:9:\"form_ajax\";i:1;s:15:\"custom_callback\";s:0:\"\";s:11:\"layout_grid\";a:2:{s:6:\"fields\";a:6:{s:11:\"fld_5161425\";s:3:\"1:1\";s:11:\"fld_9543042\";s:3:\"1:1\";s:11:\"fld_6962552\";s:3:\"1:1\";s:11:\"fld_8997460\";s:3:\"2:1\";s:11:\"fld_1338703\";s:3:\"2:2\";s:11:\"fld_9279803\";s:3:\"2:2\";}s:9:\"structure\";s:6:\"12|6:6\";}s:6:\"fields\";a:6:{s:11:\"fld_5161425\";a:7:{s:2:\"ID\";s:11:\"fld_5161425\";s:4:\"type\";s:8:\"dropdown\";s:5:\"label\";s:8:\"Duration\";s:4:\"slug\";s:8:\"duration\";s:10:\"conditions\";a:1:{s:4:\"type\";s:0:\"\";}s:7:\"caption\";s:0:\"\";s:6:\"config\";a:15:{s:12:\"custom_class\";s:0:\"\";s:11:\"placeholder\";s:0:\"\";s:14:\"default_option\";s:0:\"\";s:9:\"auto_type\";s:0:\"\";s:8:\"taxonomy\";s:8:\"category\";s:9:\"post_type\";s:4:\"post\";s:11:\"value_field\";s:4:\"name\";s:11:\"orderby_tax\";s:4:\"name\";s:12:\"orderby_post\";s:4:\"name\";s:5:\"order\";s:3:\"ASC\";s:7:\"default\";s:0:\"\";s:11:\"show_values\";i:1;s:6:\"option\";a:2:{s:10:\"opt1533135\";a:3:{s:10:\"calc_value\";s:7:\"5000.00\";s:5:\"value\";s:7:\"5000.00\";s:5:\"label\";s:6:\"Yearly\";}s:10:\"opt1786217\";a:3:{s:10:\"calc_value\";s:7:\"2000.00\";s:5:\"value\";s:7:\"2000.00\";s:5:\"label\";s:6:\"Termly\";}}s:16:\"email_identifier\";i:0;s:22:\"personally_identifying\";i:1;}}s:11:\"fld_8997460\";a:8:{s:2:\"ID\";s:11:\"fld_8997460\";s:4:\"type\";s:11:\"calculation\";s:5:\"label\";s:7:\"Amount \";s:4:\"slug\";s:7:\"amount_\";s:10:\"conditions\";a:1:{s:4:\"type\";s:0:\"\";}s:7:\"caption\";s:0:\"\";s:10:\"entry_list\";i:1;s:6:\"config\";a:13:{s:12:\"custom_class\";s:0:\"\";s:7:\"element\";s:2:\"h3\";s:7:\"classes\";s:10:\"total-line\";s:6:\"before\";s:6:\"Total:\";s:5:\"after\";s:0:\"\";s:5:\"fixed\";i:1;s:18:\"thousand_separator\";s:1:\",\";s:17:\"decimal_separator\";s:1:\".\";s:8:\"formular\";s:18:\" ( +fld_5161425 ) \";s:6:\"config\";a:1:{s:5:\"group\";a:1:{i:0;a:1:{s:5:\"lines\";a:2:{i:0;a:2:{s:8:\"operator\";s:1:\"+\";s:5:\"field\";s:0:\"\";}i:1;a:2:{s:8:\"operator\";s:1:\"+\";s:5:\"field\";s:11:\"fld_5161425\";}}}}}s:14:\"manual_formula\";s:0:\"\";s:16:\"email_identifier\";i:0;s:22:\"personally_identifying\";i:1;}}s:11:\"fld_1338703\";a:7:{s:2:\"ID\";s:11:\"fld_1338703\";s:4:\"type\";s:6:\"button\";s:5:\"label\";s:3:\"Pay\";s:4:\"slug\";s:3:\"pay\";s:10:\"conditions\";a:1:{s:4:\"type\";s:0:\"\";}s:7:\"caption\";s:0:\"\";s:6:\"config\";a:4:{s:12:\"custom_class\";s:0:\"\";s:4:\"type\";s:6:\"submit\";s:5:\"class\";s:15:\"btn btn-default\";s:6:\"target\";s:0:\"\";}}s:11:\"fld_9543042\";a:8:{s:2:\"ID\";s:11:\"fld_9543042\";s:4:\"type\";s:5:\"email\";s:5:\"label\";s:5:\"Email\";s:4:\"slug\";s:5:\"email\";s:10:\"conditions\";a:1:{s:4:\"type\";s:0:\"\";}s:8:\"required\";i:1;s:7:\"caption\";s:0:\"\";s:6:\"config\";a:5:{s:12:\"custom_class\";s:0:\"\";s:11:\"placeholder\";s:0:\"\";s:7:\"default\";s:0:\"\";s:16:\"email_identifier\";i:1;s:22:\"personally_identifying\";i:1;}}s:11:\"fld_6962552\";a:7:{s:2:\"ID\";s:11:\"fld_6962552\";s:4:\"type\";s:5:\"phone\";s:5:\"label\";s:6:\"Phone \";s:4:\"slug\";s:6:\"phone_\";s:10:\"conditions\";a:1:{s:4:\"type\";s:0:\"\";}s:7:\"caption\";s:0:\"\";s:6:\"config\";a:7:{s:12:\"custom_class\";s:0:\"\";s:11:\"placeholder\";s:0:\"\";s:7:\"default\";s:0:\"\";s:4:\"type\";s:5:\"local\";s:6:\"custom\";s:13:\"(999)999-9999\";s:16:\"email_identifier\";i:0;s:22:\"personally_identifying\";i:1;}}s:11:\"fld_9279803\";a:7:{s:2:\"ID\";s:11:\"fld_9279803\";s:4:\"type\";s:6:\"hidden\";s:5:\"label\";s:2:\"uy\";s:4:\"slug\";s:2:\"uy\";s:10:\"conditions\";a:1:{s:4:\"type\";s:0:\"\";}s:7:\"caption\";s:0:\"\";s:6:\"config\";a:4:{s:12:\"custom_class\";s:0:\"\";s:7:\"default\";s:9:\"%amount_%\";s:16:\"email_identifier\";i:0;s:22:\"personally_identifying\";i:0;}}}s:13:\"auto_progress\";i:1;s:10:\"page_names\";a:1:{i:0;s:6:\"Page 1\";}s:6:\"mailer\";a:9:{s:9:\"on_insert\";i:1;s:11:\"sender_name\";s:26:\"Caldera Forms Notification\";s:12:\"sender_email\";s:16:\"admin@takadun.ng\";s:8:\"reply_to\";s:0:\"\";s:10:\"email_type\";s:4:\"html\";s:10:\"recipients\";s:0:\"\";s:6:\"bcc_to\";s:0:\"\";s:13:\"email_subject\";s:3:\"pay\";s:13:\"email_message\";s:9:\"{summary}\";}s:10:\"processors\";a:1:{s:11:\"fp_40249329\";a:5:{s:2:\"ID\";s:11:\"fp_40249329\";s:8:\"runtimes\";a:1:{s:6:\"insert\";i:1;}s:4:\"type\";s:23:\"cf_paystack_integration\";s:6:\"config\";a:7:{s:25:\"icfp_paystack_environment\";i:1;s:13:\"icfp_test_key\";s:0:\"\";s:13:\"icfp_live_key\";s:48:\"sk_live_286ea8563741cff0d8fea4a79b37f917aaf16924\";s:22:\"icfp_paystack_currency\";s:3:\"NGN\";s:17:\"icfp_payment_name\";s:10:\"%duration%\";s:19:\"icfp_payment_amount\";i:4;s:18:\"icfp_payment_email\";s:7:\"%email%\";}s:10:\"conditions\";a:2:{s:4:\"type\";s:3:\"use\";s:5:\"group\";a:2:{s:10:\"rw_mafmxrd\";a:1:{s:11:\"cl_kaonfbah\";a:3:{s:5:\"value\";s:10:\"opt1533135\";s:5:\"field\";s:11:\"fld_5161425\";s:7:\"compare\";s:2:\"is\";}}s:9:\"rw_sxhwnx\";a:1:{s:10:\"cl_rgpmdza\";a:3:{s:5:\"value\";s:10:\"opt1786217\";s:5:\"field\";s:11:\"fld_5161425\";s:7:\"compare\";s:2:\"is\";}}}}}}s:8:\"settings\";a:1:{s:10:\"responsive\";a:1:{s:11:\"break_point\";s:2:\"sm\";}}s:18:\"conditional_groups\";a:1:{s:10:\"conditions\";a:0:{}}s:24:\"privacy_exporter_enabled\";b:1;s:7:\"version\";s:5:\"1.9.7\";}'),
(41,'CF666abcf543136','revision','a:24:{s:2:\"ID\";s:15:\"CF666abcf543136\";s:13:\"_last_updated\";s:31:\"Sun, 16 Jun 2024 04:31:16 +0000\";s:10:\"cf_version\";s:5:\"1.9.7\";s:4:\"name\";s:3:\"pay\";s:10:\"scroll_top\";i:0;s:7:\"success\";s:60:\"Form has been successfully submitted. Thank you.												\";s:10:\"db_support\";i:1;s:6:\"pinned\";i:0;s:9:\"hide_form\";i:1;s:11:\"check_honey\";i:1;s:12:\"avatar_field\";s:0:\"\";s:9:\"form_ajax\";i:1;s:15:\"custom_callback\";s:0:\"\";s:11:\"layout_grid\";a:2:{s:6:\"fields\";a:6:{s:11:\"fld_5161425\";s:3:\"1:1\";s:11:\"fld_9543042\";s:3:\"1:1\";s:11:\"fld_6962552\";s:3:\"1:1\";s:11:\"fld_8997460\";s:3:\"2:1\";s:11:\"fld_1338703\";s:3:\"2:2\";s:11:\"fld_9279803\";s:3:\"2:2\";}s:9:\"structure\";s:6:\"12|6:6\";}s:6:\"fields\";a:6:{s:11:\"fld_5161425\";a:7:{s:2:\"ID\";s:11:\"fld_5161425\";s:4:\"type\";s:8:\"dropdown\";s:5:\"label\";s:8:\"Duration\";s:4:\"slug\";s:8:\"duration\";s:10:\"conditions\";a:1:{s:4:\"type\";s:0:\"\";}s:7:\"caption\";s:0:\"\";s:6:\"config\";a:15:{s:12:\"custom_class\";s:0:\"\";s:11:\"placeholder\";s:0:\"\";s:14:\"default_option\";s:0:\"\";s:9:\"auto_type\";s:0:\"\";s:8:\"taxonomy\";s:8:\"category\";s:9:\"post_type\";s:4:\"post\";s:11:\"value_field\";s:4:\"name\";s:11:\"orderby_tax\";s:4:\"name\";s:12:\"orderby_post\";s:4:\"name\";s:5:\"order\";s:3:\"ASC\";s:7:\"default\";s:0:\"\";s:11:\"show_values\";i:1;s:6:\"option\";a:2:{s:10:\"opt1533135\";a:3:{s:10:\"calc_value\";s:7:\"5000.00\";s:5:\"value\";s:7:\"5000.00\";s:5:\"label\";s:6:\"Yearly\";}s:10:\"opt1786217\";a:3:{s:10:\"calc_value\";s:7:\"2000.00\";s:5:\"value\";s:7:\"2000.00\";s:5:\"label\";s:6:\"Termly\";}}s:16:\"email_identifier\";i:0;s:22:\"personally_identifying\";i:1;}}s:11:\"fld_8997460\";a:8:{s:2:\"ID\";s:11:\"fld_8997460\";s:4:\"type\";s:11:\"calculation\";s:5:\"label\";s:7:\"Amount \";s:4:\"slug\";s:7:\"amount_\";s:10:\"conditions\";a:1:{s:4:\"type\";s:0:\"\";}s:7:\"caption\";s:0:\"\";s:10:\"entry_list\";i:1;s:6:\"config\";a:13:{s:12:\"custom_class\";s:0:\"\";s:7:\"element\";s:2:\"h3\";s:7:\"classes\";s:10:\"total-line\";s:6:\"before\";s:6:\"Total:\";s:5:\"after\";s:0:\"\";s:5:\"fixed\";i:1;s:18:\"thousand_separator\";s:1:\",\";s:17:\"decimal_separator\";s:1:\".\";s:8:\"formular\";s:18:\" ( +fld_5161425 ) \";s:6:\"config\";a:1:{s:5:\"group\";a:1:{i:0;a:1:{s:5:\"lines\";a:2:{i:0;a:2:{s:8:\"operator\";s:1:\"+\";s:5:\"field\";s:0:\"\";}i:1;a:2:{s:8:\"operator\";s:1:\"+\";s:5:\"field\";s:11:\"fld_5161425\";}}}}}s:14:\"manual_formula\";s:0:\"\";s:16:\"email_identifier\";i:0;s:22:\"personally_identifying\";i:1;}}s:11:\"fld_1338703\";a:7:{s:2:\"ID\";s:11:\"fld_1338703\";s:4:\"type\";s:6:\"button\";s:5:\"label\";s:3:\"Pay\";s:4:\"slug\";s:3:\"pay\";s:10:\"conditions\";a:1:{s:4:\"type\";s:0:\"\";}s:7:\"caption\";s:0:\"\";s:6:\"config\";a:4:{s:12:\"custom_class\";s:0:\"\";s:4:\"type\";s:6:\"submit\";s:5:\"class\";s:15:\"btn btn-default\";s:6:\"target\";s:0:\"\";}}s:11:\"fld_9543042\";a:8:{s:2:\"ID\";s:11:\"fld_9543042\";s:4:\"type\";s:5:\"email\";s:5:\"label\";s:5:\"Email\";s:4:\"slug\";s:5:\"email\";s:10:\"conditions\";a:1:{s:4:\"type\";s:0:\"\";}s:8:\"required\";i:1;s:7:\"caption\";s:0:\"\";s:6:\"config\";a:5:{s:12:\"custom_class\";s:0:\"\";s:11:\"placeholder\";s:0:\"\";s:7:\"default\";s:0:\"\";s:16:\"email_identifier\";i:1;s:22:\"personally_identifying\";i:1;}}s:11:\"fld_6962552\";a:7:{s:2:\"ID\";s:11:\"fld_6962552\";s:4:\"type\";s:5:\"phone\";s:5:\"label\";s:6:\"Phone \";s:4:\"slug\";s:6:\"phone_\";s:10:\"conditions\";a:1:{s:4:\"type\";s:0:\"\";}s:7:\"caption\";s:0:\"\";s:6:\"config\";a:7:{s:12:\"custom_class\";s:0:\"\";s:11:\"placeholder\";s:0:\"\";s:7:\"default\";s:0:\"\";s:4:\"type\";s:5:\"local\";s:6:\"custom\";s:13:\"(999)999-9999\";s:16:\"email_identifier\";i:0;s:22:\"personally_identifying\";i:1;}}s:11:\"fld_9279803\";a:7:{s:2:\"ID\";s:11:\"fld_9279803\";s:4:\"type\";s:6:\"hidden\";s:5:\"label\";s:2:\"uy\";s:4:\"slug\";s:2:\"uy\";s:10:\"conditions\";a:1:{s:4:\"type\";s:0:\"\";}s:7:\"caption\";s:0:\"\";s:6:\"config\";a:4:{s:12:\"custom_class\";s:0:\"\";s:7:\"default\";s:9:\"%amount_%\";s:16:\"email_identifier\";i:0;s:22:\"personally_identifying\";i:0;}}}s:13:\"auto_progress\";i:1;s:10:\"page_names\";a:1:{i:0;s:6:\"Page 1\";}s:6:\"mailer\";a:9:{s:9:\"on_insert\";i:1;s:11:\"sender_name\";s:26:\"Caldera Forms Notification\";s:12:\"sender_email\";s:16:\"admin@takadun.ng\";s:8:\"reply_to\";s:0:\"\";s:10:\"email_type\";s:4:\"html\";s:10:\"recipients\";s:0:\"\";s:6:\"bcc_to\";s:0:\"\";s:13:\"email_subject\";s:3:\"pay\";s:13:\"email_message\";s:9:\"{summary}\";}s:10:\"processors\";a:1:{s:11:\"fp_40249329\";a:5:{s:2:\"ID\";s:11:\"fp_40249329\";s:8:\"runtimes\";a:1:{s:6:\"insert\";i:1;}s:4:\"type\";s:23:\"cf_paystack_integration\";s:6:\"config\";a:7:{s:25:\"icfp_paystack_environment\";i:1;s:13:\"icfp_test_key\";s:0:\"\";s:13:\"icfp_live_key\";s:48:\"sk_live_286ea8563741cff0d8fea4a79b37f917aaf16924\";s:22:\"icfp_paystack_currency\";s:3:\"NGN\";s:17:\"icfp_payment_name\";s:10:\"%duration%\";s:19:\"icfp_payment_amount\";i:4;s:18:\"icfp_payment_email\";s:7:\"%email%\";}s:10:\"conditions\";a:2:{s:4:\"type\";s:3:\"use\";s:5:\"group\";a:2:{s:10:\"rw_mafmxrd\";a:1:{s:11:\"cl_kaonfbah\";a:3:{s:5:\"value\";s:10:\"opt1533135\";s:5:\"field\";s:11:\"fld_5161425\";s:7:\"compare\";s:2:\"is\";}}s:9:\"rw_sxhwnx\";a:1:{s:10:\"cl_rgpmdza\";a:3:{s:5:\"value\";s:10:\"opt1786217\";s:5:\"field\";s:11:\"fld_5161425\";s:7:\"compare\";s:2:\"is\";}}}}}}s:9:\"variables\";a:3:{s:4:\"keys\";a:1:{i:0;s:5:\"yufuj\";}s:6:\"values\";a:1:{i:0;s:9:\"%amount_%\";}s:5:\"types\";a:1:{i:0;s:8:\"passback\";}}s:8:\"settings\";a:1:{s:10:\"responsive\";a:1:{s:11:\"break_point\";s:2:\"sm\";}}s:18:\"conditional_groups\";a:1:{s:10:\"conditions\";a:0:{}}s:24:\"privacy_exporter_enabled\";b:1;s:7:\"version\";s:5:\"1.9.7\";}'),
(42,'CF666abcf543136','revision','a:24:{s:2:\"ID\";s:15:\"CF666abcf543136\";s:13:\"_last_updated\";s:31:\"Sun, 16 Jun 2024 04:32:35 +0000\";s:10:\"cf_version\";s:5:\"1.9.7\";s:4:\"name\";s:3:\"pay\";s:10:\"scroll_top\";i:0;s:7:\"success\";s:60:\"Form has been successfully submitted. Thank you.												\";s:10:\"db_support\";i:1;s:6:\"pinned\";i:0;s:9:\"hide_form\";i:1;s:11:\"check_honey\";i:1;s:12:\"avatar_field\";s:0:\"\";s:9:\"form_ajax\";i:1;s:15:\"custom_callback\";s:0:\"\";s:11:\"layout_grid\";a:2:{s:6:\"fields\";a:6:{s:11:\"fld_5161425\";s:3:\"1:1\";s:11:\"fld_9543042\";s:3:\"1:1\";s:11:\"fld_6962552\";s:3:\"1:1\";s:11:\"fld_8997460\";s:3:\"2:1\";s:11:\"fld_1338703\";s:3:\"2:2\";s:11:\"fld_9279803\";s:3:\"2:2\";}s:9:\"structure\";s:6:\"12|6:6\";}s:6:\"fields\";a:6:{s:11:\"fld_5161425\";a:7:{s:2:\"ID\";s:11:\"fld_5161425\";s:4:\"type\";s:8:\"dropdown\";s:5:\"label\";s:8:\"Duration\";s:4:\"slug\";s:8:\"duration\";s:10:\"conditions\";a:1:{s:4:\"type\";s:0:\"\";}s:7:\"caption\";s:0:\"\";s:6:\"config\";a:15:{s:12:\"custom_class\";s:0:\"\";s:11:\"placeholder\";s:0:\"\";s:14:\"default_option\";s:0:\"\";s:9:\"auto_type\";s:0:\"\";s:8:\"taxonomy\";s:8:\"category\";s:9:\"post_type\";s:4:\"post\";s:11:\"value_field\";s:4:\"name\";s:11:\"orderby_tax\";s:4:\"name\";s:12:\"orderby_post\";s:4:\"name\";s:5:\"order\";s:3:\"ASC\";s:7:\"default\";s:0:\"\";s:11:\"show_values\";i:1;s:6:\"option\";a:2:{s:10:\"opt1533135\";a:3:{s:10:\"calc_value\";s:7:\"5000.00\";s:5:\"value\";s:7:\"5000.00\";s:5:\"label\";s:6:\"Yearly\";}s:10:\"opt1786217\";a:3:{s:10:\"calc_value\";s:7:\"2000.00\";s:5:\"value\";s:7:\"2000.00\";s:5:\"label\";s:6:\"Termly\";}}s:16:\"email_identifier\";i:0;s:22:\"personally_identifying\";i:1;}}s:11:\"fld_8997460\";a:8:{s:2:\"ID\";s:11:\"fld_8997460\";s:4:\"type\";s:11:\"calculation\";s:5:\"label\";s:7:\"Amount \";s:4:\"slug\";s:7:\"amount_\";s:10:\"conditions\";a:1:{s:4:\"type\";s:0:\"\";}s:7:\"caption\";s:0:\"\";s:10:\"entry_list\";i:1;s:6:\"config\";a:13:{s:12:\"custom_class\";s:0:\"\";s:7:\"element\";s:2:\"h3\";s:7:\"classes\";s:10:\"total-line\";s:6:\"before\";s:6:\"Total:\";s:5:\"after\";s:0:\"\";s:5:\"fixed\";i:1;s:18:\"thousand_separator\";s:1:\",\";s:17:\"decimal_separator\";s:1:\".\";s:8:\"formular\";s:18:\" ( +fld_5161425 ) \";s:6:\"config\";a:1:{s:5:\"group\";a:1:{i:0;a:1:{s:5:\"lines\";a:2:{i:0;a:2:{s:8:\"operator\";s:1:\"+\";s:5:\"field\";s:0:\"\";}i:1;a:2:{s:8:\"operator\";s:1:\"+\";s:5:\"field\";s:11:\"fld_5161425\";}}}}}s:14:\"manual_formula\";s:0:\"\";s:16:\"email_identifier\";i:0;s:22:\"personally_identifying\";i:1;}}s:11:\"fld_1338703\";a:7:{s:2:\"ID\";s:11:\"fld_1338703\";s:4:\"type\";s:6:\"button\";s:5:\"label\";s:3:\"Pay\";s:4:\"slug\";s:3:\"pay\";s:10:\"conditions\";a:1:{s:4:\"type\";s:0:\"\";}s:7:\"caption\";s:0:\"\";s:6:\"config\";a:4:{s:12:\"custom_class\";s:0:\"\";s:4:\"type\";s:6:\"submit\";s:5:\"class\";s:15:\"btn btn-default\";s:6:\"target\";s:0:\"\";}}s:11:\"fld_9543042\";a:8:{s:2:\"ID\";s:11:\"fld_9543042\";s:4:\"type\";s:5:\"email\";s:5:\"label\";s:5:\"Email\";s:4:\"slug\";s:5:\"email\";s:10:\"conditions\";a:1:{s:4:\"type\";s:0:\"\";}s:8:\"required\";i:1;s:7:\"caption\";s:0:\"\";s:6:\"config\";a:5:{s:12:\"custom_class\";s:0:\"\";s:11:\"placeholder\";s:0:\"\";s:7:\"default\";s:0:\"\";s:16:\"email_identifier\";i:1;s:22:\"personally_identifying\";i:1;}}s:11:\"fld_6962552\";a:7:{s:2:\"ID\";s:11:\"fld_6962552\";s:4:\"type\";s:5:\"phone\";s:5:\"label\";s:6:\"Phone \";s:4:\"slug\";s:6:\"phone_\";s:10:\"conditions\";a:1:{s:4:\"type\";s:0:\"\";}s:7:\"caption\";s:0:\"\";s:6:\"config\";a:7:{s:12:\"custom_class\";s:0:\"\";s:11:\"placeholder\";s:0:\"\";s:7:\"default\";s:0:\"\";s:4:\"type\";s:5:\"local\";s:6:\"custom\";s:13:\"(999)999-9999\";s:16:\"email_identifier\";i:0;s:22:\"personally_identifying\";i:1;}}s:11:\"fld_9279803\";a:7:{s:2:\"ID\";s:11:\"fld_9279803\";s:4:\"type\";s:6:\"hidden\";s:5:\"label\";s:2:\"uy\";s:4:\"slug\";s:2:\"uy\";s:10:\"conditions\";a:1:{s:4:\"type\";s:0:\"\";}s:7:\"caption\";s:0:\"\";s:6:\"config\";a:4:{s:12:\"custom_class\";s:0:\"\";s:7:\"default\";s:9:\"%amount_%\";s:16:\"email_identifier\";i:0;s:22:\"personally_identifying\";i:0;}}}s:13:\"auto_progress\";i:1;s:10:\"page_names\";a:1:{i:0;s:6:\"Page 1\";}s:6:\"mailer\";a:9:{s:9:\"on_insert\";i:1;s:11:\"sender_name\";s:26:\"Caldera Forms Notification\";s:12:\"sender_email\";s:16:\"admin@takadun.ng\";s:8:\"reply_to\";s:0:\"\";s:10:\"email_type\";s:4:\"html\";s:10:\"recipients\";s:0:\"\";s:6:\"bcc_to\";s:0:\"\";s:13:\"email_subject\";s:3:\"pay\";s:13:\"email_message\";s:9:\"{summary}\";}s:10:\"processors\";a:1:{s:11:\"fp_40249329\";a:5:{s:2:\"ID\";s:11:\"fp_40249329\";s:8:\"runtimes\";a:1:{s:6:\"insert\";i:1;}s:4:\"type\";s:23:\"cf_paystack_integration\";s:6:\"config\";a:7:{s:25:\"icfp_paystack_environment\";i:1;s:13:\"icfp_test_key\";s:0:\"\";s:13:\"icfp_live_key\";s:48:\"sk_live_286ea8563741cff0d8fea4a79b37f917aaf16924\";s:22:\"icfp_paystack_currency\";s:3:\"NGN\";s:17:\"icfp_payment_name\";s:10:\"%duration%\";s:19:\"icfp_payment_amount\";i:2;s:18:\"icfp_payment_email\";s:7:\"%email%\";}s:10:\"conditions\";a:2:{s:4:\"type\";s:3:\"use\";s:5:\"group\";a:2:{s:10:\"rw_mafmxrd\";a:1:{s:11:\"cl_kaonfbah\";a:3:{s:5:\"value\";s:10:\"opt1533135\";s:5:\"field\";s:11:\"fld_5161425\";s:7:\"compare\";s:2:\"is\";}}s:9:\"rw_sxhwnx\";a:1:{s:10:\"cl_rgpmdza\";a:3:{s:5:\"value\";s:10:\"opt1786217\";s:5:\"field\";s:11:\"fld_5161425\";s:7:\"compare\";s:2:\"is\";}}}}}}s:9:\"variables\";a:3:{s:4:\"keys\";a:1:{i:0;s:5:\"yufuj\";}s:6:\"values\";a:1:{i:0;s:9:\"%amount_%\";}s:5:\"types\";a:1:{i:0;s:9:\"entryitem\";}}s:8:\"settings\";a:1:{s:10:\"responsive\";a:1:{s:11:\"break_point\";s:2:\"sm\";}}s:18:\"conditional_groups\";a:1:{s:10:\"conditions\";a:0:{}}s:24:\"privacy_exporter_enabled\";b:1;s:7:\"version\";s:5:\"1.9.7\";}'),
(43,'CF666abcf543136','revision','a:24:{s:2:\"ID\";s:15:\"CF666abcf543136\";s:13:\"_last_updated\";s:31:\"Sun, 16 Jun 2024 04:33:41 +0000\";s:10:\"cf_version\";s:5:\"1.9.7\";s:4:\"name\";s:3:\"pay\";s:10:\"scroll_top\";i:0;s:7:\"success\";s:60:\"Form has been successfully submitted. Thank you.												\";s:10:\"db_support\";i:1;s:6:\"pinned\";i:0;s:9:\"hide_form\";i:1;s:11:\"check_honey\";i:1;s:12:\"avatar_field\";s:0:\"\";s:9:\"form_ajax\";i:1;s:15:\"custom_callback\";s:0:\"\";s:11:\"layout_grid\";a:2:{s:6:\"fields\";a:6:{s:11:\"fld_5161425\";s:3:\"1:1\";s:11:\"fld_9543042\";s:3:\"1:1\";s:11:\"fld_6962552\";s:3:\"1:1\";s:11:\"fld_8997460\";s:3:\"2:1\";s:11:\"fld_1338703\";s:3:\"2:2\";s:11:\"fld_9279803\";s:3:\"2:2\";}s:9:\"structure\";s:6:\"12|6:6\";}s:6:\"fields\";a:6:{s:11:\"fld_5161425\";a:7:{s:2:\"ID\";s:11:\"fld_5161425\";s:4:\"type\";s:8:\"dropdown\";s:5:\"label\";s:8:\"Duration\";s:4:\"slug\";s:8:\"duration\";s:10:\"conditions\";a:1:{s:4:\"type\";s:0:\"\";}s:7:\"caption\";s:0:\"\";s:6:\"config\";a:15:{s:12:\"custom_class\";s:0:\"\";s:11:\"placeholder\";s:0:\"\";s:14:\"default_option\";s:0:\"\";s:9:\"auto_type\";s:0:\"\";s:8:\"taxonomy\";s:8:\"category\";s:9:\"post_type\";s:4:\"post\";s:11:\"value_field\";s:4:\"name\";s:11:\"orderby_tax\";s:4:\"name\";s:12:\"orderby_post\";s:4:\"name\";s:5:\"order\";s:3:\"ASC\";s:7:\"default\";s:0:\"\";s:11:\"show_values\";i:1;s:6:\"option\";a:2:{s:10:\"opt1533135\";a:3:{s:10:\"calc_value\";s:7:\"5000.00\";s:5:\"value\";s:7:\"5000.00\";s:5:\"label\";s:6:\"Yearly\";}s:10:\"opt1786217\";a:3:{s:10:\"calc_value\";s:7:\"2000.00\";s:5:\"value\";s:7:\"2000.00\";s:5:\"label\";s:6:\"Termly\";}}s:16:\"email_identifier\";i:0;s:22:\"personally_identifying\";i:1;}}s:11:\"fld_8997460\";a:8:{s:2:\"ID\";s:11:\"fld_8997460\";s:4:\"type\";s:11:\"calculation\";s:5:\"label\";s:7:\"Amount \";s:4:\"slug\";s:7:\"amount_\";s:10:\"conditions\";a:1:{s:4:\"type\";s:0:\"\";}s:7:\"caption\";s:0:\"\";s:10:\"entry_list\";i:1;s:6:\"config\";a:13:{s:12:\"custom_class\";s:0:\"\";s:7:\"element\";s:2:\"h3\";s:7:\"classes\";s:10:\"total-line\";s:6:\"before\";s:6:\"Total:\";s:5:\"after\";s:0:\"\";s:5:\"fixed\";i:1;s:18:\"thousand_separator\";s:1:\",\";s:17:\"decimal_separator\";s:1:\".\";s:8:\"formular\";s:18:\" ( +fld_5161425 ) \";s:6:\"config\";a:1:{s:5:\"group\";a:1:{i:0;a:1:{s:5:\"lines\";a:2:{i:0;a:2:{s:8:\"operator\";s:1:\"+\";s:5:\"field\";s:0:\"\";}i:1;a:2:{s:8:\"operator\";s:1:\"+\";s:5:\"field\";s:11:\"fld_5161425\";}}}}}s:14:\"manual_formula\";s:0:\"\";s:16:\"email_identifier\";i:0;s:22:\"personally_identifying\";i:1;}}s:11:\"fld_1338703\";a:7:{s:2:\"ID\";s:11:\"fld_1338703\";s:4:\"type\";s:6:\"button\";s:5:\"label\";s:3:\"Pay\";s:4:\"slug\";s:3:\"pay\";s:10:\"conditions\";a:1:{s:4:\"type\";s:0:\"\";}s:7:\"caption\";s:0:\"\";s:6:\"config\";a:4:{s:12:\"custom_class\";s:0:\"\";s:4:\"type\";s:6:\"submit\";s:5:\"class\";s:15:\"btn btn-default\";s:6:\"target\";s:0:\"\";}}s:11:\"fld_9543042\";a:8:{s:2:\"ID\";s:11:\"fld_9543042\";s:4:\"type\";s:5:\"email\";s:5:\"label\";s:5:\"Email\";s:4:\"slug\";s:5:\"email\";s:10:\"conditions\";a:1:{s:4:\"type\";s:0:\"\";}s:8:\"required\";i:1;s:7:\"caption\";s:0:\"\";s:6:\"config\";a:5:{s:12:\"custom_class\";s:0:\"\";s:11:\"placeholder\";s:0:\"\";s:7:\"default\";s:0:\"\";s:16:\"email_identifier\";i:1;s:22:\"personally_identifying\";i:1;}}s:11:\"fld_6962552\";a:7:{s:2:\"ID\";s:11:\"fld_6962552\";s:4:\"type\";s:5:\"phone\";s:5:\"label\";s:6:\"Phone \";s:4:\"slug\";s:6:\"phone_\";s:10:\"conditions\";a:1:{s:4:\"type\";s:0:\"\";}s:7:\"caption\";s:0:\"\";s:6:\"config\";a:7:{s:12:\"custom_class\";s:0:\"\";s:11:\"placeholder\";s:0:\"\";s:7:\"default\";s:0:\"\";s:4:\"type\";s:5:\"local\";s:6:\"custom\";s:13:\"(999)999-9999\";s:16:\"email_identifier\";i:0;s:22:\"personally_identifying\";i:1;}}s:11:\"fld_9279803\";a:7:{s:2:\"ID\";s:11:\"fld_9279803\";s:4:\"type\";s:6:\"hidden\";s:5:\"label\";s:2:\"uy\";s:4:\"slug\";s:2:\"uy\";s:10:\"conditions\";a:1:{s:4:\"type\";s:0:\"\";}s:7:\"caption\";s:0:\"\";s:6:\"config\";a:4:{s:12:\"custom_class\";s:0:\"\";s:7:\"default\";s:9:\"%amount_%\";s:16:\"email_identifier\";i:0;s:22:\"personally_identifying\";i:0;}}}s:13:\"auto_progress\";i:1;s:10:\"page_names\";a:1:{i:0;s:6:\"Page 1\";}s:6:\"mailer\";a:9:{s:9:\"on_insert\";i:1;s:11:\"sender_name\";s:26:\"Caldera Forms Notification\";s:12:\"sender_email\";s:16:\"admin@takadun.ng\";s:8:\"reply_to\";s:0:\"\";s:10:\"email_type\";s:4:\"html\";s:10:\"recipients\";s:0:\"\";s:6:\"bcc_to\";s:0:\"\";s:13:\"email_subject\";s:3:\"pay\";s:13:\"email_message\";s:9:\"{summary}\";}s:10:\"processors\";a:1:{s:11:\"fp_40249329\";a:5:{s:2:\"ID\";s:11:\"fp_40249329\";s:8:\"runtimes\";a:1:{s:6:\"insert\";i:1;}s:4:\"type\";s:23:\"cf_paystack_integration\";s:6:\"config\";a:7:{s:25:\"icfp_paystack_environment\";i:1;s:13:\"icfp_test_key\";s:0:\"\";s:13:\"icfp_live_key\";s:48:\"sk_live_286ea8563741cff0d8fea4a79b37f917aaf16924\";s:22:\"icfp_paystack_currency\";s:3:\"NGN\";s:17:\"icfp_payment_name\";s:10:\"%duration%\";s:19:\"icfp_payment_amount\";i:2;s:18:\"icfp_payment_email\";s:7:\"%email%\";}s:10:\"conditions\";a:2:{s:4:\"type\";s:3:\"use\";s:5:\"group\";a:2:{s:10:\"rw_mafmxrd\";a:1:{s:11:\"cl_kaonfbah\";a:3:{s:5:\"value\";s:10:\"opt1533135\";s:5:\"field\";s:11:\"fld_5161425\";s:7:\"compare\";s:2:\"is\";}}s:9:\"rw_sxhwnx\";a:1:{s:10:\"cl_rgpmdza\";a:3:{s:5:\"value\";s:10:\"opt1786217\";s:5:\"field\";s:11:\"fld_5161425\";s:7:\"compare\";s:2:\"is\";}}}}}}s:9:\"variables\";a:3:{s:4:\"keys\";a:1:{i:0;s:5:\"yufuj\";}s:6:\"values\";a:1:{i:0;s:9:\"%amount_%\";}s:5:\"types\";a:1:{i:0;s:9:\"entryitem\";}}s:8:\"settings\";a:1:{s:10:\"responsive\";a:1:{s:11:\"break_point\";s:2:\"sm\";}}s:18:\"conditional_groups\";a:1:{s:10:\"conditions\";a:0:{}}s:24:\"privacy_exporter_enabled\";b:1;s:7:\"version\";s:5:\"1.9.7\";}'),
(44,'CF666abcf543136','revision','a:24:{s:2:\"ID\";s:15:\"CF666abcf543136\";s:13:\"_last_updated\";s:31:\"Mon, 17 Jun 2024 11:48:06 +0000\";s:10:\"cf_version\";s:5:\"1.9.7\";s:4:\"name\";s:3:\"pay\";s:10:\"scroll_top\";i:0;s:7:\"success\";s:63:\"Form has been successfully submitted. Thank you.															\";s:10:\"db_support\";i:1;s:6:\"pinned\";i:0;s:9:\"hide_form\";i:1;s:11:\"check_honey\";i:1;s:12:\"avatar_field\";s:0:\"\";s:9:\"form_ajax\";i:1;s:15:\"custom_callback\";s:0:\"\";s:11:\"layout_grid\";a:2:{s:6:\"fields\";a:5:{s:11:\"fld_5161425\";s:3:\"1:1\";s:11:\"fld_9543042\";s:3:\"1:1\";s:11:\"fld_6962552\";s:3:\"1:1\";s:11:\"fld_8997460\";s:3:\"2:1\";s:11:\"fld_1338703\";s:3:\"2:2\";}s:9:\"structure\";s:6:\"12|6:6\";}s:6:\"fields\";a:5:{s:11:\"fld_5161425\";a:7:{s:2:\"ID\";s:11:\"fld_5161425\";s:4:\"type\";s:8:\"dropdown\";s:5:\"label\";s:8:\"Duration\";s:4:\"slug\";s:8:\"duration\";s:10:\"conditions\";a:1:{s:4:\"type\";s:0:\"\";}s:7:\"caption\";s:0:\"\";s:6:\"config\";a:15:{s:12:\"custom_class\";s:0:\"\";s:11:\"placeholder\";s:0:\"\";s:14:\"default_option\";s:0:\"\";s:9:\"auto_type\";s:0:\"\";s:8:\"taxonomy\";s:8:\"category\";s:9:\"post_type\";s:4:\"post\";s:11:\"value_field\";s:4:\"name\";s:11:\"orderby_tax\";s:4:\"name\";s:12:\"orderby_post\";s:4:\"name\";s:5:\"order\";s:3:\"ASC\";s:7:\"default\";s:0:\"\";s:11:\"show_values\";i:1;s:6:\"option\";a:2:{s:10:\"opt1533135\";a:3:{s:10:\"calc_value\";s:7:\"5000.00\";s:5:\"value\";s:7:\"5000.00\";s:5:\"label\";s:6:\"Yearly\";}s:10:\"opt1786217\";a:3:{s:10:\"calc_value\";s:7:\"2000.00\";s:5:\"value\";s:7:\"2000.00\";s:5:\"label\";s:6:\"Termly\";}}s:16:\"email_identifier\";i:0;s:22:\"personally_identifying\";i:1;}}s:11:\"fld_9543042\";a:8:{s:2:\"ID\";s:11:\"fld_9543042\";s:4:\"type\";s:5:\"email\";s:5:\"label\";s:5:\"Email\";s:4:\"slug\";s:5:\"email\";s:10:\"conditions\";a:1:{s:4:\"type\";s:0:\"\";}s:8:\"required\";i:1;s:7:\"caption\";s:0:\"\";s:6:\"config\";a:5:{s:12:\"custom_class\";s:0:\"\";s:11:\"placeholder\";s:0:\"\";s:7:\"default\";s:0:\"\";s:16:\"email_identifier\";i:1;s:22:\"personally_identifying\";i:1;}}s:11:\"fld_6962552\";a:7:{s:2:\"ID\";s:11:\"fld_6962552\";s:4:\"type\";s:5:\"phone\";s:5:\"label\";s:5:\"Phone\";s:4:\"slug\";s:6:\"phone_\";s:10:\"conditions\";a:1:{s:4:\"type\";s:0:\"\";}s:7:\"caption\";s:0:\"\";s:6:\"config\";a:7:{s:12:\"custom_class\";s:0:\"\";s:11:\"placeholder\";s:0:\"\";s:7:\"default\";s:0:\"\";s:4:\"type\";s:5:\"local\";s:6:\"custom\";s:13:\"(999)999-9999\";s:16:\"email_identifier\";i:0;s:22:\"personally_identifying\";i:1;}}s:11:\"fld_8997460\";a:8:{s:2:\"ID\";s:11:\"fld_8997460\";s:4:\"type\";s:11:\"calculation\";s:5:\"label\";s:6:\"Amount\";s:4:\"slug\";s:7:\"amount_\";s:10:\"conditions\";a:1:{s:4:\"type\";s:0:\"\";}s:7:\"caption\";s:0:\"\";s:10:\"entry_list\";i:1;s:6:\"config\";a:13:{s:12:\"custom_class\";s:0:\"\";s:7:\"element\";s:2:\"h3\";s:7:\"classes\";s:10:\"total-line\";s:6:\"before\";s:6:\"Total:\";s:5:\"after\";s:0:\"\";s:5:\"fixed\";i:1;s:18:\"thousand_separator\";s:1:\",\";s:17:\"decimal_separator\";s:1:\".\";s:8:\"formular\";s:18:\" ( +fld_5161425 ) \";s:6:\"config\";a:1:{s:5:\"group\";a:1:{i:0;a:1:{s:5:\"lines\";a:2:{i:0;a:2:{s:8:\"operator\";s:1:\"+\";s:5:\"field\";s:0:\"\";}i:1;a:2:{s:8:\"operator\";s:1:\"+\";s:5:\"field\";s:11:\"fld_5161425\";}}}}}s:14:\"manual_formula\";s:0:\"\";s:16:\"email_identifier\";i:0;s:22:\"personally_identifying\";i:1;}}s:11:\"fld_1338703\";a:7:{s:2:\"ID\";s:11:\"fld_1338703\";s:4:\"type\";s:6:\"button\";s:5:\"label\";s:3:\"Pay\";s:4:\"slug\";s:3:\"pay\";s:10:\"conditions\";a:1:{s:4:\"type\";s:0:\"\";}s:7:\"caption\";s:0:\"\";s:6:\"config\";a:4:{s:12:\"custom_class\";s:0:\"\";s:4:\"type\";s:6:\"submit\";s:5:\"class\";s:15:\"btn btn-default\";s:6:\"target\";s:0:\"\";}}}s:13:\"auto_progress\";i:1;s:10:\"page_names\";a:1:{i:0;s:6:\"Page 1\";}s:6:\"mailer\";a:9:{s:9:\"on_insert\";i:1;s:11:\"sender_name\";s:26:\"Caldera Forms Notification\";s:12:\"sender_email\";s:16:\"admin@takadun.ng\";s:8:\"reply_to\";s:0:\"\";s:10:\"email_type\";s:4:\"html\";s:10:\"recipients\";s:0:\"\";s:6:\"bcc_to\";s:0:\"\";s:13:\"email_subject\";s:3:\"pay\";s:13:\"email_message\";s:9:\"{summary}\";}s:10:\"processors\";a:1:{s:11:\"fp_40249329\";a:5:{s:2:\"ID\";s:11:\"fp_40249329\";s:8:\"runtimes\";a:1:{s:6:\"insert\";i:1;}s:4:\"type\";s:23:\"cf_paystack_integration\";s:6:\"config\";a:7:{s:25:\"icfp_paystack_environment\";i:1;s:13:\"icfp_test_key\";s:0:\"\";s:13:\"icfp_live_key\";s:48:\"sk_live_286ea8563741cff0d8fea4a79b37f917aaf16924\";s:22:\"icfp_paystack_currency\";s:3:\"NGN\";s:17:\"icfp_payment_name\";s:10:\"%duration%\";s:19:\"icfp_payment_amount\";i:2;s:18:\"icfp_payment_email\";s:7:\"%email%\";}s:10:\"conditions\";a:2:{s:4:\"type\";s:3:\"use\";s:5:\"group\";a:2:{s:10:\"rw_mafmxrd\";a:1:{s:11:\"cl_kaonfbah\";a:3:{s:5:\"value\";s:10:\"opt1533135\";s:5:\"field\";s:11:\"fld_5161425\";s:7:\"compare\";s:2:\"is\";}}s:9:\"rw_sxhwnx\";a:1:{s:10:\"cl_rgpmdza\";a:3:{s:5:\"value\";s:10:\"opt1786217\";s:5:\"field\";s:11:\"fld_5161425\";s:7:\"compare\";s:2:\"is\";}}}}}}s:9:\"variables\";a:3:{s:4:\"keys\";a:1:{i:0;s:5:\"yufuj\";}s:6:\"values\";a:1:{i:0;s:9:\"%amount_%\";}s:5:\"types\";a:1:{i:0;s:9:\"entryitem\";}}s:8:\"settings\";a:1:{s:10:\"responsive\";a:1:{s:11:\"break_point\";s:2:\"sm\";}}s:18:\"conditional_groups\";a:1:{s:10:\"conditions\";a:0:{}}s:24:\"privacy_exporter_enabled\";b:1;s:7:\"version\";s:5:\"1.9.7\";}'),
(45,'CF666abcf543136','revision','a:24:{s:2:\"ID\";s:15:\"CF666abcf543136\";s:13:\"_last_updated\";s:31:\"Mon, 17 Jun 2024 11:50:39 +0000\";s:10:\"cf_version\";s:5:\"1.9.7\";s:4:\"name\";s:3:\"pay\";s:10:\"scroll_top\";i:0;s:7:\"success\";s:63:\"Form has been successfully submitted. Thank you.															\";s:10:\"db_support\";i:1;s:6:\"pinned\";i:0;s:9:\"hide_form\";i:1;s:11:\"check_honey\";i:1;s:12:\"avatar_field\";s:0:\"\";s:9:\"form_ajax\";i:1;s:15:\"custom_callback\";s:0:\"\";s:11:\"layout_grid\";a:2:{s:6:\"fields\";a:6:{s:11:\"fld_5161425\";s:3:\"1:1\";s:11:\"fld_9543042\";s:3:\"1:1\";s:11:\"fld_6962552\";s:3:\"1:1\";s:11:\"fld_1736118\";s:3:\"1:1\";s:11:\"fld_8997460\";s:3:\"2:1\";s:11:\"fld_1338703\";s:3:\"2:2\";}s:9:\"structure\";s:6:\"12|6:6\";}s:6:\"fields\";a:6:{s:11:\"fld_5161425\";a:7:{s:2:\"ID\";s:11:\"fld_5161425\";s:4:\"type\";s:8:\"dropdown\";s:5:\"label\";s:8:\"Duration\";s:4:\"slug\";s:8:\"duration\";s:10:\"conditions\";a:1:{s:4:\"type\";s:0:\"\";}s:7:\"caption\";s:0:\"\";s:6:\"config\";a:15:{s:12:\"custom_class\";s:0:\"\";s:11:\"placeholder\";s:0:\"\";s:14:\"default_option\";s:0:\"\";s:9:\"auto_type\";s:0:\"\";s:8:\"taxonomy\";s:8:\"category\";s:9:\"post_type\";s:4:\"post\";s:11:\"value_field\";s:4:\"name\";s:11:\"orderby_tax\";s:4:\"name\";s:12:\"orderby_post\";s:4:\"name\";s:5:\"order\";s:3:\"ASC\";s:7:\"default\";s:0:\"\";s:11:\"show_values\";i:1;s:6:\"option\";a:2:{s:10:\"opt1533135\";a:3:{s:10:\"calc_value\";s:7:\"5000.00\";s:5:\"value\";s:7:\"5000.00\";s:5:\"label\";s:6:\"Yearly\";}s:10:\"opt1786217\";a:3:{s:10:\"calc_value\";s:7:\"2000.00\";s:5:\"value\";s:7:\"2000.00\";s:5:\"label\";s:6:\"Termly\";}}s:16:\"email_identifier\";i:0;s:22:\"personally_identifying\";i:1;}}s:11:\"fld_9543042\";a:8:{s:2:\"ID\";s:11:\"fld_9543042\";s:4:\"type\";s:5:\"email\";s:5:\"label\";s:5:\"Email\";s:4:\"slug\";s:5:\"email\";s:10:\"conditions\";a:1:{s:4:\"type\";s:0:\"\";}s:8:\"required\";i:1;s:7:\"caption\";s:0:\"\";s:6:\"config\";a:5:{s:12:\"custom_class\";s:0:\"\";s:11:\"placeholder\";s:0:\"\";s:7:\"default\";s:0:\"\";s:16:\"email_identifier\";i:1;s:22:\"personally_identifying\";i:1;}}s:11:\"fld_6962552\";a:7:{s:2:\"ID\";s:11:\"fld_6962552\";s:4:\"type\";s:5:\"phone\";s:5:\"label\";s:5:\"Phone\";s:4:\"slug\";s:6:\"phone_\";s:10:\"conditions\";a:1:{s:4:\"type\";s:0:\"\";}s:7:\"caption\";s:0:\"\";s:6:\"config\";a:7:{s:12:\"custom_class\";s:0:\"\";s:11:\"placeholder\";s:0:\"\";s:7:\"default\";s:0:\"\";s:4:\"type\";s:5:\"local\";s:6:\"custom\";s:13:\"(999)999-9999\";s:16:\"email_identifier\";i:0;s:22:\"personally_identifying\";i:1;}}s:11:\"fld_8997460\";a:8:{s:2:\"ID\";s:11:\"fld_8997460\";s:4:\"type\";s:11:\"calculation\";s:5:\"label\";s:6:\"Amount\";s:4:\"slug\";s:7:\"amount_\";s:10:\"conditions\";a:1:{s:4:\"type\";s:0:\"\";}s:7:\"caption\";s:0:\"\";s:10:\"entry_list\";i:1;s:6:\"config\";a:13:{s:12:\"custom_class\";s:0:\"\";s:7:\"element\";s:2:\"h3\";s:7:\"classes\";s:10:\"total-line\";s:6:\"before\";s:6:\"Total:\";s:5:\"after\";s:0:\"\";s:5:\"fixed\";i:1;s:18:\"thousand_separator\";s:1:\",\";s:17:\"decimal_separator\";s:1:\".\";s:8:\"formular\";s:18:\" ( +fld_5161425 ) \";s:6:\"config\";a:1:{s:5:\"group\";a:1:{i:0;a:1:{s:5:\"lines\";a:2:{i:0;a:2:{s:8:\"operator\";s:1:\"+\";s:5:\"field\";s:0:\"\";}i:1;a:2:{s:8:\"operator\";s:1:\"+\";s:5:\"field\";s:11:\"fld_5161425\";}}}}}s:14:\"manual_formula\";s:0:\"\";s:16:\"email_identifier\";i:0;s:22:\"personally_identifying\";i:1;}}s:11:\"fld_1338703\";a:7:{s:2:\"ID\";s:11:\"fld_1338703\";s:4:\"type\";s:6:\"button\";s:5:\"label\";s:3:\"Pay\";s:4:\"slug\";s:3:\"pay\";s:10:\"conditions\";a:1:{s:4:\"type\";s:0:\"\";}s:7:\"caption\";s:0:\"\";s:6:\"config\";a:4:{s:12:\"custom_class\";s:0:\"\";s:4:\"type\";s:6:\"submit\";s:5:\"class\";s:15:\"btn btn-default\";s:6:\"target\";s:0:\"\";}}s:11:\"fld_1736118\";a:7:{s:2:\"ID\";s:11:\"fld_1736118\";s:4:\"type\";s:8:\"dropdown\";s:5:\"label\";s:5:\"Class\";s:4:\"slug\";s:5:\"class\";s:10:\"conditions\";a:1:{s:4:\"type\";s:0:\"\";}s:7:\"caption\";s:0:\"\";s:6:\"config\";a:14:{s:12:\"custom_class\";s:0:\"\";s:11:\"placeholder\";s:0:\"\";s:14:\"default_option\";s:0:\"\";s:9:\"auto_type\";s:0:\"\";s:8:\"taxonomy\";s:8:\"category\";s:9:\"post_type\";s:4:\"post\";s:11:\"value_field\";s:4:\"name\";s:11:\"orderby_tax\";s:5:\"count\";s:12:\"orderby_post\";s:2:\"ID\";s:5:\"order\";s:3:\"ASC\";s:7:\"default\";s:0:\"\";s:6:\"option\";a:6:{s:10:\"opt1862526\";a:3:{s:10:\"calc_value\";s:0:\"\";s:5:\"value\";s:5:\"Pry 1\";s:5:\"label\";s:5:\"Pry 1\";}s:10:\"opt1880984\";a:3:{s:10:\"calc_value\";s:0:\"\";s:5:\"value\";s:5:\"Pry 2\";s:5:\"label\";s:5:\"Pry 2\";}s:10:\"opt1859936\";a:3:{s:10:\"calc_value\";s:0:\"\";s:5:\"value\";s:5:\"Pry 3\";s:5:\"label\";s:5:\"Pry 3\";}s:10:\"opt1600957\";a:3:{s:10:\"calc_value\";s:0:\"\";s:5:\"value\";s:5:\"Pry 4\";s:5:\"label\";s:5:\"Pry 4\";}s:10:\"opt1697916\";a:3:{s:10:\"calc_value\";s:0:\"\";s:5:\"value\";s:5:\"Pry 5\";s:5:\"label\";s:5:\"Pry 5\";}s:10:\"opt1344961\";a:3:{s:10:\"calc_value\";s:0:\"\";s:5:\"value\";s:5:\"Pry 6\";s:5:\"label\";s:5:\"Pry 6\";}}s:16:\"email_identifier\";i:0;s:22:\"personally_identifying\";i:0;}}}s:13:\"auto_progress\";i:1;s:10:\"page_names\";a:1:{i:0;s:6:\"Page 1\";}s:6:\"mailer\";a:9:{s:9:\"on_insert\";i:1;s:11:\"sender_name\";s:26:\"Caldera Forms Notification\";s:12:\"sender_email\";s:16:\"admin@takadun.ng\";s:8:\"reply_to\";s:0:\"\";s:10:\"email_type\";s:4:\"html\";s:10:\"recipients\";s:0:\"\";s:6:\"bcc_to\";s:0:\"\";s:13:\"email_subject\";s:3:\"pay\";s:13:\"email_message\";s:9:\"{summary}\";}s:10:\"processors\";a:1:{s:11:\"fp_40249329\";a:5:{s:2:\"ID\";s:11:\"fp_40249329\";s:8:\"runtimes\";a:1:{s:6:\"insert\";i:1;}s:4:\"type\";s:23:\"cf_paystack_integration\";s:6:\"config\";a:7:{s:25:\"icfp_paystack_environment\";i:1;s:13:\"icfp_test_key\";s:0:\"\";s:13:\"icfp_live_key\";s:48:\"sk_live_286ea8563741cff0d8fea4a79b37f917aaf16924\";s:22:\"icfp_paystack_currency\";s:3:\"NGN\";s:17:\"icfp_payment_name\";s:10:\"%duration%\";s:19:\"icfp_payment_amount\";i:2;s:18:\"icfp_payment_email\";s:7:\"%email%\";}s:10:\"conditions\";a:2:{s:4:\"type\";s:3:\"use\";s:5:\"group\";a:2:{s:10:\"rw_mafmxrd\";a:1:{s:11:\"cl_kaonfbah\";a:3:{s:5:\"value\";s:10:\"opt1533135\";s:5:\"field\";s:11:\"fld_5161425\";s:7:\"compare\";s:2:\"is\";}}s:9:\"rw_sxhwnx\";a:1:{s:10:\"cl_rgpmdza\";a:3:{s:5:\"value\";s:10:\"opt1786217\";s:5:\"field\";s:11:\"fld_5161425\";s:7:\"compare\";s:2:\"is\";}}}}}}s:9:\"variables\";a:3:{s:4:\"keys\";a:1:{i:0;s:5:\"yufuj\";}s:6:\"values\";a:1:{i:0;s:9:\"%amount_%\";}s:5:\"types\";a:1:{i:0;s:9:\"entryitem\";}}s:8:\"settings\";a:1:{s:10:\"responsive\";a:1:{s:11:\"break_point\";s:2:\"sm\";}}s:18:\"conditional_groups\";a:1:{s:10:\"conditions\";a:0:{}}s:24:\"privacy_exporter_enabled\";b:1;s:7:\"version\";s:5:\"1.9.7\";}'),
(46,'CF666abcf543136','revision','a:24:{s:2:\"ID\";s:15:\"CF666abcf543136\";s:13:\"_last_updated\";s:31:\"Mon, 17 Jun 2024 11:56:19 +0000\";s:10:\"cf_version\";s:5:\"1.9.7\";s:4:\"name\";s:3:\"pay\";s:10:\"scroll_top\";i:0;s:7:\"success\";s:63:\"Form has been successfully submitted. Thank you.															\";s:10:\"db_support\";i:1;s:6:\"pinned\";i:0;s:9:\"hide_form\";i:1;s:11:\"check_honey\";i:1;s:12:\"avatar_field\";s:0:\"\";s:9:\"form_ajax\";i:1;s:15:\"custom_callback\";s:0:\"\";s:11:\"layout_grid\";a:2:{s:6:\"fields\";a:7:{s:11:\"fld_6880219\";s:3:\"1:1\";s:11:\"fld_1736118\";s:3:\"1:1\";s:11:\"fld_5161425\";s:3:\"1:1\";s:11:\"fld_9543042\";s:3:\"1:1\";s:11:\"fld_6962552\";s:3:\"1:1\";s:11:\"fld_8997460\";s:3:\"2:1\";s:11:\"fld_1338703\";s:3:\"2:2\";}s:9:\"structure\";s:6:\"12|6:6\";}s:6:\"fields\";a:7:{s:11:\"fld_5161425\";a:7:{s:2:\"ID\";s:11:\"fld_5161425\";s:4:\"type\";s:8:\"dropdown\";s:5:\"label\";s:8:\"Duration\";s:4:\"slug\";s:8:\"duration\";s:10:\"conditions\";a:1:{s:4:\"type\";s:0:\"\";}s:7:\"caption\";s:0:\"\";s:6:\"config\";a:15:{s:12:\"custom_class\";s:0:\"\";s:11:\"placeholder\";s:0:\"\";s:14:\"default_option\";s:0:\"\";s:9:\"auto_type\";s:0:\"\";s:8:\"taxonomy\";s:8:\"category\";s:9:\"post_type\";s:4:\"post\";s:11:\"value_field\";s:4:\"name\";s:11:\"orderby_tax\";s:4:\"name\";s:12:\"orderby_post\";s:4:\"name\";s:5:\"order\";s:3:\"ASC\";s:7:\"default\";s:0:\"\";s:11:\"show_values\";i:1;s:6:\"option\";a:2:{s:10:\"opt1533135\";a:3:{s:10:\"calc_value\";s:7:\"5000.00\";s:5:\"value\";s:7:\"5000.00\";s:5:\"label\";s:6:\"Yearly\";}s:10:\"opt1786217\";a:3:{s:10:\"calc_value\";s:7:\"2000.00\";s:5:\"value\";s:7:\"2000.00\";s:5:\"label\";s:6:\"Termly\";}}s:16:\"email_identifier\";i:0;s:22:\"personally_identifying\";i:1;}}s:11:\"fld_9543042\";a:8:{s:2:\"ID\";s:11:\"fld_9543042\";s:4:\"type\";s:5:\"email\";s:5:\"label\";s:13:\"Contact email\";s:4:\"slug\";s:13:\"contact_email\";s:10:\"conditions\";a:1:{s:4:\"type\";s:0:\"\";}s:8:\"required\";i:1;s:7:\"caption\";s:0:\"\";s:6:\"config\";a:5:{s:12:\"custom_class\";s:0:\"\";s:11:\"placeholder\";s:0:\"\";s:7:\"default\";s:0:\"\";s:16:\"email_identifier\";i:1;s:22:\"personally_identifying\";i:1;}}s:11:\"fld_6962552\";a:7:{s:2:\"ID\";s:11:\"fld_6962552\";s:4:\"type\";s:5:\"phone\";s:5:\"label\";s:13:\"Contact phone\";s:4:\"slug\";s:13:\"contact_phone\";s:10:\"conditions\";a:1:{s:4:\"type\";s:0:\"\";}s:7:\"caption\";s:0:\"\";s:6:\"config\";a:7:{s:12:\"custom_class\";s:0:\"\";s:11:\"placeholder\";s:0:\"\";s:7:\"default\";s:0:\"\";s:4:\"type\";s:5:\"local\";s:6:\"custom\";s:13:\"(999)999-9999\";s:16:\"email_identifier\";i:0;s:22:\"personally_identifying\";i:1;}}s:11:\"fld_8997460\";a:8:{s:2:\"ID\";s:11:\"fld_8997460\";s:4:\"type\";s:11:\"calculation\";s:5:\"label\";s:6:\"Amount\";s:4:\"slug\";s:7:\"amount_\";s:10:\"conditions\";a:1:{s:4:\"type\";s:0:\"\";}s:7:\"caption\";s:0:\"\";s:10:\"entry_list\";i:1;s:6:\"config\";a:13:{s:12:\"custom_class\";s:0:\"\";s:7:\"element\";s:2:\"h3\";s:7:\"classes\";s:10:\"total-line\";s:6:\"before\";s:6:\"Total:\";s:5:\"after\";s:0:\"\";s:5:\"fixed\";i:1;s:18:\"thousand_separator\";s:1:\",\";s:17:\"decimal_separator\";s:1:\".\";s:8:\"formular\";s:18:\" ( +fld_5161425 ) \";s:6:\"config\";a:1:{s:5:\"group\";a:1:{i:0;a:1:{s:5:\"lines\";a:2:{i:0;a:2:{s:8:\"operator\";s:1:\"+\";s:5:\"field\";s:0:\"\";}i:1;a:2:{s:8:\"operator\";s:1:\"+\";s:5:\"field\";s:11:\"fld_5161425\";}}}}}s:14:\"manual_formula\";s:0:\"\";s:16:\"email_identifier\";i:0;s:22:\"personally_identifying\";i:1;}}s:11:\"fld_1338703\";a:7:{s:2:\"ID\";s:11:\"fld_1338703\";s:4:\"type\";s:6:\"button\";s:5:\"label\";s:3:\"Pay\";s:4:\"slug\";s:3:\"pay\";s:10:\"conditions\";a:1:{s:4:\"type\";s:0:\"\";}s:7:\"caption\";s:0:\"\";s:6:\"config\";a:4:{s:12:\"custom_class\";s:0:\"\";s:4:\"type\";s:6:\"submit\";s:5:\"class\";s:15:\"btn btn-default\";s:6:\"target\";s:0:\"\";}}s:11:\"fld_1736118\";a:7:{s:2:\"ID\";s:11:\"fld_1736118\";s:4:\"type\";s:8:\"dropdown\";s:5:\"label\";s:5:\"Class\";s:4:\"slug\";s:5:\"class\";s:10:\"conditions\";a:1:{s:4:\"type\";s:0:\"\";}s:7:\"caption\";s:0:\"\";s:6:\"config\";a:14:{s:12:\"custom_class\";s:0:\"\";s:11:\"placeholder\";s:0:\"\";s:14:\"default_option\";s:0:\"\";s:9:\"auto_type\";s:0:\"\";s:8:\"taxonomy\";s:8:\"category\";s:9:\"post_type\";s:4:\"post\";s:11:\"value_field\";s:4:\"name\";s:11:\"orderby_tax\";s:5:\"count\";s:12:\"orderby_post\";s:2:\"ID\";s:5:\"order\";s:3:\"ASC\";s:7:\"default\";s:0:\"\";s:6:\"option\";a:6:{s:10:\"opt1862526\";a:3:{s:10:\"calc_value\";s:0:\"\";s:5:\"value\";s:5:\"Pry 1\";s:5:\"label\";s:5:\"Pry 1\";}s:10:\"opt1880984\";a:3:{s:10:\"calc_value\";s:0:\"\";s:5:\"value\";s:5:\"Pry 2\";s:5:\"label\";s:5:\"Pry 2\";}s:10:\"opt1859936\";a:3:{s:10:\"calc_value\";s:0:\"\";s:5:\"value\";s:5:\"Pry 3\";s:5:\"label\";s:5:\"Pry 3\";}s:10:\"opt1600957\";a:3:{s:10:\"calc_value\";s:0:\"\";s:5:\"value\";s:5:\"Pry 4\";s:5:\"label\";s:5:\"Pry 4\";}s:10:\"opt1697916\";a:3:{s:10:\"calc_value\";s:0:\"\";s:5:\"value\";s:5:\"Pry 5\";s:5:\"label\";s:5:\"Pry 5\";}s:10:\"opt1344961\";a:3:{s:10:\"calc_value\";s:0:\"\";s:5:\"value\";s:5:\"Pry 6\";s:5:\"label\";s:5:\"Pry 6\";}}s:16:\"email_identifier\";i:0;s:22:\"personally_identifying\";i:0;}}s:11:\"fld_6880219\";a:7:{s:2:\"ID\";s:11:\"fld_6880219\";s:4:\"type\";s:4:\"text\";s:5:\"label\";s:15:\"Name of Student\";s:4:\"slug\";s:15:\"name_of_student\";s:10:\"conditions\";a:1:{s:4:\"type\";s:0:\"\";}s:7:\"caption\";s:0:\"\";s:6:\"config\";a:7:{s:12:\"custom_class\";s:0:\"\";s:11:\"placeholder\";s:0:\"\";s:7:\"default\";s:0:\"\";s:13:\"type_override\";s:4:\"text\";s:4:\"mask\";s:0:\"\";s:16:\"email_identifier\";i:0;s:22:\"personally_identifying\";i:0;}}}s:13:\"auto_progress\";i:1;s:10:\"page_names\";a:1:{i:0;s:6:\"Page 1\";}s:6:\"mailer\";a:9:{s:9:\"on_insert\";i:1;s:11:\"sender_name\";s:26:\"Caldera Forms Notification\";s:12:\"sender_email\";s:16:\"admin@takadun.ng\";s:8:\"reply_to\";s:0:\"\";s:10:\"email_type\";s:4:\"html\";s:10:\"recipients\";s:0:\"\";s:6:\"bcc_to\";s:0:\"\";s:13:\"email_subject\";s:3:\"pay\";s:13:\"email_message\";s:9:\"{summary}\";}s:10:\"processors\";a:1:{s:11:\"fp_40249329\";a:5:{s:2:\"ID\";s:11:\"fp_40249329\";s:8:\"runtimes\";a:1:{s:6:\"insert\";i:1;}s:4:\"type\";s:23:\"cf_paystack_integration\";s:6:\"config\";a:7:{s:25:\"icfp_paystack_environment\";i:1;s:13:\"icfp_test_key\";s:0:\"\";s:13:\"icfp_live_key\";s:48:\"sk_live_286ea8563741cff0d8fea4a79b37f917aaf16924\";s:22:\"icfp_paystack_currency\";s:3:\"NGN\";s:17:\"icfp_payment_name\";s:10:\"%duration%\";s:19:\"icfp_payment_amount\";i:2;s:18:\"icfp_payment_email\";s:7:\"%email%\";}s:10:\"conditions\";a:2:{s:4:\"type\";s:3:\"use\";s:5:\"group\";a:2:{s:10:\"rw_mafmxrd\";a:1:{s:11:\"cl_kaonfbah\";a:3:{s:5:\"value\";s:10:\"opt1533135\";s:5:\"field\";s:11:\"fld_5161425\";s:7:\"compare\";s:2:\"is\";}}s:9:\"rw_sxhwnx\";a:1:{s:10:\"cl_rgpmdza\";a:3:{s:5:\"value\";s:10:\"opt1786217\";s:5:\"field\";s:11:\"fld_5161425\";s:7:\"compare\";s:2:\"is\";}}}}}}s:9:\"variables\";a:3:{s:4:\"keys\";a:1:{i:0;s:5:\"yufuj\";}s:6:\"values\";a:1:{i:0;s:9:\"%amount_%\";}s:5:\"types\";a:1:{i:0;s:9:\"entryitem\";}}s:8:\"settings\";a:1:{s:10:\"responsive\";a:1:{s:11:\"break_point\";s:2:\"sm\";}}s:18:\"conditional_groups\";a:1:{s:10:\"conditions\";a:0:{}}s:24:\"privacy_exporter_enabled\";b:1;s:7:\"version\";s:5:\"1.9.7\";}'),
(47,'CF666abcf543136','revision','a:23:{s:2:\"ID\";s:15:\"CF666abcf543136\";s:13:\"_last_updated\";s:31:\"Mon, 17 Jun 2024 13:38:06 +0000\";s:10:\"cf_version\";s:5:\"1.9.7\";s:4:\"name\";s:3:\"pay\";s:10:\"scroll_top\";i:0;s:7:\"success\";s:66:\"Form has been successfully submitted. Thank you.																		\";s:10:\"db_support\";i:1;s:6:\"pinned\";i:0;s:9:\"hide_form\";i:1;s:11:\"check_honey\";i:1;s:12:\"avatar_field\";s:0:\"\";s:9:\"form_ajax\";i:1;s:15:\"custom_callback\";s:0:\"\";s:11:\"layout_grid\";a:2:{s:6:\"fields\";a:7:{s:11:\"fld_6880219\";s:3:\"1:1\";s:11:\"fld_1736118\";s:3:\"1:1\";s:11:\"fld_5161425\";s:3:\"1:1\";s:11:\"fld_9543042\";s:3:\"1:1\";s:11:\"fld_6962552\";s:3:\"1:1\";s:11:\"fld_8997460\";s:3:\"2:1\";s:11:\"fld_1338703\";s:3:\"2:2\";}s:9:\"structure\";s:6:\"12|6:6\";}s:6:\"fields\";a:7:{s:11:\"fld_6880219\";a:7:{s:2:\"ID\";s:11:\"fld_6880219\";s:4:\"type\";s:4:\"text\";s:5:\"label\";s:15:\"Name of Student\";s:4:\"slug\";s:15:\"name_of_student\";s:10:\"conditions\";a:1:{s:4:\"type\";s:0:\"\";}s:7:\"caption\";s:0:\"\";s:6:\"config\";a:7:{s:12:\"custom_class\";s:0:\"\";s:11:\"placeholder\";s:0:\"\";s:7:\"default\";s:0:\"\";s:13:\"type_override\";s:4:\"text\";s:4:\"mask\";s:0:\"\";s:16:\"email_identifier\";i:0;s:22:\"personally_identifying\";i:0;}}s:11:\"fld_1736118\";a:7:{s:2:\"ID\";s:11:\"fld_1736118\";s:4:\"type\";s:8:\"dropdown\";s:5:\"label\";s:5:\"Class\";s:4:\"slug\";s:5:\"class\";s:10:\"conditions\";a:1:{s:4:\"type\";s:0:\"\";}s:7:\"caption\";s:0:\"\";s:6:\"config\";a:14:{s:12:\"custom_class\";s:0:\"\";s:11:\"placeholder\";s:0:\"\";s:14:\"default_option\";s:0:\"\";s:9:\"auto_type\";s:0:\"\";s:8:\"taxonomy\";s:8:\"category\";s:9:\"post_type\";s:4:\"post\";s:11:\"value_field\";s:4:\"name\";s:11:\"orderby_tax\";s:4:\"name\";s:12:\"orderby_post\";s:4:\"name\";s:5:\"order\";s:3:\"ASC\";s:7:\"default\";s:0:\"\";s:6:\"option\";a:6:{s:10:\"opt1862526\";a:3:{s:10:\"calc_value\";s:5:\"Pry 1\";s:5:\"value\";s:5:\"Pry 1\";s:5:\"label\";s:5:\"Pry 1\";}s:10:\"opt1880984\";a:3:{s:10:\"calc_value\";s:5:\"Pry 2\";s:5:\"value\";s:5:\"Pry 2\";s:5:\"label\";s:5:\"Pry 2\";}s:10:\"opt1859936\";a:3:{s:10:\"calc_value\";s:5:\"Pry 3\";s:5:\"value\";s:5:\"Pry 3\";s:5:\"label\";s:5:\"Pry 3\";}s:10:\"opt1600957\";a:3:{s:10:\"calc_value\";s:5:\"Pry 4\";s:5:\"value\";s:5:\"Pry 4\";s:5:\"label\";s:5:\"Pry 4\";}s:10:\"opt1697916\";a:3:{s:10:\"calc_value\";s:5:\"Pry 5\";s:5:\"value\";s:5:\"Pry 5\";s:5:\"label\";s:5:\"Pry 5\";}s:10:\"opt1344961\";a:3:{s:10:\"calc_value\";s:5:\"Pry 6\";s:5:\"value\";s:5:\"Pry 6\";s:5:\"label\";s:5:\"Pry 6\";}}s:16:\"email_identifier\";i:0;s:22:\"personally_identifying\";i:0;}}s:11:\"fld_5161425\";a:7:{s:2:\"ID\";s:11:\"fld_5161425\";s:4:\"type\";s:8:\"dropdown\";s:5:\"label\";s:8:\"Duration\";s:4:\"slug\";s:8:\"duration\";s:10:\"conditions\";a:1:{s:4:\"type\";s:0:\"\";}s:7:\"caption\";s:0:\"\";s:6:\"config\";a:15:{s:12:\"custom_class\";s:0:\"\";s:11:\"placeholder\";s:0:\"\";s:14:\"default_option\";s:0:\"\";s:9:\"auto_type\";s:0:\"\";s:8:\"taxonomy\";s:8:\"category\";s:9:\"post_type\";s:4:\"post\";s:11:\"value_field\";s:4:\"name\";s:11:\"orderby_tax\";s:4:\"name\";s:12:\"orderby_post\";s:4:\"name\";s:5:\"order\";s:3:\"ASC\";s:7:\"default\";s:0:\"\";s:11:\"show_values\";i:1;s:6:\"option\";a:2:{s:10:\"opt1533135\";a:3:{s:10:\"calc_value\";s:7:\"5000.00\";s:5:\"value\";s:7:\"5000.00\";s:5:\"label\";s:6:\"Yearly\";}s:10:\"opt1786217\";a:3:{s:10:\"calc_value\";s:7:\"2000.00\";s:5:\"value\";s:7:\"2000.00\";s:5:\"label\";s:6:\"Termly\";}}s:16:\"email_identifier\";i:0;s:22:\"personally_identifying\";i:1;}}s:11:\"fld_9543042\";a:8:{s:2:\"ID\";s:11:\"fld_9543042\";s:4:\"type\";s:5:\"email\";s:5:\"label\";s:13:\"Contact email\";s:4:\"slug\";s:13:\"contact_email\";s:10:\"conditions\";a:1:{s:4:\"type\";s:0:\"\";}s:8:\"required\";i:1;s:7:\"caption\";s:0:\"\";s:6:\"config\";a:5:{s:12:\"custom_class\";s:0:\"\";s:11:\"placeholder\";s:0:\"\";s:7:\"default\";s:0:\"\";s:16:\"email_identifier\";i:1;s:22:\"personally_identifying\";i:1;}}s:11:\"fld_6962552\";a:7:{s:2:\"ID\";s:11:\"fld_6962552\";s:4:\"type\";s:5:\"phone\";s:5:\"label\";s:13:\"Contact phone\";s:4:\"slug\";s:13:\"contact_phone\";s:10:\"conditions\";a:1:{s:4:\"type\";s:0:\"\";}s:7:\"caption\";s:0:\"\";s:6:\"config\";a:7:{s:12:\"custom_class\";s:0:\"\";s:11:\"placeholder\";s:0:\"\";s:7:\"default\";s:0:\"\";s:4:\"type\";s:5:\"local\";s:6:\"custom\";s:13:\"(999)999-9999\";s:16:\"email_identifier\";i:0;s:22:\"personally_identifying\";i:1;}}s:11:\"fld_8997460\";a:8:{s:2:\"ID\";s:11:\"fld_8997460\";s:4:\"type\";s:11:\"calculation\";s:5:\"label\";s:6:\"Amount\";s:4:\"slug\";s:7:\"amount_\";s:10:\"conditions\";a:1:{s:4:\"type\";s:0:\"\";}s:7:\"caption\";s:0:\"\";s:10:\"entry_list\";i:1;s:6:\"config\";a:13:{s:12:\"custom_class\";s:0:\"\";s:7:\"element\";s:2:\"h3\";s:7:\"classes\";s:10:\"total-line\";s:6:\"before\";s:6:\"Total:\";s:5:\"after\";s:0:\"\";s:5:\"fixed\";i:1;s:18:\"thousand_separator\";s:1:\",\";s:17:\"decimal_separator\";s:1:\".\";s:8:\"formular\";s:18:\" ( +fld_5161425 ) \";s:6:\"config\";a:1:{s:5:\"group\";a:1:{i:0;a:1:{s:5:\"lines\";a:2:{i:0;a:2:{s:8:\"operator\";s:1:\"+\";s:5:\"field\";s:0:\"\";}i:1;a:2:{s:8:\"operator\";s:1:\"+\";s:5:\"field\";s:11:\"fld_5161425\";}}}}}s:14:\"manual_formula\";s:0:\"\";s:16:\"email_identifier\";i:0;s:22:\"personally_identifying\";i:1;}}s:11:\"fld_1338703\";a:7:{s:2:\"ID\";s:11:\"fld_1338703\";s:4:\"type\";s:6:\"button\";s:5:\"label\";s:3:\"Pay\";s:4:\"slug\";s:3:\"pay\";s:10:\"conditions\";a:1:{s:4:\"type\";s:0:\"\";}s:7:\"caption\";s:0:\"\";s:6:\"config\";a:4:{s:12:\"custom_class\";s:0:\"\";s:4:\"type\";s:6:\"submit\";s:5:\"class\";s:15:\"btn btn-default\";s:6:\"target\";s:0:\"\";}}}s:13:\"auto_progress\";i:1;s:10:\"page_names\";a:1:{i:0;s:6:\"Page 1\";}s:6:\"mailer\";a:9:{s:9:\"on_insert\";i:1;s:11:\"sender_name\";s:26:\"Caldera Forms Notification\";s:12:\"sender_email\";s:16:\"admin@takadun.ng\";s:8:\"reply_to\";s:0:\"\";s:10:\"email_type\";s:4:\"html\";s:10:\"recipients\";s:0:\"\";s:6:\"bcc_to\";s:0:\"\";s:13:\"email_subject\";s:3:\"pay\";s:13:\"email_message\";s:9:\"{summary}\";}s:10:\"processors\";a:1:{s:11:\"fp_40249329\";a:5:{s:2:\"ID\";s:11:\"fp_40249329\";s:8:\"runtimes\";a:1:{s:6:\"insert\";i:1;}s:4:\"type\";s:23:\"cf_paystack_integration\";s:6:\"config\";a:7:{s:25:\"icfp_paystack_environment\";i:1;s:13:\"icfp_test_key\";s:0:\"\";s:13:\"icfp_live_key\";s:48:\"sk_live_286ea8563741cff0d8fea4a79b37f917aaf16924\";s:22:\"icfp_paystack_currency\";s:3:\"NGN\";s:17:\"icfp_payment_name\";s:10:\"%duration%\";s:19:\"icfp_payment_amount\";i:2;s:18:\"icfp_payment_email\";s:7:\"%email%\";}s:10:\"conditions\";a:2:{s:4:\"type\";s:3:\"use\";s:5:\"group\";a:2:{s:10:\"rw_mafmxrd\";a:1:{s:11:\"cl_kaonfbah\";a:3:{s:5:\"value\";s:10:\"opt1533135\";s:5:\"field\";s:11:\"fld_5161425\";s:7:\"compare\";s:2:\"is\";}}s:9:\"rw_sxhwnx\";a:1:{s:10:\"cl_rgpmdza\";a:3:{s:5:\"value\";s:10:\"opt1786217\";s:5:\"field\";s:11:\"fld_5161425\";s:7:\"compare\";s:2:\"is\";}}}}}}s:8:\"settings\";a:1:{s:10:\"responsive\";a:1:{s:11:\"break_point\";s:2:\"sm\";}}s:18:\"conditional_groups\";a:1:{s:10:\"conditions\";a:0:{}}s:24:\"privacy_exporter_enabled\";b:1;s:7:\"version\";s:5:\"1.9.7\";}'),
(48,'CF666abcf543136','revision','a:23:{s:2:\"ID\";s:15:\"CF666abcf543136\";s:13:\"_last_updated\";s:31:\"Mon, 17 Jun 2024 13:40:23 +0000\";s:10:\"cf_version\";s:5:\"1.9.7\";s:4:\"name\";s:3:\"pay\";s:10:\"scroll_top\";i:0;s:7:\"success\";s:66:\"Form has been successfully submitted. Thank you.																		\";s:10:\"db_support\";i:1;s:6:\"pinned\";i:0;s:9:\"hide_form\";i:1;s:11:\"check_honey\";i:1;s:12:\"avatar_field\";s:0:\"\";s:9:\"form_ajax\";i:1;s:15:\"custom_callback\";s:0:\"\";s:11:\"layout_grid\";a:2:{s:6:\"fields\";a:7:{s:11:\"fld_6880219\";s:3:\"1:1\";s:11:\"fld_1736118\";s:3:\"1:1\";s:11:\"fld_5161425\";s:3:\"1:1\";s:11:\"fld_9543042\";s:3:\"1:1\";s:11:\"fld_6962552\";s:3:\"1:1\";s:11:\"fld_8997460\";s:3:\"2:1\";s:11:\"fld_1338703\";s:3:\"2:2\";}s:9:\"structure\";s:6:\"12|6:6\";}s:6:\"fields\";a:7:{s:11:\"fld_6880219\";a:7:{s:2:\"ID\";s:11:\"fld_6880219\";s:4:\"type\";s:4:\"text\";s:5:\"label\";s:15:\"Name of Student\";s:4:\"slug\";s:15:\"name_of_student\";s:10:\"conditions\";a:1:{s:4:\"type\";s:0:\"\";}s:7:\"caption\";s:0:\"\";s:6:\"config\";a:7:{s:12:\"custom_class\";s:0:\"\";s:11:\"placeholder\";s:0:\"\";s:7:\"default\";s:0:\"\";s:13:\"type_override\";s:4:\"text\";s:4:\"mask\";s:0:\"\";s:16:\"email_identifier\";i:0;s:22:\"personally_identifying\";i:0;}}s:11:\"fld_1736118\";a:7:{s:2:\"ID\";s:11:\"fld_1736118\";s:4:\"type\";s:8:\"dropdown\";s:5:\"label\";s:5:\"Class\";s:4:\"slug\";s:5:\"class\";s:10:\"conditions\";a:1:{s:4:\"type\";s:0:\"\";}s:7:\"caption\";s:0:\"\";s:6:\"config\";a:14:{s:12:\"custom_class\";s:0:\"\";s:11:\"placeholder\";s:0:\"\";s:14:\"default_option\";s:0:\"\";s:9:\"auto_type\";s:0:\"\";s:8:\"taxonomy\";s:8:\"category\";s:9:\"post_type\";s:4:\"post\";s:11:\"value_field\";s:4:\"name\";s:11:\"orderby_tax\";s:4:\"name\";s:12:\"orderby_post\";s:4:\"name\";s:5:\"order\";s:3:\"ASC\";s:7:\"default\";s:0:\"\";s:6:\"option\";a:6:{s:10:\"opt1862526\";a:3:{s:10:\"calc_value\";s:5:\"Pry 1\";s:5:\"value\";s:5:\"Pry 1\";s:5:\"label\";s:5:\"Pry 1\";}s:10:\"opt1880984\";a:3:{s:10:\"calc_value\";s:5:\"Pry 2\";s:5:\"value\";s:5:\"Pry 2\";s:5:\"label\";s:5:\"Pry 2\";}s:10:\"opt1859936\";a:3:{s:10:\"calc_value\";s:5:\"Pry 3\";s:5:\"value\";s:5:\"Pry 3\";s:5:\"label\";s:5:\"Pry 3\";}s:10:\"opt1600957\";a:3:{s:10:\"calc_value\";s:5:\"Pry 4\";s:5:\"value\";s:5:\"Pry 4\";s:5:\"label\";s:5:\"Pry 4\";}s:10:\"opt1697916\";a:3:{s:10:\"calc_value\";s:5:\"Pry 5\";s:5:\"value\";s:5:\"Pry 5\";s:5:\"label\";s:5:\"Pry 5\";}s:10:\"opt1344961\";a:3:{s:10:\"calc_value\";s:5:\"Pry 6\";s:5:\"value\";s:5:\"Pry 6\";s:5:\"label\";s:5:\"Pry 6\";}}s:16:\"email_identifier\";i:0;s:22:\"personally_identifying\";i:0;}}s:11:\"fld_5161425\";a:7:{s:2:\"ID\";s:11:\"fld_5161425\";s:4:\"type\";s:8:\"dropdown\";s:5:\"label\";s:8:\"Duration\";s:4:\"slug\";s:8:\"duration\";s:10:\"conditions\";a:1:{s:4:\"type\";s:0:\"\";}s:7:\"caption\";s:0:\"\";s:6:\"config\";a:15:{s:12:\"custom_class\";s:0:\"\";s:11:\"placeholder\";s:0:\"\";s:14:\"default_option\";s:0:\"\";s:9:\"auto_type\";s:0:\"\";s:8:\"taxonomy\";s:8:\"category\";s:9:\"post_type\";s:4:\"post\";s:11:\"value_field\";s:4:\"name\";s:11:\"orderby_tax\";s:4:\"name\";s:12:\"orderby_post\";s:4:\"name\";s:5:\"order\";s:3:\"ASC\";s:7:\"default\";s:0:\"\";s:11:\"show_values\";i:1;s:6:\"option\";a:2:{s:10:\"opt1533135\";a:3:{s:10:\"calc_value\";s:7:\"5000.00\";s:5:\"value\";s:7:\"5000.00\";s:5:\"label\";s:6:\"Yearly\";}s:10:\"opt1786217\";a:3:{s:10:\"calc_value\";s:7:\"2000.00\";s:5:\"value\";s:7:\"2000.00\";s:5:\"label\";s:6:\"Termly\";}}s:16:\"email_identifier\";i:0;s:22:\"personally_identifying\";i:1;}}s:11:\"fld_9543042\";a:8:{s:2:\"ID\";s:11:\"fld_9543042\";s:4:\"type\";s:5:\"email\";s:5:\"label\";s:13:\"Contact email\";s:4:\"slug\";s:13:\"contact_email\";s:10:\"conditions\";a:1:{s:4:\"type\";s:0:\"\";}s:8:\"required\";i:1;s:7:\"caption\";s:0:\"\";s:6:\"config\";a:5:{s:12:\"custom_class\";s:0:\"\";s:11:\"placeholder\";s:0:\"\";s:7:\"default\";s:0:\"\";s:16:\"email_identifier\";i:1;s:22:\"personally_identifying\";i:1;}}s:11:\"fld_6962552\";a:7:{s:2:\"ID\";s:11:\"fld_6962552\";s:4:\"type\";s:5:\"phone\";s:5:\"label\";s:13:\"Contact phone\";s:4:\"slug\";s:13:\"contact_phone\";s:10:\"conditions\";a:1:{s:4:\"type\";s:0:\"\";}s:7:\"caption\";s:0:\"\";s:6:\"config\";a:7:{s:12:\"custom_class\";s:0:\"\";s:11:\"placeholder\";s:0:\"\";s:7:\"default\";s:0:\"\";s:4:\"type\";s:5:\"local\";s:6:\"custom\";s:13:\"(999)999-9999\";s:16:\"email_identifier\";i:0;s:22:\"personally_identifying\";i:1;}}s:11:\"fld_8997460\";a:8:{s:2:\"ID\";s:11:\"fld_8997460\";s:4:\"type\";s:11:\"calculation\";s:5:\"label\";s:6:\"Amount\";s:4:\"slug\";s:7:\"amount_\";s:10:\"conditions\";a:1:{s:4:\"type\";s:0:\"\";}s:7:\"caption\";s:0:\"\";s:10:\"entry_list\";i:1;s:6:\"config\";a:13:{s:12:\"custom_class\";s:0:\"\";s:7:\"element\";s:2:\"h3\";s:7:\"classes\";s:10:\"total-line\";s:6:\"before\";s:6:\"Total:\";s:5:\"after\";s:0:\"\";s:5:\"fixed\";i:1;s:18:\"thousand_separator\";s:1:\",\";s:17:\"decimal_separator\";s:1:\".\";s:8:\"formular\";s:18:\" ( +fld_5161425 ) \";s:6:\"config\";a:1:{s:5:\"group\";a:1:{i:0;a:1:{s:5:\"lines\";a:2:{i:0;a:2:{s:8:\"operator\";s:1:\"+\";s:5:\"field\";s:0:\"\";}i:1;a:2:{s:8:\"operator\";s:1:\"+\";s:5:\"field\";s:11:\"fld_5161425\";}}}}}s:14:\"manual_formula\";s:0:\"\";s:16:\"email_identifier\";i:0;s:22:\"personally_identifying\";i:1;}}s:11:\"fld_1338703\";a:7:{s:2:\"ID\";s:11:\"fld_1338703\";s:4:\"type\";s:6:\"button\";s:5:\"label\";s:3:\"Pay\";s:4:\"slug\";s:3:\"pay\";s:10:\"conditions\";a:1:{s:4:\"type\";s:0:\"\";}s:7:\"caption\";s:0:\"\";s:6:\"config\";a:4:{s:12:\"custom_class\";s:0:\"\";s:4:\"type\";s:6:\"submit\";s:5:\"class\";s:15:\"btn btn-default\";s:6:\"target\";s:0:\"\";}}}s:13:\"auto_progress\";i:1;s:10:\"page_names\";a:1:{i:0;s:6:\"Page 1\";}s:6:\"mailer\";a:9:{s:9:\"on_insert\";i:1;s:11:\"sender_name\";s:26:\"Caldera Forms Notification\";s:12:\"sender_email\";s:16:\"admin@takadun.ng\";s:8:\"reply_to\";s:0:\"\";s:10:\"email_type\";s:4:\"html\";s:10:\"recipients\";s:0:\"\";s:6:\"bcc_to\";s:0:\"\";s:13:\"email_subject\";s:3:\"pay\";s:13:\"email_message\";s:9:\"{summary}\";}s:10:\"processors\";a:1:{s:11:\"fp_40249329\";a:5:{s:2:\"ID\";s:11:\"fp_40249329\";s:8:\"runtimes\";a:1:{s:6:\"insert\";i:1;}s:4:\"type\";s:23:\"cf_paystack_integration\";s:6:\"config\";a:7:{s:25:\"icfp_paystack_environment\";i:1;s:13:\"icfp_test_key\";s:0:\"\";s:13:\"icfp_live_key\";s:48:\"sk_live_286ea8563741cff0d8fea4a79b37f917aaf16924\";s:22:\"icfp_paystack_currency\";s:3:\"NGN\";s:17:\"icfp_payment_name\";s:10:\"%duration%\";s:19:\"icfp_payment_amount\";i:2;s:18:\"icfp_payment_email\";s:7:\"%email%\";}s:10:\"conditions\";a:2:{s:4:\"type\";s:3:\"use\";s:5:\"group\";a:6:{s:10:\"rw_mafmxrd\";a:1:{s:11:\"cl_kaonfbah\";a:3:{s:5:\"value\";s:10:\"opt1862526\";s:5:\"field\";s:11:\"fld_1736118\";s:7:\"compare\";s:2:\"is\";}}s:9:\"rw_sxhwnx\";a:1:{s:10:\"cl_rgpmdza\";a:3:{s:5:\"value\";s:10:\"opt1880984\";s:5:\"field\";s:11:\"fld_1736118\";s:7:\"compare\";s:2:\"is\";}}s:10:\"rw_agbdrmf\";a:1:{s:9:\"cl_gbkyyh\";a:3:{s:5:\"value\";s:10:\"opt1859936\";s:5:\"field\";s:11:\"fld_1736118\";s:7:\"compare\";s:2:\"is\";}}s:13:\"rw_ptumatrmgk\";a:1:{s:9:\"cl_pweaey\";a:3:{s:5:\"value\";s:10:\"opt1600957\";s:5:\"field\";s:11:\"fld_1736118\";s:7:\"compare\";s:2:\"is\";}}s:12:\"rw_qudzelnpi\";a:1:{s:9:\"cl_putfvf\";a:3:{s:5:\"value\";s:10:\"opt1697916\";s:5:\"field\";s:11:\"fld_1736118\";s:7:\"compare\";s:2:\"is\";}}s:9:\"rw_osdqom\";a:1:{s:11:\"cl_rzorjavc\";a:3:{s:5:\"value\";s:10:\"opt1344961\";s:5:\"field\";s:11:\"fld_1736118\";s:7:\"compare\";s:2:\"is\";}}}}}}s:8:\"settings\";a:1:{s:10:\"responsive\";a:1:{s:11:\"break_point\";s:2:\"sm\";}}s:18:\"conditional_groups\";a:1:{s:10:\"conditions\";a:0:{}}s:24:\"privacy_exporter_enabled\";b:1;s:7:\"version\";s:5:\"1.9.7\";}'),
(49,'CF666abcf543136','primary','a:23:{s:2:\"ID\";s:15:\"CF666abcf543136\";s:13:\"_last_updated\";s:31:\"Mon, 17 Jun 2024 13:52:45 +0000\";s:10:\"cf_version\";s:5:\"1.9.7\";s:4:\"name\";s:3:\"pay\";s:10:\"scroll_top\";i:0;s:7:\"success\";s:66:\"Form has been successfully submitted. Thank you.																		\";s:10:\"db_support\";i:1;s:6:\"pinned\";i:0;s:9:\"hide_form\";i:1;s:11:\"check_honey\";i:1;s:12:\"avatar_field\";s:0:\"\";s:9:\"form_ajax\";i:1;s:15:\"custom_callback\";s:0:\"\";s:11:\"layout_grid\";a:2:{s:6:\"fields\";a:7:{s:11:\"fld_6880219\";s:3:\"1:1\";s:11:\"fld_1736118\";s:3:\"1:1\";s:11:\"fld_5161425\";s:3:\"1:1\";s:11:\"fld_9543042\";s:3:\"1:1\";s:11:\"fld_6962552\";s:3:\"1:1\";s:11:\"fld_8997460\";s:3:\"2:1\";s:11:\"fld_1338703\";s:3:\"2:2\";}s:9:\"structure\";s:6:\"12|6:6\";}s:6:\"fields\";a:7:{s:11:\"fld_6880219\";a:7:{s:2:\"ID\";s:11:\"fld_6880219\";s:4:\"type\";s:4:\"text\";s:5:\"label\";s:15:\"Name of Student\";s:4:\"slug\";s:15:\"name_of_student\";s:10:\"conditions\";a:1:{s:4:\"type\";s:0:\"\";}s:7:\"caption\";s:0:\"\";s:6:\"config\";a:7:{s:12:\"custom_class\";s:0:\"\";s:11:\"placeholder\";s:0:\"\";s:7:\"default\";s:0:\"\";s:13:\"type_override\";s:4:\"text\";s:4:\"mask\";s:0:\"\";s:16:\"email_identifier\";i:0;s:22:\"personally_identifying\";i:0;}}s:11:\"fld_1736118\";a:7:{s:2:\"ID\";s:11:\"fld_1736118\";s:4:\"type\";s:8:\"dropdown\";s:5:\"label\";s:5:\"Class\";s:4:\"slug\";s:5:\"class\";s:10:\"conditions\";a:1:{s:4:\"type\";s:0:\"\";}s:7:\"caption\";s:0:\"\";s:6:\"config\";a:14:{s:12:\"custom_class\";s:0:\"\";s:11:\"placeholder\";s:0:\"\";s:14:\"default_option\";s:0:\"\";s:9:\"auto_type\";s:0:\"\";s:8:\"taxonomy\";s:8:\"category\";s:9:\"post_type\";s:4:\"post\";s:11:\"value_field\";s:4:\"name\";s:11:\"orderby_tax\";s:4:\"name\";s:12:\"orderby_post\";s:4:\"name\";s:5:\"order\";s:3:\"ASC\";s:7:\"default\";s:0:\"\";s:6:\"option\";a:6:{s:10:\"opt1862526\";a:3:{s:10:\"calc_value\";s:5:\"Pry 1\";s:5:\"value\";s:5:\"Pry 1\";s:5:\"label\";s:5:\"Pry 1\";}s:10:\"opt1880984\";a:3:{s:10:\"calc_value\";s:5:\"Pry 2\";s:5:\"value\";s:5:\"Pry 2\";s:5:\"label\";s:5:\"Pry 2\";}s:10:\"opt1859936\";a:3:{s:10:\"calc_value\";s:5:\"Pry 3\";s:5:\"value\";s:5:\"Pry 3\";s:5:\"label\";s:5:\"Pry 3\";}s:10:\"opt1600957\";a:3:{s:10:\"calc_value\";s:5:\"Pry 4\";s:5:\"value\";s:5:\"Pry 4\";s:5:\"label\";s:5:\"Pry 4\";}s:10:\"opt1697916\";a:3:{s:10:\"calc_value\";s:5:\"Pry 5\";s:5:\"value\";s:5:\"Pry 5\";s:5:\"label\";s:5:\"Pry 5\";}s:10:\"opt1344961\";a:3:{s:10:\"calc_value\";s:5:\"Pry 6\";s:5:\"value\";s:5:\"Pry 6\";s:5:\"label\";s:5:\"Pry 6\";}}s:16:\"email_identifier\";i:0;s:22:\"personally_identifying\";i:0;}}s:11:\"fld_5161425\";a:7:{s:2:\"ID\";s:11:\"fld_5161425\";s:4:\"type\";s:8:\"dropdown\";s:5:\"label\";s:8:\"Duration\";s:4:\"slug\";s:8:\"duration\";s:10:\"conditions\";a:1:{s:4:\"type\";s:0:\"\";}s:7:\"caption\";s:0:\"\";s:6:\"config\";a:15:{s:12:\"custom_class\";s:0:\"\";s:11:\"placeholder\";s:0:\"\";s:14:\"default_option\";s:0:\"\";s:9:\"auto_type\";s:0:\"\";s:8:\"taxonomy\";s:8:\"category\";s:9:\"post_type\";s:4:\"post\";s:11:\"value_field\";s:4:\"name\";s:11:\"orderby_tax\";s:4:\"name\";s:12:\"orderby_post\";s:4:\"name\";s:5:\"order\";s:3:\"ASC\";s:7:\"default\";s:0:\"\";s:11:\"show_values\";i:1;s:6:\"option\";a:2:{s:10:\"opt1533135\";a:3:{s:10:\"calc_value\";s:7:\"5000.00\";s:5:\"value\";s:7:\"5000.00\";s:5:\"label\";s:6:\"Yearly\";}s:10:\"opt1786217\";a:3:{s:10:\"calc_value\";s:7:\"2000.00\";s:5:\"value\";s:7:\"2000.00\";s:5:\"label\";s:6:\"Termly\";}}s:16:\"email_identifier\";i:0;s:22:\"personally_identifying\";i:1;}}s:11:\"fld_9543042\";a:8:{s:2:\"ID\";s:11:\"fld_9543042\";s:4:\"type\";s:5:\"email\";s:5:\"label\";s:13:\"Contact email\";s:4:\"slug\";s:13:\"contact_email\";s:10:\"conditions\";a:1:{s:4:\"type\";s:0:\"\";}s:8:\"required\";i:1;s:7:\"caption\";s:0:\"\";s:6:\"config\";a:5:{s:12:\"custom_class\";s:0:\"\";s:11:\"placeholder\";s:0:\"\";s:7:\"default\";s:0:\"\";s:16:\"email_identifier\";i:1;s:22:\"personally_identifying\";i:1;}}s:11:\"fld_6962552\";a:7:{s:2:\"ID\";s:11:\"fld_6962552\";s:4:\"type\";s:5:\"phone\";s:5:\"label\";s:13:\"Contact phone\";s:4:\"slug\";s:13:\"contact_phone\";s:10:\"conditions\";a:1:{s:4:\"type\";s:0:\"\";}s:7:\"caption\";s:0:\"\";s:6:\"config\";a:7:{s:12:\"custom_class\";s:0:\"\";s:11:\"placeholder\";s:0:\"\";s:7:\"default\";s:0:\"\";s:4:\"type\";s:5:\"local\";s:6:\"custom\";s:13:\"(999)999-9999\";s:16:\"email_identifier\";i:0;s:22:\"personally_identifying\";i:1;}}s:11:\"fld_8997460\";a:8:{s:2:\"ID\";s:11:\"fld_8997460\";s:4:\"type\";s:11:\"calculation\";s:5:\"label\";s:6:\"Amount\";s:4:\"slug\";s:7:\"amount_\";s:10:\"conditions\";a:1:{s:4:\"type\";s:0:\"\";}s:7:\"caption\";s:0:\"\";s:10:\"entry_list\";i:1;s:6:\"config\";a:13:{s:12:\"custom_class\";s:0:\"\";s:7:\"element\";s:2:\"h3\";s:7:\"classes\";s:10:\"total-line\";s:6:\"before\";s:6:\"Total:\";s:5:\"after\";s:0:\"\";s:5:\"fixed\";i:1;s:18:\"thousand_separator\";s:1:\",\";s:17:\"decimal_separator\";s:1:\".\";s:8:\"formular\";s:18:\" ( +fld_5161425 ) \";s:6:\"config\";a:1:{s:5:\"group\";a:1:{i:0;a:1:{s:5:\"lines\";a:2:{i:0;a:2:{s:8:\"operator\";s:1:\"+\";s:5:\"field\";s:0:\"\";}i:1;a:2:{s:8:\"operator\";s:1:\"+\";s:5:\"field\";s:11:\"fld_5161425\";}}}}}s:14:\"manual_formula\";s:0:\"\";s:16:\"email_identifier\";i:0;s:22:\"personally_identifying\";i:1;}}s:11:\"fld_1338703\";a:7:{s:2:\"ID\";s:11:\"fld_1338703\";s:4:\"type\";s:6:\"button\";s:5:\"label\";s:3:\"Pay\";s:4:\"slug\";s:3:\"pay\";s:10:\"conditions\";a:1:{s:4:\"type\";s:0:\"\";}s:7:\"caption\";s:0:\"\";s:6:\"config\";a:4:{s:12:\"custom_class\";s:0:\"\";s:4:\"type\";s:6:\"submit\";s:5:\"class\";s:15:\"btn btn-default\";s:6:\"target\";s:0:\"\";}}}s:13:\"auto_progress\";i:1;s:10:\"page_names\";a:1:{i:0;s:6:\"Page 1\";}s:6:\"mailer\";a:9:{s:9:\"on_insert\";i:1;s:11:\"sender_name\";s:26:\"Caldera Forms Notification\";s:12:\"sender_email\";s:16:\"admin@takadun.ng\";s:8:\"reply_to\";s:0:\"\";s:10:\"email_type\";s:4:\"html\";s:10:\"recipients\";s:0:\"\";s:6:\"bcc_to\";s:0:\"\";s:13:\"email_subject\";s:3:\"pay\";s:13:\"email_message\";s:9:\"{summary}\";}s:10:\"processors\";a:1:{s:11:\"fp_40249329\";a:5:{s:2:\"ID\";s:11:\"fp_40249329\";s:8:\"runtimes\";a:1:{s:6:\"insert\";i:1;}s:4:\"type\";s:23:\"cf_paystack_integration\";s:6:\"config\";a:7:{s:25:\"icfp_paystack_environment\";i:1;s:13:\"icfp_test_key\";s:0:\"\";s:13:\"icfp_live_key\";s:48:\"sk_live_286ea8563741cff0d8fea4a79b37f917aaf16924\";s:22:\"icfp_paystack_currency\";s:3:\"NGN\";s:17:\"icfp_payment_name\";s:10:\"%duration%\";s:19:\"icfp_payment_amount\";i:2;s:18:\"icfp_payment_email\";s:7:\"%email%\";}s:10:\"conditions\";a:2:{s:4:\"type\";s:3:\"use\";s:5:\"group\";a:7:{s:10:\"rw_mafmxrd\";a:1:{s:11:\"cl_kaonfbah\";a:3:{s:5:\"value\";s:10:\"opt1862526\";s:5:\"field\";s:11:\"fld_1736118\";s:7:\"compare\";s:2:\"is\";}}s:9:\"rw_sxhwnx\";a:1:{s:10:\"cl_rgpmdza\";a:3:{s:5:\"value\";s:10:\"opt1880984\";s:5:\"field\";s:11:\"fld_1736118\";s:7:\"compare\";s:2:\"is\";}}s:10:\"rw_agbdrmf\";a:1:{s:9:\"cl_gbkyyh\";a:3:{s:5:\"value\";s:10:\"opt1859936\";s:5:\"field\";s:11:\"fld_1736118\";s:7:\"compare\";s:2:\"is\";}}s:13:\"rw_ptumatrmgk\";a:1:{s:9:\"cl_pweaey\";a:3:{s:5:\"value\";s:10:\"opt1600957\";s:5:\"field\";s:11:\"fld_1736118\";s:7:\"compare\";s:2:\"is\";}}s:12:\"rw_qudzelnpi\";a:1:{s:9:\"cl_putfvf\";a:3:{s:5:\"value\";s:10:\"opt1697916\";s:5:\"field\";s:11:\"fld_1736118\";s:7:\"compare\";s:2:\"is\";}}s:9:\"rw_osdqom\";a:1:{s:11:\"cl_rzorjavc\";a:3:{s:5:\"value\";s:10:\"opt1344961\";s:5:\"field\";s:11:\"fld_1736118\";s:7:\"compare\";s:2:\"is\";}}s:12:\"rw_zeeefpgck\";a:1:{s:10:\"cl_zripvfg\";a:3:{s:5:\"value\";s:7:\"{get:*}\";s:5:\"field\";s:11:\"fld_1338703\";s:7:\"compare\";s:2:\"is\";}}}}}}s:8:\"settings\";a:1:{s:10:\"responsive\";a:1:{s:11:\"break_point\";s:2:\"sm\";}}s:18:\"conditional_groups\";a:1:{s:10:\"conditions\";a:0:{}}s:24:\"privacy_exporter_enabled\";b:1;s:7:\"version\";s:5:\"1.9.7\";}');

--
